{"id":43,"date":"2017-12-17T10:06:43","date_gmt":"2017-12-17T09:06:43","guid":{"rendered":"http:\/\/multimedium.eu\/about\/"},"modified":"2021-05-24T13:26:24","modified_gmt":"2021-05-24T11:26:24","slug":"about","status":"publish","type":"page","link":"https:\/\/www.multimedium.eu\/?page_id=43","title":{"rendered":"\u00dcBER MICH"},"content":{"rendered":"\t\t<div data-elementor-type=\"wp-post\" data-elementor-id=\"43\" class=\"elementor elementor-43\">\n\t\t\t\t\t\t<section class=\"elementor-section elementor-top-section elementor-element elementor-element-8c39fce elementor-section-content-middle elementor-section-boxed elementor-section-height-default elementor-section-height-default\" data-id=\"8c39fce\" data-element_type=\"section\" data-e-type=\"section\" data-settings=\"{&quot;background_background&quot;:&quot;classic&quot;}\">\n\t\t\t\t\t\t\t<div class=\"elementor-background-overlay\"><\/div>\n\t\t\t\t\t\t\t<div class=\"elementor-container elementor-column-gap-no\">\n\t\t\t\t\t<div class=\"elementor-column elementor-col-100 elementor-top-column elementor-element elementor-element-b1952b1\" data-id=\"b1952b1\" data-element_type=\"column\" data-e-type=\"column\">\n\t\t\t<div class=\"elementor-widget-wrap elementor-element-populated\">\n\t\t\t\t\t\t<div class=\"elementor-element elementor-element-03b93f0 elementor-widget elementor-widget-heading\" data-id=\"03b93f0\" data-element_type=\"widget\" data-e-type=\"widget\" data-widget_type=\"heading.default\">\n\t\t\t\t<div class=\"elementor-widget-container\">\n\t\t\t\t\t<h1 class=\"elementor-heading-title elementor-size-default\">\u00dcber mich<\/h1>\t\t\t\t<\/div>\n\t\t\t\t<\/div>\n\t\t\t\t\t<\/div>\n\t\t<\/div>\n\t\t\t\t\t<\/div>\n\t\t<\/section>\n\t\t\t\t<section class=\"elementor-section elementor-top-section elementor-element elementor-element-d28c655 elementor-section-full_width elementor-section-height-default elementor-section-height-default\" data-id=\"d28c655\" data-element_type=\"section\" data-e-type=\"section\">\n\t\t\t\t\t\t<div class=\"elementor-container elementor-column-gap-default\">\n\t\t\t\t\t<div class=\"elementor-column elementor-col-100 elementor-top-column elementor-element elementor-element-997bde8\" data-id=\"997bde8\" data-element_type=\"column\" data-e-type=\"column\" data-settings=\"{&quot;background_background&quot;:&quot;classic&quot;}\">\n\t\t\t<div class=\"elementor-widget-wrap elementor-element-populated\">\n\t\t\t\t\t\t<section class=\"elementor-section elementor-inner-section elementor-element elementor-element-83b3443 elementor-section-full_width elementor-section-content-middle elementor-section-height-default elementor-section-height-default\" data-id=\"83b3443\" data-element_type=\"section\" data-e-type=\"section\">\n\t\t\t\t\t\t<div class=\"elementor-container elementor-column-gap-no\">\n\t\t\t\t\t<div class=\"elementor-column elementor-col-50 elementor-inner-column elementor-element elementor-element-fe6e6ed\" data-id=\"fe6e6ed\" data-element_type=\"column\" data-e-type=\"column\" data-settings=\"{&quot;background_background&quot;:&quot;classic&quot;}\">\n\t\t\t<div class=\"elementor-widget-wrap elementor-element-populated\">\n\t\t\t\t\t\t<div class=\"elementor-element elementor-element-2a5a40c elementor-widget-divider--view-line elementor-widget elementor-widget-divider\" data-id=\"2a5a40c\" data-element_type=\"widget\" data-e-type=\"widget\" data-widget_type=\"divider.default\">\n\t\t\t\t<div class=\"elementor-widget-container\">\n\t\t\t\t\t\t\t<div class=\"elementor-divider\">\n\t\t\t<span class=\"elementor-divider-separator\">\n\t\t\t\t\t\t<\/span>\n\t\t<\/div>\n\t\t\t\t\t\t<\/div>\n\t\t\t\t<\/div>\n\t\t\t\t<div class=\"elementor-element elementor-element-ccb1e63 elementor-widget elementor-widget-heading\" data-id=\"ccb1e63\" data-element_type=\"widget\" data-e-type=\"widget\" data-widget_type=\"heading.default\">\n\t\t\t\t<div class=\"elementor-widget-container\">\n\t\t\t\t\t<h3 class=\"elementor-heading-title elementor-size-default\">Gisela Geser - <br>Im Stil von Aubrey Beardsley<\/h3>\t\t\t\t<\/div>\n\t\t\t\t<\/div>\n\t\t\t\t<div class=\"elementor-element elementor-element-653f0c9 elementor-widget elementor-widget-text-editor\" data-id=\"653f0c9\" data-element_type=\"widget\" data-e-type=\"widget\" data-widget_type=\"text-editor.default\">\n\t\t\t\t<div class=\"elementor-widget-container\">\n\t\t\t\t\t\t\t\t\t<p><span style=\"color: #000000;\">Die Liebe zur Kunst, und allem Sch\u00f6nen, spannt oft den Zauberbogen zu den Sch\u00e4tzen im Verborgenen. Mut ist der Pfeil, um zu sich den Bogen zu betrachten, mit dem man sich in die \u00d6ffentlichkeit bringt.<\/span><br \/><span style=\"color: #000000;\">Ich wurde in Goslar, im sch\u00f6nen Harz, geboren, eine mittelalterliche, sehr sch\u00f6ne Stadt, die auch zu Regensburg, wo ich heute mit meinem Mann lebe, viel \u00c4hnlichkeit mitbringt. Meine Kinder- und Jugendzeit verbrachte ich in Leverkusen. Kunst war f\u00fcr mich schon immer ein Empfinden, in allem Sch\u00f6nen das Sch\u00f6pferische zu sehen. Obwohl ich keine k\u00fcnstlerische Ausbildung habe, auch keine graphische, war mein Interesse aber stets dazu hingeneigt. Fr\u00fch war ich auf der Suche nach dem Sinn des Lebens, mich interessiert besonders das Thema der Reinkarnation.<\/span><br \/><span style=\"color: #000000;\">Ich machte mein Hobby und auch meine Sammelleidenschaft zum Beruf und verkaufte in meinem Gesch\u00e4ft Antikes, gemischt mit wertvollen Handarbeiten und anderen Kleinoden.<\/span><br \/><span style=\"color: #000000;\">Die Liebe zur Philosophie, besonders zur fern\u00f6stlichen, lie\u00df mich den Weg der Makrobiotik folgen und so gut es geht zu leben.<\/span><br \/><span style=\"color: #000000;\">Yin und Yang sind f\u00fcr mich zwei Antagonisten mit denen ich mich geistig in allen Lebenslagen auseinandersetze, und so ist &#8222;big front, big back&#8220; in Allem gegenw\u00e4rtig.<\/span><br \/><span style=\"color: #000000;\">Die Liebe zur Kunst schenkt mir zur Selbstbetrachtung den Weg nach innen, und so suchend nach mir selbst, fand ich 1990 zu dem intuitiven Schreiben, um in inspirierenden Gedanken dem Impuls zu folgen, mir doch Tusche und Feder zu besorgen, um zu zeichnen. Der Name des K\u00fcnstlers, den ich intuitiv durch das Schreiben vernahm, war Aubrey Beardsley.<\/span><br \/><span style=\"color: #000000;\">In meiner Jugendzeit versuchte ich mich mit dem Bleistift im Kopfzeichnen, lie\u00df dies aber wieder fallen. Die Liebe zu den K\u00f6pfen blieb, und geh\u00f6ren immer noch zu einem gern gezeichneten Thema.<\/span><br \/><span style=\"color: #000000;\">Hierin fanden sich in dieser Anbindung, die ersten Bilder zu Aubrey Beardsley&#8217;s Stil. Ich lernte mit der Feder umzugehen, dies war f\u00fcr mich ein v\u00f6llig neues Feld in Tusche zu arbeiten und im Einf\u00fchlen begab ich mich auf den Weg in dem Stil zu arbeiten, wo ich heute bin.<\/span><br \/><span style=\"color: #000000;\">Durch das Intuitive Schreiben kam ich etwas sp\u00e4ter zu meinen Gedichten, die in einem Zustand der inneren Einkehr und Betrachtung zuflie\u00dfen.<\/span><br \/><span style=\"color: #000000;\">Es wird Zeit, nach au\u00dfen zu gehen, und es dr\u00e4ngt mich schon seit einigen Jahren, die durch die Energie-Arbeit in Verbindung mit Aubrey Beardsley entstandenen Arbeiten zu zeigen.<\/span><\/p><p><span style=\"color: #000000;\">Mit vielen Gr\u00fc\u00dfen<\/span><\/p><p><span style=\"color: #000000;\">Gisela Geser<\/span><\/p><p><span style=\"color: #008080;\">All pictures are protected by copyright \u00a9bildkunst.<\/span><br \/><span style=\"color: #008080;\">All Rights Reserved by Gisela Geser.<\/span><\/p><p><span style=\"color: #008080;\">The love of art, and all that is beautiful, often spans the magic bow to the hidden treasures .<\/span><br \/><span style=\"color: #008080;\">Courage is the arrow, to view the bow to oneself, with the help of which you bring yourself into the public.<\/span><br \/><span style=\"color: #008080;\">I was in Goslar, in the Harz, born, medieval, very beautiful city, also to Regensburg, where I now live with my husband, a lot of similarity brings.<\/span><br \/><span style=\"color: #008080;\">I spent my childhood and adolescence in Leverkusen.<\/span><br \/><span style=\"color: #008080;\">Art for me was always a sensation to see the creativity in all beautyful things.<\/span><br \/><span style=\"color: #008080;\">Although I have neither artistic education, nor graphic education, my interest was always inclined towards it.<\/span><br \/><span style=\"color: #008080;\">I was looking for the meaning of life very early, I am particularly interested the topic of reincarnation.<\/span><br \/><span style=\"color: #008080;\">I made my hobby and my passion for collecting things to my profession and sold in my shop antiques, mixed with precious handicrafts and other treasures.<\/span><br \/><span style=\"color: #008080;\">The love of philosophy, particularly to the Far Eastern, let me follow the path of macrobiotics and to live it as best I can.<\/span><br \/><span style=\"color: #008080;\">Yin and Yang are for me two antagonists, I spiritually deal with in all aspects of life and so &#8222;big front, big back&#8220; is present in all .<\/span><br \/><span style=\"color: #008080;\">The love of art gives me to the introspection the way inside, and so looking for myself, I 1990 found to the intuitive writing, to follow the impulse in inspiring thoughts, to get ink and pen to draw.<\/span><br \/><span style=\"color: #008080;\">The name of the artist, which I intuitively heard by writing, was Aubrey Beardsley .<\/span><br \/><span style=\"color: #008080;\">In my young days, I tried drawing heads with the pencil, but I again dropped it .<\/span><br \/><span style=\"color: #008080;\">The love for the heads remained, and still belong to my favourite drawing subjects.<\/span><br \/><span style=\"color: #008080;\">Herein, in this connection, the first images of Aubrey Beardsley&#8217;s style were found .<\/span><br \/><span style=\"color: #008080;\">I learned to deal with the nib, this was a completely new field for me to work in ink and in empathy I went on the way to work in the style where I am today.<\/span><br \/><span style=\"color: #008080;\">Through the intuitive writing, a little later, I came to my poems that accrue in a state of inner contemplation and meditation.<\/span><br \/><span style=\"color: #008080;\">It is time to go public, and it already push me for some years, to show the works generated by the energy work in connection with Aubrey Beardsley.<\/span><\/p><p><span style=\"color: #008080;\">Best regards<\/span><br \/><span style=\"color: #008080;\">Gisela Geser<\/span><\/p><p><span style=\"color: #008080;\">All pictures are protected by copyright \u00a9bildkunst.<\/span><br \/><span style=\"color: #008080;\">All Rights Reserved by Gisela Geser.<\/span><\/p>\t\t\t\t\t\t\t\t<\/div>\n\t\t\t\t<\/div>\n\t\t\t\t\t<\/div>\n\t\t<\/div>\n\t\t\t\t<div class=\"elementor-column elementor-col-50 elementor-inner-column elementor-element elementor-element-7b5ea60\" data-id=\"7b5ea60\" data-element_type=\"column\" data-e-type=\"column\" data-settings=\"{&quot;background_background&quot;:&quot;classic&quot;}\">\n\t\t\t<div class=\"elementor-widget-wrap\">\n\t\t\t\t\t<div class=\"elementor-background-overlay\"><\/div>\n\t\t\t\t\t\t\t<\/div>\n\t\t<\/div>\n\t\t\t\t\t<\/div>\n\t\t<\/section>\n\t\t\t\t\t<\/div>\n\t\t<\/div>\n\t\t\t\t\t<\/div>\n\t\t<\/section>\n\t\t\t\t<\/div>\n\t\t","protected":false},"excerpt":{"rendered":"<p>\u00dcber mich Gisela Geser &#8211; Im Stil von Aubrey Beardsley Die Liebe zur Kunst, und allem Sch\u00f6nen, spannt oft den Zauberbogen zu den Sch\u00e4tzen im Verborgenen. Mut ist der Pfeil, um zu sich den Bogen zu betrachten, mit dem man sich in die \u00d6ffentlichkeit bringt. Ich wurde in Goslar, im sch\u00f6nen Harz, geboren, eine mittelalterliche, [&hellip;]<\/p>\n","protected":false},"author":1,"featured_media":0,"parent":71370,"menu_order":1,"comment_status":"closed","ping_status":"closed","template":"","meta":{"site-sidebar-layout":"no-sidebar","site-content-layout":"page-builder","ast-site-content-layout":"","site-content-style":"default","site-sidebar-style":"default","ast-global-header-display":"","ast-banner-title-visibility":"","ast-main-header-display":"","ast-hfb-above-header-display":"","ast-hfb-below-header-display":"","ast-hfb-mobile-header-display":"","site-post-title":"disabled","ast-breadcrumbs-content":"","ast-featured-img":"disabled","footer-sml-layout":"","theme-transparent-header-meta":"enabled","adv-header-id-meta":"","stick-header-meta":"","header-above-stick-meta":"","header-main-stick-meta":"","header-below-stick-meta":"","astra-migrate-meta-layouts":"default","ast-page-background-enabled":"default","ast-page-background-meta":{"desktop":{"background-color":"","background-image":"","background-repeat":"repeat","background-position":"center center","background-size":"auto","background-attachment":"scroll","background-type":"","background-media":"","overlay-type":"","overlay-color":"","overlay-opacity":"","overlay-gradient":""},"tablet":{"background-color":"","background-image":"","background-repeat":"repeat","background-position":"center center","background-size":"auto","background-attachment":"scroll","background-type":"","background-media":"","overlay-type":"","overlay-color":"","overlay-opacity":"","overlay-gradient":""},"mobile":{"background-color":"","background-image":"","background-repeat":"repeat","background-position":"center center","background-size":"auto","background-attachment":"scroll","background-type":"","background-media":"","overlay-type":"","overlay-color":"","overlay-opacity":"","overlay-gradient":""}},"ast-content-background-meta":{"desktop":{"background-color":"var(--ast-global-color-5)","background-image":"","background-repeat":"repeat","background-position":"center center","background-size":"auto","background-attachment":"scroll","background-type":"","background-media":"","overlay-type":"","overlay-color":"","overlay-opacity":"","overlay-gradient":""},"tablet":{"background-color":"var(--ast-global-color-5)","background-image":"","background-repeat":"repeat","background-position":"center center","background-size":"auto","background-attachment":"scroll","background-type":"","background-media":"","overlay-type":"","overlay-color":"","overlay-opacity":"","overlay-gradient":""},"mobile":{"background-color":"var(--ast-global-color-5)","background-image":"","background-repeat":"repeat","background-position":"center center","background-size":"auto","background-attachment":"scroll","background-type":"","background-media":"","overlay-type":"","overlay-color":"","overlay-opacity":"","overlay-gradient":""}},"footnotes":""},"class_list":["post-43","page","type-page","status-publish","hentry"],"_links":{"self":[{"href":"https:\/\/www.multimedium.eu\/index.php?rest_route=\/wp\/v2\/pages\/43","targetHints":{"allow":["GET"]}}],"collection":[{"href":"https:\/\/www.multimedium.eu\/index.php?rest_route=\/wp\/v2\/pages"}],"about":[{"href":"https:\/\/www.multimedium.eu\/index.php?rest_route=\/wp\/v2\/types\/page"}],"author":[{"embeddable":true,"href":"https:\/\/www.multimedium.eu\/index.php?rest_route=\/wp\/v2\/users\/1"}],"replies":[{"embeddable":true,"href":"https:\/\/www.multimedium.eu\/index.php?rest_route=%2Fwp%2Fv2%2Fcomments&post=43"}],"version-history":[{"count":23,"href":"https:\/\/www.multimedium.eu\/index.php?rest_route=\/wp\/v2\/pages\/43\/revisions"}],"predecessor-version":[{"id":81721,"href":"https:\/\/www.multimedium.eu\/index.php?rest_route=\/wp\/v2\/pages\/43\/revisions\/81721"}],"up":[{"embeddable":true,"href":"https:\/\/www.multimedium.eu\/index.php?rest_route=\/wp\/v2\/pages\/71370"}],"wp:attachment":[{"href":"https:\/\/www.multimedium.eu\/index.php?rest_route=%2Fwp%2Fv2%2Fmedia&parent=43"}],"curies":[{"name":"wp","href":"https:\/\/api.w.org\/{rel}","templated":true}]}}