{"id":71983,"date":"2020-05-26T20:50:22","date_gmt":"2020-05-26T18:50:22","guid":{"rendered":"http:\/\/multimedium.eu\/?post_type=product&#038;p=71983"},"modified":"2025-03-13T09:28:17","modified_gmt":"2025-03-13T08:28:17","slug":"lapponia-finnland-bjoern-weckstroem-brosche","status":"publish","type":"product","link":"https:\/\/www.multimedium.eu\/?product=lapponia-finnland-bjoern-weckstroem-brosche","title":{"rendered":"Bj\u00f6rn Weckstr\u00f6m Lapponia Silber Brosche signiert Design finland silver brooch"},"content":{"rendered":"<p><strong>Beautiful decorative Bjorn Weckstrom Lapponia<br \/>\nsilver Designer brooch dated 1973<\/strong><br \/>\n<strong>marked: makers mark, 925, date mark,<br \/>\nSterling Finland Lapponia Bjorn (see photo)<\/strong><br \/>\n<strong>pin with security lock<\/strong><\/p>\n<p><strong>in good beautiful condition<br \/>\n<\/strong><br \/>\n<strong>height of the brooch: 4,6 cm (1,8 &#8222;)<br \/>\nwidth of the brooch: 5,1 cm (2 &#8222;)<\/strong><\/p>\n","protected":false},"excerpt":{"rendered":"<p>Sch\u00f6ne dekorative Bj\u00f6rn Weckstr\u00f6m Lapponia<br \/>\nSilber Designer Brosche um 1973, signiert<br \/>\nBroschierung mit Sicherheitsverschlu\u00df<br \/>\nsigniert: Herstellerpunzen, 925, Jahrespunze,<br \/>\nSterling Lapponia Finland Bj\u00f6rn (siehe Foto)<\/p>\n<p>guter sch\u00f6ner Erhaltungszustand<\/p>\n<p>H\u00f6he der Brosche: 4,6 cm<br \/>\nBreite der Brosche: 5,1 cm<\/p>\n","protected":false},"featured_media":81667,"template":"","meta":{"site-sidebar-layout":"no-sidebar","site-content-layout":"page-builder","ast-site-content-layout":"","site-content-style":"default","site-sidebar-style":"default","ast-global-header-display":"","ast-banner-title-visibility":"","ast-main-header-display":"","ast-hfb-above-header-display":"","ast-hfb-below-header-display":"","ast-hfb-mobile-header-display":"","site-post-title":"","ast-breadcrumbs-content":"","ast-featured-img":"","footer-sml-layout":"","theme-transparent-header-meta":"default","adv-header-id-meta":"","stick-header-meta":"","header-above-stick-meta":"","header-main-stick-meta":"","header-below-stick-meta":"","astra-migrate-meta-layouts":"default","ast-page-background-enabled":"default","ast-page-background-meta":{"desktop":{"background-color":"","background-image":"","background-repeat":"repeat","background-position":"center center","background-size":"auto","background-attachment":"scroll","background-type":"","background-media":"","overlay-type":"","overlay-color":"","overlay-opacity":"","overlay-gradient":""},"tablet":{"background-color":"","background-image":"","background-repeat":"repeat","background-position":"center center","background-size":"auto","background-attachment":"scroll","background-type":"","background-media":"","overlay-type":"","overlay-color":"","overlay-opacity":"","overlay-gradient":""},"mobile":{"background-color":"","background-image":"","background-repeat":"repeat","background-position":"center center","background-size":"auto","background-attachment":"scroll","background-type":"","background-media":"","overlay-type":"","overlay-color":"","overlay-opacity":"","overlay-gradient":""}},"ast-content-background-meta":{"desktop":{"background-color":"var(--ast-global-color-5)","background-image":"","background-repeat":"repeat","background-position":"center center","background-size":"auto","background-attachment":"scroll","background-type":"","background-media":"","overlay-type":"","overlay-color":"","overlay-opacity":"","overlay-gradient":""},"tablet":{"background-color":"var(--ast-global-color-5)","background-image":"","background-repeat":"repeat","background-position":"center center","background-size":"auto","background-attachment":"scroll","background-type":"","background-media":"","overlay-type":"","overlay-color":"","overlay-opacity":"","overlay-gradient":""},"mobile":{"background-color":"var(--ast-global-color-5)","background-image":"","background-repeat":"repeat","background-position":"center center","background-size":"auto","background-attachment":"scroll","background-type":"","background-media":"","overlay-type":"","overlay-color":"","overlay-opacity":"","overlay-gradient":""}}},"product_brand":[],"product_cat":[3580,3561,3572,5078,5645,4322,3599,4325],"product_tag":[3754,3643,3636,5461,4948,3751,3835,3641,3342],"class_list":{"0":"post-71983","1":"product","2":"type-product","3":"status-publish","4":"has-post-thumbnail","6":"product_cat-broschen","7":"product_cat-design-nach-1945","8":"product_cat-juwelen","9":"product_cat-metall-2","10":"product_cat-ohne-steine","11":"product_cat-periode","12":"product_cat-signierter-schmuck","13":"product_cat-silber","14":"product_tag-bjoern-weckstroem","15":"product_tag-brooch","16":"product_tag-brosche","17":"product_tag-finland","18":"product_tag-finnland","19":"product_tag-lapponia","20":"product_tag-modernist","21":"product_tag-silber","22":"product_tag-silver","23":"desktop-align-left","24":"tablet-align-left","25":"mobile-align-left","27":"first","28":"instock","29":"sold-individually","30":"shipping-taxable","31":"purchasable","32":"product-type-simple"},"_links":{"self":[{"href":"https:\/\/www.multimedium.eu\/index.php?rest_route=\/wp\/v2\/product\/71983","targetHints":{"allow":["GET"]}}],"collection":[{"href":"https:\/\/www.multimedium.eu\/index.php?rest_route=\/wp\/v2\/product"}],"about":[{"href":"https:\/\/www.multimedium.eu\/index.php?rest_route=\/wp\/v2\/types\/product"}],"version-history":[{"count":7,"href":"https:\/\/www.multimedium.eu\/index.php?rest_route=\/wp\/v2\/product\/71983\/revisions"}],"predecessor-version":[{"id":81659,"href":"https:\/\/www.multimedium.eu\/index.php?rest_route=\/wp\/v2\/product\/71983\/revisions\/81659"}],"wp:featuredmedia":[{"embeddable":true,"href":"https:\/\/www.multimedium.eu\/index.php?rest_route=\/wp\/v2\/media\/81667"}],"wp:attachment":[{"href":"https:\/\/www.multimedium.eu\/index.php?rest_route=%2Fwp%2Fv2%2Fmedia&parent=71983"}],"wp:term":[{"taxonomy":"product_brand","embeddable":true,"href":"https:\/\/www.multimedium.eu\/index.php?rest_route=%2Fwp%2Fv2%2Fproduct_brand&post=71983"},{"taxonomy":"product_cat","embeddable":true,"href":"https:\/\/www.multimedium.eu\/index.php?rest_route=%2Fwp%2Fv2%2Fproduct_cat&post=71983"},{"taxonomy":"product_tag","embeddable":true,"href":"https:\/\/www.multimedium.eu\/index.php?rest_route=%2Fwp%2Fv2%2Fproduct_tag&post=71983"}],"curies":[{"name":"wp","href":"https:\/\/api.w.org\/{rel}","templated":true}]}}