{"id":72430,"date":"2020-06-02T18:28:04","date_gmt":"2020-06-02T16:28:04","guid":{"rendered":"http:\/\/multimedium.eu\/?post_type=product&#038;p=72430"},"modified":"2025-03-13T09:32:08","modified_gmt":"2025-03-13T08:32:08","slug":"verkauft-anhaenger-finland-jorma-laine-1971-silber-modernist","status":"publish","type":"product","link":"https:\/\/www.multimedium.eu\/?product=verkauft-anhaenger-finland-jorma-laine-1971-silber-modernist","title":{"rendered":"Anh\u00e4nger Finland Jorma Laine 1971 Silber Modernist"},"content":{"rendered":"","protected":false},"excerpt":{"rendered":"<p><strong>&#8211; VERKAUFT<\/strong>&#8211;<\/p>\n<h6>Anh\u00e4nger Finland Jorma Laine 1971 Silber Modernist<\/h6>\n<p>Anh\u00e4nger Finland Jorma Laine<br \/>\num 1971<br \/>\nSilber 830,<br \/>\nsammelw\u00fcrdiger, interesanter, seltener Modernist &#8211; Anh\u00e4nger<br \/>\ngestempelt: 830S Finland Designerpunze (unleserlich punziert)<\/p>\n<p>H\u00f6he des Anh\u00e4ngers incl. Aufh\u00e4nger-\u00d6se: 5,7 cm<br \/>\nBreite des Anh\u00e4ngers: 4,1 cm<\/p>\n<p>Anh\u00e4nger Finland Jorma Laine<br \/>\num 1971<br \/>\nSilber 830,<br \/>\nsammelw\u00fcrdiger, interesanter, seltener Modernist &#8211; Anh\u00e4nger<br \/>\ngestempelt: 830S Finland Designerpunze (unleserlich punziert)<\/p>\n<p>H\u00f6he des Anh\u00e4ngers incl. Aufh\u00e4nger-\u00d6se: 5,7 cm<br \/>\nBreite des Anh\u00e4ngers: 4,1 cm<\/p>\n","protected":false},"featured_media":72249,"template":"","meta":{"site-sidebar-layout":"default","site-content-layout":"default","ast-site-content-layout":"","site-content-style":"default","site-sidebar-style":"default","ast-global-header-display":"","ast-banner-title-visibility":"","ast-main-header-display":"","ast-hfb-above-header-display":"","ast-hfb-below-header-display":"","ast-hfb-mobile-header-display":"","site-post-title":"","ast-breadcrumbs-content":"","ast-featured-img":"","footer-sml-layout":"","theme-transparent-header-meta":"default","adv-header-id-meta":"","stick-header-meta":"","header-above-stick-meta":"","header-main-stick-meta":"","header-below-stick-meta":"","astra-migrate-meta-layouts":"default","ast-page-background-enabled":"default","ast-page-background-meta":{"desktop":{"background-color":"","background-image":"","background-repeat":"repeat","background-position":"center center","background-size":"auto","background-attachment":"scroll","background-type":"","background-media":"","overlay-type":"","overlay-color":"","overlay-opacity":"","overlay-gradient":""},"tablet":{"background-color":"","background-image":"","background-repeat":"repeat","background-position":"center center","background-size":"auto","background-attachment":"scroll","background-type":"","background-media":"","overlay-type":"","overlay-color":"","overlay-opacity":"","overlay-gradient":""},"mobile":{"background-color":"","background-image":"","background-repeat":"repeat","background-position":"center center","background-size":"auto","background-attachment":"scroll","background-type":"","background-media":"","overlay-type":"","overlay-color":"","overlay-opacity":"","overlay-gradient":""}},"ast-content-background-meta":{"desktop":{"background-color":"var(--ast-global-color-5)","background-image":"","background-repeat":"repeat","background-position":"center center","background-size":"auto","background-attachment":"scroll","background-type":"","background-media":"","overlay-type":"","overlay-color":"","overlay-opacity":"","overlay-gradient":""},"tablet":{"background-color":"var(--ast-global-color-5)","background-image":"","background-repeat":"repeat","background-position":"center center","background-size":"auto","background-attachment":"scroll","background-type":"","background-media":"","overlay-type":"","overlay-color":"","overlay-opacity":"","overlay-gradient":""},"mobile":{"background-color":"var(--ast-global-color-5)","background-image":"","background-repeat":"repeat","background-position":"center center","background-size":"auto","background-attachment":"scroll","background-type":"","background-media":"","overlay-type":"","overlay-color":"","overlay-opacity":"","overlay-gradient":""}}},"product_brand":[],"product_cat":[3572,3599,4320],"product_tag":[3647,3917,3835,3341,3641,3342,3908,4215],"class_list":{"0":"post-72430","1":"product","2":"type-product","3":"status-publish","4":"has-post-thumbnail","6":"product_cat-juwelen","7":"product_cat-signierter-schmuck","8":"product_cat-verkauft","9":"product_tag-anhaenger","10":"product_tag-jorma-laine","11":"product_tag-modernist","12":"product_tag-pendant","13":"product_tag-silber","14":"product_tag-silver","15":"product_tag-skandinavien","16":"product_tag-verkauft","17":"desktop-align-left","18":"tablet-align-left","19":"mobile-align-left","21":"first","22":"outofstock","23":"sold-individually","24":"shipping-taxable","25":"product-type-simple"},"_links":{"self":[{"href":"https:\/\/www.multimedium.eu\/index.php?rest_route=\/wp\/v2\/product\/72430","targetHints":{"allow":["GET"]}}],"collection":[{"href":"https:\/\/www.multimedium.eu\/index.php?rest_route=\/wp\/v2\/product"}],"about":[{"href":"https:\/\/www.multimedium.eu\/index.php?rest_route=\/wp\/v2\/types\/product"}],"version-history":[{"count":3,"href":"https:\/\/www.multimedium.eu\/index.php?rest_route=\/wp\/v2\/product\/72430\/revisions"}],"predecessor-version":[{"id":87779,"href":"https:\/\/www.multimedium.eu\/index.php?rest_route=\/wp\/v2\/product\/72430\/revisions\/87779"}],"wp:featuredmedia":[{"embeddable":true,"href":"https:\/\/www.multimedium.eu\/index.php?rest_route=\/wp\/v2\/media\/72249"}],"wp:attachment":[{"href":"https:\/\/www.multimedium.eu\/index.php?rest_route=%2Fwp%2Fv2%2Fmedia&parent=72430"}],"wp:term":[{"taxonomy":"product_brand","embeddable":true,"href":"https:\/\/www.multimedium.eu\/index.php?rest_route=%2Fwp%2Fv2%2Fproduct_brand&post=72430"},{"taxonomy":"product_cat","embeddable":true,"href":"https:\/\/www.multimedium.eu\/index.php?rest_route=%2Fwp%2Fv2%2Fproduct_cat&post=72430"},{"taxonomy":"product_tag","embeddable":true,"href":"https:\/\/www.multimedium.eu\/index.php?rest_route=%2Fwp%2Fv2%2Fproduct_tag&post=72430"}],"curies":[{"name":"wp","href":"https:\/\/api.w.org\/{rel}","templated":true}]}}