{"id":72569,"date":"2020-06-04T21:19:30","date_gmt":"2020-06-04T19:19:30","guid":{"rendered":"http:\/\/multimedium.eu\/?post_type=product&#038;p=72569"},"modified":"2025-03-13T09:32:03","modified_gmt":"2025-03-13T08:32:03","slug":"jugendstil-silber-medaillon-anhaenger-maedchen","status":"publish","type":"product","link":"https:\/\/www.multimedium.eu\/?product=jugendstil-silber-medaillon-anhaenger-maedchen","title":{"rendered":"Jugendstil Silber Medaillon Spiegel Anh\u00e4nger Kleeblatt M\u00e4dchen locket"},"content":{"rendered":"","protected":false},"excerpt":{"rendered":"<h6>Jugendstil Silber Medaillon Spiegel Anh\u00e4nger Kleeblatt M\u00e4dchen locket<\/h6>\n<p>Prachtvoller sch\u00f6ner antiker Jugendstil Silber Medaillon Spiegel Anh\u00e4nger,<br \/>\n\u00d6sterreich um 1910, selten in dieser Art,<br \/>\nin massiver Verarbeitung, seitlich aufschiebbar,<br \/>\nin Form eines Kleeblatts<br \/>\nVorderseite mit einer sch\u00f6nen Jugendstil Dame in Seitenprofil,<br \/>\nim zeittypischen Stil, mit freier Schulter,<br \/>\nmit langen Haaren zu einem Knoten geschlungen,<br \/>\nmit integriertem Haarband mit erhabener Verzierung,<br \/>\nR\u00fcckseite mit Monogramm ET bzw. TE<br \/>\nInnen mit Spiegel und Photo,<br \/>\ngestempelt : \u00f6sterreichische Silberpunze und Hersteller JB<\/p>\n<p>f\u00fcr das Alter in einem guten Erhaltungszustand<\/p>\n<p>H\u00f6he des Anh\u00e4ngers ohne Aufh\u00e4nger-\u00d6se: 4,35 cm<br \/>\nBreite des Anh\u00e4ngers: 3,8 cm<\/p>\n","protected":false},"featured_media":72511,"template":"","meta":{"site-sidebar-layout":"default","site-content-layout":"default","ast-site-content-layout":"","site-content-style":"default","site-sidebar-style":"default","ast-global-header-display":"","ast-banner-title-visibility":"","ast-main-header-display":"","ast-hfb-above-header-display":"","ast-hfb-below-header-display":"","ast-hfb-mobile-header-display":"","site-post-title":"","ast-breadcrumbs-content":"","ast-featured-img":"","footer-sml-layout":"","theme-transparent-header-meta":"default","adv-header-id-meta":"","stick-header-meta":"","header-above-stick-meta":"","header-main-stick-meta":"","header-below-stick-meta":"","astra-migrate-meta-layouts":"default","ast-page-background-enabled":"default","ast-page-background-meta":{"desktop":{"background-color":"","background-image":"","background-repeat":"repeat","background-position":"center center","background-size":"auto","background-attachment":"scroll","background-type":"","background-media":"","overlay-type":"","overlay-color":"","overlay-opacity":"","overlay-gradient":""},"tablet":{"background-color":"","background-image":"","background-repeat":"repeat","background-position":"center center","background-size":"auto","background-attachment":"scroll","background-type":"","background-media":"","overlay-type":"","overlay-color":"","overlay-opacity":"","overlay-gradient":""},"mobile":{"background-color":"","background-image":"","background-repeat":"repeat","background-position":"center center","background-size":"auto","background-attachment":"scroll","background-type":"","background-media":"","overlay-type":"","overlay-color":"","overlay-opacity":"","overlay-gradient":""}},"ast-content-background-meta":{"desktop":{"background-color":"var(--ast-global-color-5)","background-image":"","background-repeat":"repeat","background-position":"center center","background-size":"auto","background-attachment":"scroll","background-type":"","background-media":"","overlay-type":"","overlay-color":"","overlay-opacity":"","overlay-gradient":""},"tablet":{"background-color":"var(--ast-global-color-5)","background-image":"","background-repeat":"repeat","background-position":"center center","background-size":"auto","background-attachment":"scroll","background-type":"","background-media":"","overlay-type":"","overlay-color":"","overlay-opacity":"","overlay-gradient":""},"mobile":{"background-color":"var(--ast-global-color-5)","background-image":"","background-repeat":"repeat","background-position":"center center","background-size":"auto","background-attachment":"scroll","background-type":"","background-media":"","overlay-type":"","overlay-color":"","overlay-opacity":"","overlay-gradient":""}}},"product_brand":[],"product_cat":[4450,3559,3572,4325,4321],"product_tag":[3647,3700,4020,3912,4015,4021,3698,4016,3915,4014,3707,3709,4019,3341,4018,4017,3708,4867],"class_list":{"0":"post-72569","1":"product","2":"type-product","3":"status-publish","4":"has-post-thumbnail","6":"product_cat-anhaenger","7":"product_cat-jugendstil","8":"product_cat-juwelen","9":"product_cat-silber","10":"product_cat-steine","11":"product_tag-anhaenger","12":"product_tag-art-nouveau","13":"product_tag-austria","14":"product_tag-dame","15":"product_tag-girl","16":"product_tag-initialen","17":"product_tag-jugendstil","18":"product_tag-kleeblatt","19":"product_tag-lady","20":"product_tag-maedchen","21":"product_tag-medaillon","22":"product_tag-mirror","23":"product_tag-oesterreich","24":"product_tag-pendant","25":"product_tag-photo","26":"product_tag-shamrock","27":"product_tag-spiegel","28":"product_tag-spiegelanhaenger","29":"desktop-align-left","30":"tablet-align-left","31":"mobile-align-left","33":"first","34":"instock","35":"sold-individually","36":"shipping-taxable","37":"purchasable","38":"product-type-simple"},"_links":{"self":[{"href":"https:\/\/www.multimedium.eu\/index.php?rest_route=\/wp\/v2\/product\/72569","targetHints":{"allow":["GET"]}}],"collection":[{"href":"https:\/\/www.multimedium.eu\/index.php?rest_route=\/wp\/v2\/product"}],"about":[{"href":"https:\/\/www.multimedium.eu\/index.php?rest_route=\/wp\/v2\/types\/product"}],"version-history":[{"count":5,"href":"https:\/\/www.multimedium.eu\/index.php?rest_route=\/wp\/v2\/product\/72569\/revisions"}],"predecessor-version":[{"id":84145,"href":"https:\/\/www.multimedium.eu\/index.php?rest_route=\/wp\/v2\/product\/72569\/revisions\/84145"}],"wp:featuredmedia":[{"embeddable":true,"href":"https:\/\/www.multimedium.eu\/index.php?rest_route=\/wp\/v2\/media\/72511"}],"wp:attachment":[{"href":"https:\/\/www.multimedium.eu\/index.php?rest_route=%2Fwp%2Fv2%2Fmedia&parent=72569"}],"wp:term":[{"taxonomy":"product_brand","embeddable":true,"href":"https:\/\/www.multimedium.eu\/index.php?rest_route=%2Fwp%2Fv2%2Fproduct_brand&post=72569"},{"taxonomy":"product_cat","embeddable":true,"href":"https:\/\/www.multimedium.eu\/index.php?rest_route=%2Fwp%2Fv2%2Fproduct_cat&post=72569"},{"taxonomy":"product_tag","embeddable":true,"href":"https:\/\/www.multimedium.eu\/index.php?rest_route=%2Fwp%2Fv2%2Fproduct_tag&post=72569"}],"curies":[{"name":"wp","href":"https:\/\/api.w.org\/{rel}","templated":true}]}}