{"id":72689,"date":"2020-06-05T22:00:25","date_gmt":"2020-06-05T20:00:25","guid":{"rendered":"http:\/\/multimedium.eu\/?post_type=product&#038;p=72689"},"modified":"2025-03-13T09:27:29","modified_gmt":"2025-03-13T08:27:29","slug":"art-deco-silver-brooch-marcasites-pearl","status":"publish","type":"product","link":"https:\/\/www.multimedium.eu\/?product=art-deco-silver-brooch-marcasites-pearl","title":{"rendered":"Art Deco Silver Brooch Marcasites Pearl"},"content":{"rendered":"<p><b>Gorgeous decorative middle size Art Deco Designer Silver Pin Brooch from 1930s<br \/>\nwith numerous set Marcasites (ca. 288) and a single Cultured Pearl<br \/>\nwhole brooch looks like it is worked in 5 levels, like numerous tapes laid over one another<br \/>\nin openwork design, characteristic Art Deco form of the times,<br \/>\nan outstanding jewelry<br \/>\npin with safety clasp<br \/>\nmarked: 800, RWP (in an oval)<br \/>\neverything in good beautiful top condition<\/b><\/p>\n<p>Length : 1,7&#8243; ( 4,3 cm)<br \/>\nHeight : 0,94&#8243; ( 2,4 cm)<\/p>\n","protected":false},"excerpt":{"rendered":"<h6>Art Deco Silver Brooch Marcasites Pearl<\/h6>\n<p>Prachtvolle dekorative mittelgro\u00dfe Art Deco Designer Silber NAdel-Brosche um 1930<br \/>\nmit zahlreichen gefassten Markasiten (ca. 288) und einer einzelnen Zuchtperle<br \/>\ndie Brosche sieht aus wie in 5 Ebenen gearbeitet, wie zahlreiche B\u00e4nder \u00fcbereinander gelegt<br \/>\ndurchbrochen gearbeitet, charakteristische Art Deco Form aus der Zeit<br \/>\nein au\u00dfergew\u00f6hnliches Schmuckst\u00fcck<br \/>\nNadel mit Sicherheitsverschlu\u00df<br \/>\ngestempelt: 800, RWP (im Oval)<br \/>\nalles in einem guten sch\u00f6nen Top Zustand<\/p>\n<p>L\u00e4nge der Brosche: 4,3 cm<br \/>\nH\u00f6he der Brosche: 2,4 cm<\/p>\n","protected":false},"featured_media":87910,"template":"","meta":{"site-sidebar-layout":"default","site-content-layout":"default","ast-site-content-layout":"","site-content-style":"default","site-sidebar-style":"default","ast-global-header-display":"","ast-banner-title-visibility":"","ast-main-header-display":"","ast-hfb-above-header-display":"","ast-hfb-below-header-display":"","ast-hfb-mobile-header-display":"","site-post-title":"","ast-breadcrumbs-content":"","ast-featured-img":"","footer-sml-layout":"","theme-transparent-header-meta":"default","adv-header-id-meta":"","stick-header-meta":"","header-above-stick-meta":"","header-main-stick-meta":"","header-below-stick-meta":"","astra-migrate-meta-layouts":"default","ast-page-background-enabled":"default","ast-page-background-meta":{"desktop":{"background-color":"","background-image":"","background-repeat":"repeat","background-position":"center center","background-size":"auto","background-attachment":"scroll","background-type":"","background-media":"","overlay-type":"","overlay-color":"","overlay-opacity":"","overlay-gradient":""},"tablet":{"background-color":"","background-image":"","background-repeat":"repeat","background-position":"center center","background-size":"auto","background-attachment":"scroll","background-type":"","background-media":"","overlay-type":"","overlay-color":"","overlay-opacity":"","overlay-gradient":""},"mobile":{"background-color":"","background-image":"","background-repeat":"repeat","background-position":"center center","background-size":"auto","background-attachment":"scroll","background-type":"","background-media":"","overlay-type":"","overlay-color":"","overlay-opacity":"","overlay-gradient":""}},"ast-content-background-meta":{"desktop":{"background-color":"var(--ast-global-color-5)","background-image":"","background-repeat":"repeat","background-position":"center center","background-size":"auto","background-attachment":"scroll","background-type":"","background-media":"","overlay-type":"","overlay-color":"","overlay-opacity":"","overlay-gradient":""},"tablet":{"background-color":"var(--ast-global-color-5)","background-image":"","background-repeat":"repeat","background-position":"center center","background-size":"auto","background-attachment":"scroll","background-type":"","background-media":"","overlay-type":"","overlay-color":"","overlay-opacity":"","overlay-gradient":""},"mobile":{"background-color":"var(--ast-global-color-5)","background-image":"","background-repeat":"repeat","background-position":"center center","background-size":"auto","background-attachment":"scroll","background-type":"","background-media":"","overlay-type":"","overlay-color":"","overlay-opacity":"","overlay-gradient":""}}},"product_brand":[],"product_cat":[3806,3580,3572,3599],"product_tag":[3716,3643,3636,3664,3658,3668,3667,3641,3342],"class_list":{"0":"post-72689","1":"product","2":"type-product","3":"status-publish","4":"has-post-thumbnail","6":"product_cat-art-deco","7":"product_cat-broschen","8":"product_cat-juwelen","9":"product_cat-signierter-schmuck","10":"product_tag-art-deco","11":"product_tag-brooch","12":"product_tag-brosche","13":"product_tag-marcasites","14":"product_tag-markasiten","15":"product_tag-pearl","16":"product_tag-perle","17":"product_tag-silber","18":"product_tag-silver","19":"desktop-align-left","20":"tablet-align-left","21":"mobile-align-left","23":"first","24":"instock","25":"sold-individually","26":"shipping-taxable","27":"purchasable","28":"product-type-simple"},"_links":{"self":[{"href":"https:\/\/www.multimedium.eu\/index.php?rest_route=\/wp\/v2\/product\/72689","targetHints":{"allow":["GET"]}}],"collection":[{"href":"https:\/\/www.multimedium.eu\/index.php?rest_route=\/wp\/v2\/product"}],"about":[{"href":"https:\/\/www.multimedium.eu\/index.php?rest_route=\/wp\/v2\/types\/product"}],"version-history":[{"count":3,"href":"https:\/\/www.multimedium.eu\/index.php?rest_route=\/wp\/v2\/product\/72689\/revisions"}],"predecessor-version":[{"id":84137,"href":"https:\/\/www.multimedium.eu\/index.php?rest_route=\/wp\/v2\/product\/72689\/revisions\/84137"}],"wp:featuredmedia":[{"embeddable":true,"href":"https:\/\/www.multimedium.eu\/index.php?rest_route=\/wp\/v2\/media\/87910"}],"wp:attachment":[{"href":"https:\/\/www.multimedium.eu\/index.php?rest_route=%2Fwp%2Fv2%2Fmedia&parent=72689"}],"wp:term":[{"taxonomy":"product_brand","embeddable":true,"href":"https:\/\/www.multimedium.eu\/index.php?rest_route=%2Fwp%2Fv2%2Fproduct_brand&post=72689"},{"taxonomy":"product_cat","embeddable":true,"href":"https:\/\/www.multimedium.eu\/index.php?rest_route=%2Fwp%2Fv2%2Fproduct_cat&post=72689"},{"taxonomy":"product_tag","embeddable":true,"href":"https:\/\/www.multimedium.eu\/index.php?rest_route=%2Fwp%2Fv2%2Fproduct_tag&post=72689"}],"curies":[{"name":"wp","href":"https:\/\/api.w.org\/{rel}","templated":true}]}}