{"id":72752,"date":"2020-06-06T00:24:31","date_gmt":"2020-06-05T22:24:31","guid":{"rendered":"http:\/\/multimedium.eu\/?post_type=product&#038;p=72752"},"modified":"2025-03-13T09:31:53","modified_gmt":"2025-03-13T08:31:53","slug":"verkauft-butterscotch-amber-necklace-bernstein-halskette","status":"publish","type":"product","link":"https:\/\/www.multimedium.eu\/?product=verkauft-butterscotch-amber-necklace-bernstein-halskette","title":{"rendered":"Butterscotch Amber Necklace Bernstein Halskette"},"content":{"rendered":"<p><strong>Very beautiful, large outstanding and absolute decorative Real Amber Butterscotch necklace in form of spheres<\/strong><br \/>\n<strong>from the 1950s\/1960s<\/strong><br \/>\n<strong>with 25 spheres in different sizes, in original old beautiful yellow butterscotch Amber in good quality<\/strong><br \/>\n<strong>partially with beautiful texturing and screw clasp<\/strong><\/p>\n<p><strong>Caution! the color of the amber necklace at the photos can vary on different displays\/monitors,<\/strong><br \/>\n<strong>on my elder PC the color seems to be e.g brownish like dark egg yolk, which is not identical to the original color<\/strong><br \/>\n<strong>on my Handy and on my newer PC the the necklace appears to be more yellow, which comes pretty close to the<\/strong><br \/>\n<strong>original color<\/strong><\/p>\n<p><strong>2 spheres near the drill hole slightly traces of use (see photos)<\/strong><br \/>\n<strong>else necklace in a good condition<\/strong><\/p>\n<p><strong>Total Length of the neclace: 57 cm<\/strong><br \/>\n<strong>measures of the diameters of the Spheres: see 2nd of the following photos<\/strong><\/p>\n<p><strong>from clasp left to right:<\/strong><br \/>\n<strong>1,83 cm, 1,92 cm, 1,95 cm, 1,95 cm, 2.06 cm, 2,05 cm, 2,13 cm, 2,12 cm, 2,28 cm, 2,37 cm, 2,39 cm, 2,62 cm,<\/strong><br \/>\n<strong>3,46 cm,<\/strong><br \/>\n<strong>2,66 cm 2,42 cm , 2,41 cm, 2,25 cm, 2,22 cm, 2,11 cm, 2,04 cm, 2,05 cm, 1,95 cm, 1,95 cm, 1,95 cm, 1,94 cm<\/strong><\/p>\n<p><strong>Total Weight: 163,8g<\/strong><\/p>\n","protected":false},"excerpt":{"rendered":"<p><b>-VERKAUFT- <\/b><\/p>\n<h6>Butterscotch Amber Necklace Bernstein Halskette<\/h6>\n<p>Sehr sch\u00f6ne, gro\u00dfe, ausgefallene, und absolut dekorative Natur Bernstein Butterscotch Halskette in<br \/>\nKugelform wohl aus den 50er 60er Jahren<br \/>\nmit 25 Kugeln in verschiedenen Gr\u00f6\u00dfen, in original alten sch\u00f6nen gelben Butterscotch Bernstein in einer<br \/>\nguten Qualit\u00e4t<br \/>\nteilweise in sch\u00f6ner marmorierter Maserung und auch teilweise transparent<br \/>\nKette ist mit Schraubverschlu\u00df<\/p>\n<p>Achtung! die Farbe der Bersteinkette auf den Fotos kann auf verschiedenen Displays\/Bildschirmen variieren,<br \/>\nauf meinem \u00e4lteren Computer kommt die Farbe z.B. br\u00e4nlich, wie dunkles Eigelb her\u00fcber, was aber nicht der<br \/>\nOriginalfarbe entspricht<br \/>\nauf meinem Handy und auf meinem neueren Computer erscheint die Kette gelblicher, was dem Farbton ziemlich<br \/>\nnah kommt<\/p>\n<p>bei 2 Kugeln in der N\u00e4he der Bohrungen leichte Gebrauchsspuren (siehe Fotos),<br \/>\nsonst in einem getragenen guten Erhaltungszustand<\/p>\n<p>Gesamt-L\u00e4nge der Halskette: 57 cm<br \/>\nMa\u00dfe der Durchmesser der Kugeln: siehe 2. der folgenden Fotos<br \/>\nvon links nach rechts:<\/p>\n<p>1,83 cm, 1,92 cm, 1,95 cm, 1,95 cm, 2.06 cm, 2,05 cm, 2,13 cm, 2,12 cm, 2,28 cm, 2,37 cm, 2,39 cm, 2,62 cm,<br \/>\n3,46 cm,<br \/>\n2,66 cm 2,42 cm , 2,41 cm, 2,25 cm, 2,22 cm, 2,11 cm, 2,04 cm, 2,05 cm, 1,95 cm, 1,95 cm, 1,95 cm, 1,94 cm<br \/>\nGesamtgewicht: 163,8g<\/p>\n","protected":false},"featured_media":72703,"template":"","meta":{"site-sidebar-layout":"default","site-content-layout":"default","ast-site-content-layout":"","site-content-style":"default","site-sidebar-style":"default","ast-global-header-display":"","ast-banner-title-visibility":"","ast-main-header-display":"","ast-hfb-above-header-display":"","ast-hfb-below-header-display":"","ast-hfb-mobile-header-display":"","site-post-title":"","ast-breadcrumbs-content":"","ast-featured-img":"","footer-sml-layout":"","theme-transparent-header-meta":"default","adv-header-id-meta":"","stick-header-meta":"","header-above-stick-meta":"","header-main-stick-meta":"","header-below-stick-meta":"","astra-migrate-meta-layouts":"default","ast-page-background-enabled":"default","ast-page-background-meta":{"desktop":{"background-color":"","background-image":"","background-repeat":"repeat","background-position":"center center","background-size":"auto","background-attachment":"scroll","background-type":"","background-media":"","overlay-type":"","overlay-color":"","overlay-opacity":"","overlay-gradient":""},"tablet":{"background-color":"","background-image":"","background-repeat":"repeat","background-position":"center center","background-size":"auto","background-attachment":"scroll","background-type":"","background-media":"","overlay-type":"","overlay-color":"","overlay-opacity":"","overlay-gradient":""},"mobile":{"background-color":"","background-image":"","background-repeat":"repeat","background-position":"center center","background-size":"auto","background-attachment":"scroll","background-type":"","background-media":"","overlay-type":"","overlay-color":"","overlay-opacity":"","overlay-gradient":""}},"ast-content-background-meta":{"desktop":{"background-color":"var(--ast-global-color-5)","background-image":"","background-repeat":"repeat","background-position":"center center","background-size":"auto","background-attachment":"scroll","background-type":"","background-media":"","overlay-type":"","overlay-color":"","overlay-opacity":"","overlay-gradient":""},"tablet":{"background-color":"var(--ast-global-color-5)","background-image":"","background-repeat":"repeat","background-position":"center center","background-size":"auto","background-attachment":"scroll","background-type":"","background-media":"","overlay-type":"","overlay-color":"","overlay-opacity":"","overlay-gradient":""},"mobile":{"background-color":"var(--ast-global-color-5)","background-image":"","background-repeat":"repeat","background-position":"center center","background-size":"auto","background-attachment":"scroll","background-type":"","background-media":"","overlay-type":"","overlay-color":"","overlay-opacity":"","overlay-gradient":""}}},"product_brand":[],"product_cat":[3563,3572,3582,3587,4320],"product_tag":[3732,3731,4036,3649,3650,3652,4215,3993],"class_list":{"0":"post-72752","1":"product","2":"type-product","3":"status-publish","4":"has-post-thumbnail","6":"product_cat-bernstein","7":"product_cat-juwelen","8":"product_cat-ketten-colliers","9":"product_cat-modeschmuck","10":"product_cat-verkauft","11":"product_tag-amber","12":"product_tag-bernstein","13":"product_tag-butterscotch","14":"product_tag-collier","15":"product_tag-halskette","16":"product_tag-necklace","17":"product_tag-verkauft","18":"product_tag-vintage","19":"desktop-align-left","20":"tablet-align-left","21":"mobile-align-left","23":"first","24":"outofstock","25":"sold-individually","26":"shipping-taxable","27":"product-type-simple"},"_links":{"self":[{"href":"https:\/\/www.multimedium.eu\/index.php?rest_route=\/wp\/v2\/product\/72752","targetHints":{"allow":["GET"]}}],"collection":[{"href":"https:\/\/www.multimedium.eu\/index.php?rest_route=\/wp\/v2\/product"}],"about":[{"href":"https:\/\/www.multimedium.eu\/index.php?rest_route=\/wp\/v2\/types\/product"}],"version-history":[{"count":3,"href":"https:\/\/www.multimedium.eu\/index.php?rest_route=\/wp\/v2\/product\/72752\/revisions"}],"predecessor-version":[{"id":87830,"href":"https:\/\/www.multimedium.eu\/index.php?rest_route=\/wp\/v2\/product\/72752\/revisions\/87830"}],"wp:featuredmedia":[{"embeddable":true,"href":"https:\/\/www.multimedium.eu\/index.php?rest_route=\/wp\/v2\/media\/72703"}],"wp:attachment":[{"href":"https:\/\/www.multimedium.eu\/index.php?rest_route=%2Fwp%2Fv2%2Fmedia&parent=72752"}],"wp:term":[{"taxonomy":"product_brand","embeddable":true,"href":"https:\/\/www.multimedium.eu\/index.php?rest_route=%2Fwp%2Fv2%2Fproduct_brand&post=72752"},{"taxonomy":"product_cat","embeddable":true,"href":"https:\/\/www.multimedium.eu\/index.php?rest_route=%2Fwp%2Fv2%2Fproduct_cat&post=72752"},{"taxonomy":"product_tag","embeddable":true,"href":"https:\/\/www.multimedium.eu\/index.php?rest_route=%2Fwp%2Fv2%2Fproduct_tag&post=72752"}],"curies":[{"name":"wp","href":"https:\/\/api.w.org\/{rel}","templated":true}]}}