{"id":73192,"date":"2020-06-11T11:40:17","date_gmt":"2020-06-11T09:40:17","guid":{"rendered":"http:\/\/multimedium.eu\/?post_type=product&#038;p=73192"},"modified":"2025-03-13T09:31:44","modified_gmt":"2025-03-13T08:31:44","slug":"historismus-silber-emaille-medaillon-perle","status":"publish","type":"product","link":"https:\/\/www.multimedium.eu\/?product=historismus-silber-emaille-medaillon-perle","title":{"rendered":"VERKAUFT &#8211; Historismus Silber Emaille Medaillon Perle"},"content":{"rendered":"","protected":false},"excerpt":{"rendered":"<p>VERKAUFT &#8211;<\/p>\n<p>Historismus Silber Emaille Medaillon Perle<\/p>\n<p>Entz\u00fcckender dekorativer Historismus (Biedermeier) Medaillon-Anh\u00e4nger um ca. 1870,<br \/>\nVorderseite mit Paradiesvogel auf Zweig sitzend mit einem Nest,<br \/>\nSilbergravur mit feinen Saatperlen,<br \/>\nin t\u00fcrkisfarbigen Emaille,<br \/>\nEmaille mit feinsten Verf\u00e4rbungen (herstellungsbedingt),<br \/>\nInnen mit feinen Glas-R\u00e4hmchen, schlie\u00dft sehr gut,<br \/>\nan der \u00d6se gestempelt: L\u00f6wenpunze, Wien (750er Silber)<\/p>\n<p>altersgem\u00e4\u00df in einem guten sch\u00f6nen Erhaltungszustand,<br \/>\nselten in diesem guten Zustand,<br \/>\nda die meisten Medaillons verkratzt oder besch\u00e4digt sind<\/p>\n<p>H\u00f6he incl. fest verl\u00f6teter kleiner \u00d6se (ohne Aufh\u00e4nger-\u00d6se): 3,75 cm<br \/>\nmit Aufh\u00e4nger\u00f6se: 4,55 cm<br \/>\nBreite: 2,7 cm<\/p>\n","protected":false},"featured_media":73161,"template":"","meta":{"site-sidebar-layout":"default","site-content-layout":"default","ast-site-content-layout":"","site-content-style":"default","site-sidebar-style":"default","ast-global-header-display":"","ast-banner-title-visibility":"","ast-main-header-display":"","ast-hfb-above-header-display":"","ast-hfb-below-header-display":"","ast-hfb-mobile-header-display":"","site-post-title":"","ast-breadcrumbs-content":"","ast-featured-img":"","footer-sml-layout":"","theme-transparent-header-meta":"default","adv-header-id-meta":"","stick-header-meta":"","header-above-stick-meta":"","header-main-stick-meta":"","header-below-stick-meta":"","astra-migrate-meta-layouts":"default","ast-page-background-enabled":"default","ast-page-background-meta":{"desktop":{"background-color":"","background-image":"","background-repeat":"repeat","background-position":"center center","background-size":"auto","background-attachment":"scroll","background-type":"","background-media":"","overlay-type":"","overlay-color":"","overlay-opacity":"","overlay-gradient":""},"tablet":{"background-color":"","background-image":"","background-repeat":"repeat","background-position":"center center","background-size":"auto","background-attachment":"scroll","background-type":"","background-media":"","overlay-type":"","overlay-color":"","overlay-opacity":"","overlay-gradient":""},"mobile":{"background-color":"","background-image":"","background-repeat":"repeat","background-position":"center center","background-size":"auto","background-attachment":"scroll","background-type":"","background-media":"","overlay-type":"","overlay-color":"","overlay-opacity":"","overlay-gradient":""}},"ast-content-background-meta":{"desktop":{"background-color":"var(--ast-global-color-5)","background-image":"","background-repeat":"repeat","background-position":"center center","background-size":"auto","background-attachment":"scroll","background-type":"","background-media":"","overlay-type":"","overlay-color":"","overlay-opacity":"","overlay-gradient":""},"tablet":{"background-color":"var(--ast-global-color-5)","background-image":"","background-repeat":"repeat","background-position":"center center","background-size":"auto","background-attachment":"scroll","background-type":"","background-media":"","overlay-type":"","overlay-color":"","overlay-opacity":"","overlay-gradient":""},"mobile":{"background-color":"var(--ast-global-color-5)","background-image":"","background-repeat":"repeat","background-position":"center center","background-size":"auto","background-attachment":"scroll","background-type":"","background-media":"","overlay-type":"","overlay-color":"","overlay-opacity":"","overlay-gradient":""}}},"product_brand":[],"product_cat":[4101,4121,3572,3982,4320],"product_tag":[3647,4020,3823,3666,3639,3654,3662,4122,3980,4123,3707,4019,3668,3341,3667,4010,4011,3641,3342,4126,4127,3660,4215,4125,3665,4124],"class_list":{"0":"post-73192","1":"product","2":"type-product","3":"status-publish","4":"has-post-thumbnail","6":"product_cat-biedermeier","7":"product_cat-historismus","8":"product_cat-juwelen","9":"product_cat-medaillon","10":"product_cat-verkauft","11":"product_tag-anhaenger","12":"product_tag-austria","13":"product_tag-biedermeier","14":"product_tag-bird","15":"product_tag-emaille","16":"product_tag-enamel","17":"product_tag-gilt","18":"product_tag-gruenderzeiit","19":"product_tag-historismus","20":"product_tag-locket","21":"product_tag-medaillon","22":"product_tag-oesterreich","23":"product_tag-pearl","24":"product_tag-pendant","25":"product_tag-perle","26":"product_tag-saatperlen","27":"product_tag-seed-pearls","28":"product_tag-silber","29":"product_tag-silver","30":"product_tag-tuerkisfarben","31":"product_tag-turquoise-color","32":"product_tag-vergoldet","33":"product_tag-verkauft","34":"product_tag-vienna","35":"product_tag-vogel","36":"product_tag-wien","37":"desktop-align-left","38":"tablet-align-left","39":"mobile-align-left","41":"first","42":"outofstock","43":"sold-individually","44":"shipping-taxable","45":"product-type-simple"},"_links":{"self":[{"href":"https:\/\/www.multimedium.eu\/index.php?rest_route=\/wp\/v2\/product\/73192","targetHints":{"allow":["GET"]}}],"collection":[{"href":"https:\/\/www.multimedium.eu\/index.php?rest_route=\/wp\/v2\/product"}],"about":[{"href":"https:\/\/www.multimedium.eu\/index.php?rest_route=\/wp\/v2\/types\/product"}],"version-history":[{"count":3,"href":"https:\/\/www.multimedium.eu\/index.php?rest_route=\/wp\/v2\/product\/73192\/revisions"}],"predecessor-version":[{"id":83960,"href":"https:\/\/www.multimedium.eu\/index.php?rest_route=\/wp\/v2\/product\/73192\/revisions\/83960"}],"wp:featuredmedia":[{"embeddable":true,"href":"https:\/\/www.multimedium.eu\/index.php?rest_route=\/wp\/v2\/media\/73161"}],"wp:attachment":[{"href":"https:\/\/www.multimedium.eu\/index.php?rest_route=%2Fwp%2Fv2%2Fmedia&parent=73192"}],"wp:term":[{"taxonomy":"product_brand","embeddable":true,"href":"https:\/\/www.multimedium.eu\/index.php?rest_route=%2Fwp%2Fv2%2Fproduct_brand&post=73192"},{"taxonomy":"product_cat","embeddable":true,"href":"https:\/\/www.multimedium.eu\/index.php?rest_route=%2Fwp%2Fv2%2Fproduct_cat&post=73192"},{"taxonomy":"product_tag","embeddable":true,"href":"https:\/\/www.multimedium.eu\/index.php?rest_route=%2Fwp%2Fv2%2Fproduct_tag&post=73192"}],"curies":[{"name":"wp","href":"https:\/\/api.w.org\/{rel}","templated":true}]}}