{"id":73234,"date":"2020-06-11T15:55:35","date_gmt":"2020-06-11T13:55:35","guid":{"rendered":"http:\/\/multimedium.eu\/?post_type=product&#038;p=73234"},"modified":"2025-03-13T09:28:30","modified_gmt":"2025-03-13T08:28:30","slug":"china-silver-brooch-enamel-butterfly-turquoise","status":"publish","type":"product","link":"https:\/\/www.multimedium.eu\/?product=china-silver-brooch-enamel-butterfly-turquoise","title":{"rendered":"China Silver Brooch Enamel Butterfly Turquoise"},"content":{"rendered":"<p><b>Beautiful large decorative Art Nouveau Butterfly Pin Brooch, from China, about 1920<br \/>\nsculptural work in form of a butterfly,<br \/>\nfine filigree handwork in silver, gilt,<br \/>\nwith a beautiful Turquoise in good quality, rare,<br \/>\nwith blue, light blue, green and yellowish green enamel,<br \/>\nwith set turquoise cabochons and cord wire soldering,<br \/>\nbroaching with safety clasp<br \/>\nmarked: silver<br \/>\nage related signs of wear on the gilding<br \/>\nelse in a good beautiful condition<\/b><\/p>\n<p>Width : 2 1\/4&#8243; (5,8 cm)<br \/>\nHeight: 1 3\/4&#8243; (4,5 cm)<\/p>\n","protected":false},"excerpt":{"rendered":"<p><strong>China Silver Brooch Enamel Butterfly Turquoise<\/strong><\/p>\n<p>Sch\u00f6ne gro\u00dfe dekorative Jugendstil Schmetterling Brosche aus China ca. um 1920,<br \/>\nfig\u00fcrliche Arbeit in Form eines Schmetterlings,<br \/>\nfeine filigrane Handarbeit in Silber vergoldet,<br \/>\nmit sch\u00f6nen T\u00fcrkisen in guter Qualit\u00e4t, selten,<br \/>\nmit blauem hellblauem, gr\u00fcnem und gelblich gr\u00fcnem Emaille,<br \/>\nmit gefassten T\u00fcrkis Cabochons und Kordeldraht-Bel\u00f6tung,<br \/>\nBroschierung mit Sicherheitsverschlu\u00df,<br \/>\ngestempelt: silver<\/p>\n<p>Altersbedingt Vergoldung berieben,<br \/>\nsonst in einem guten sch\u00f6nen Erhaltungszustand<\/p>\n<p>Breite: 5,8 cm<br \/>\nH\u00f6he: 4,5 cm<\/p>\n","protected":false},"featured_media":80795,"template":"","meta":{"site-sidebar-layout":"default","site-content-layout":"default","ast-site-content-layout":"","site-content-style":"default","site-sidebar-style":"default","ast-global-header-display":"","ast-banner-title-visibility":"","ast-main-header-display":"","ast-hfb-above-header-display":"","ast-hfb-below-header-display":"","ast-hfb-mobile-header-display":"","site-post-title":"","ast-breadcrumbs-content":"","ast-featured-img":"","footer-sml-layout":"","theme-transparent-header-meta":"default","adv-header-id-meta":"","stick-header-meta":"","header-above-stick-meta":"","header-main-stick-meta":"","header-below-stick-meta":"","astra-migrate-meta-layouts":"default","ast-page-background-enabled":"default","ast-page-background-meta":{"desktop":{"background-color":"","background-image":"","background-repeat":"repeat","background-position":"center center","background-size":"auto","background-attachment":"scroll","background-type":"","background-media":"","overlay-type":"","overlay-color":"","overlay-opacity":"","overlay-gradient":""},"tablet":{"background-color":"","background-image":"","background-repeat":"repeat","background-position":"center center","background-size":"auto","background-attachment":"scroll","background-type":"","background-media":"","overlay-type":"","overlay-color":"","overlay-opacity":"","overlay-gradient":""},"mobile":{"background-color":"","background-image":"","background-repeat":"repeat","background-position":"center center","background-size":"auto","background-attachment":"scroll","background-type":"","background-media":"","overlay-type":"","overlay-color":"","overlay-opacity":"","overlay-gradient":""}},"ast-content-background-meta":{"desktop":{"background-color":"var(--ast-global-color-5)","background-image":"","background-repeat":"repeat","background-position":"center center","background-size":"auto","background-attachment":"scroll","background-type":"","background-media":"","overlay-type":"","overlay-color":"","overlay-opacity":"","overlay-gradient":""},"tablet":{"background-color":"var(--ast-global-color-5)","background-image":"","background-repeat":"repeat","background-position":"center center","background-size":"auto","background-attachment":"scroll","background-type":"","background-media":"","overlay-type":"","overlay-color":"","overlay-opacity":"","overlay-gradient":""},"mobile":{"background-color":"var(--ast-global-color-5)","background-image":"","background-repeat":"repeat","background-position":"center center","background-size":"auto","background-attachment":"scroll","background-type":"","background-media":"","overlay-type":"","overlay-color":"","overlay-opacity":"","overlay-gradient":""}}},"product_brand":[],"product_cat":[3580,3598,3559,3572,4149],"product_tag":[3700,3642,4135,4153,4154,4057,3639,3654,4155,3669,3670,3662,3789,4013,4157,3698,4056,3637,4156,3641,3342,3832,3677,3660],"class_list":{"0":"post-73234","1":"product","2":"type-product","3":"status-publish","4":"has-post-thumbnail","6":"product_cat-broschen","7":"product_cat-emaille","8":"product_cat-jugendstil","9":"product_cat-juwelen","10":"product_cat-tuerkis","11":"product_tag-art-nouveau","12":"product_tag-butterfly","13":"product_tag-cabochon","14":"product_tag-china","15":"product_tag-chinese","16":"product_tag-cord-wire","17":"product_tag-emaille","18":"product_tag-enamel","19":"product_tag-export","20":"product_tag-filigran","21":"product_tag-filigree","22":"product_tag-gilt","23":"product_tag-handarbeit","24":"product_tag-handwork","25":"product_tag-jewelry","26":"product_tag-jugendstil","27":"product_tag-kordeldraht","28":"product_tag-schmetterling","29":"product_tag-schmuck","30":"product_tag-silber","31":"product_tag-silver","32":"product_tag-tuerkis","33":"product_tag-turquoise","34":"product_tag-vergoldet","35":"desktop-align-left","36":"tablet-align-left","37":"mobile-align-left","39":"first","40":"instock","41":"sold-individually","42":"shipping-taxable","43":"purchasable","44":"product-type-simple"},"_links":{"self":[{"href":"https:\/\/www.multimedium.eu\/index.php?rest_route=\/wp\/v2\/product\/73234","targetHints":{"allow":["GET"]}}],"collection":[{"href":"https:\/\/www.multimedium.eu\/index.php?rest_route=\/wp\/v2\/product"}],"about":[{"href":"https:\/\/www.multimedium.eu\/index.php?rest_route=\/wp\/v2\/types\/product"}],"version-history":[{"count":3,"href":"https:\/\/www.multimedium.eu\/index.php?rest_route=\/wp\/v2\/product\/73234\/revisions"}],"predecessor-version":[{"id":83915,"href":"https:\/\/www.multimedium.eu\/index.php?rest_route=\/wp\/v2\/product\/73234\/revisions\/83915"}],"wp:featuredmedia":[{"embeddable":true,"href":"https:\/\/www.multimedium.eu\/index.php?rest_route=\/wp\/v2\/media\/80795"}],"wp:attachment":[{"href":"https:\/\/www.multimedium.eu\/index.php?rest_route=%2Fwp%2Fv2%2Fmedia&parent=73234"}],"wp:term":[{"taxonomy":"product_brand","embeddable":true,"href":"https:\/\/www.multimedium.eu\/index.php?rest_route=%2Fwp%2Fv2%2Fproduct_brand&post=73234"},{"taxonomy":"product_cat","embeddable":true,"href":"https:\/\/www.multimedium.eu\/index.php?rest_route=%2Fwp%2Fv2%2Fproduct_cat&post=73234"},{"taxonomy":"product_tag","embeddable":true,"href":"https:\/\/www.multimedium.eu\/index.php?rest_route=%2Fwp%2Fv2%2Fproduct_tag&post=73234"}],"curies":[{"name":"wp","href":"https:\/\/api.w.org\/{rel}","templated":true}]}}