{"id":74769,"date":"2020-07-22T23:04:12","date_gmt":"2020-07-22T21:04:12","guid":{"rendered":"http:\/\/multimedium.eu\/?post_type=product&#038;p=74769"},"modified":"2025-03-13T09:31:00","modified_gmt":"2025-03-13T08:31:00","slug":"ernst-fuchs-farblithografie-jakobus-und-johannes-1993-rahmen-verglast","status":"publish","type":"product","link":"https:\/\/www.multimedium.eu\/?product=ernst-fuchs-farblithografie-jakobus-und-johannes-1993-rahmen-verglast","title":{"rendered":"Ernst Fuchs Farblithografie Jakobus und Johannes 1993 Rahmen verglast"},"content":{"rendered":"","protected":false},"excerpt":{"rendered":"<div><strong>Ernst Fuchs Farblithografie Jakobus und Johannes 1993 Rahmen verglast<\/strong><\/div>\n<div><\/div>\n<div class=\"description\">Interessantes rares Ernst Fuchs Bild \/<br \/>\nFarblithografie &#8222;Jakobus und Johannes&#8220;<\/div>\n<div class=\"description\">die S\u00f6hne des Zebed\u00e4us, um 1993<\/div>\n<div class=\"description\">colorierte Druckgraphik mit religi\u00f6sem Thema,<\/div>\n<div class=\"description\">in einziartiger Farbgebung,<\/div>\n<div class=\"description\">mit Original vergoldeten Holz Rahmen, verglast,<br \/>\nRahmen mit Aufh\u00e4ngung<\/div>\n<div class=\"description\">2 x Signiert (1x mit ausgeschriebenen Namen des K\u00fcnstlers,<\/div>\n<div class=\"description\">1 x mit den Anfangsbuchstaben des K\u00fcnstlers\u00a0 &#8211; E. F. &#8211; )<\/div>\n<div class=\"description\">in einem guten sch\u00f6nen ErhaltungszustandRahmengr\u00f6\u00dfe (H x B): 64 x 38 cm<\/p>\n<\/div>\n<div class=\"description\">Bildgr\u00f6\u00dfe (sichtbares Ma\u00df): (H x B): 52 x 27 cm<\/div>\n<p>&nbsp;<\/p>\n","protected":false},"featured_media":74771,"template":"","meta":{"site-sidebar-layout":"default","site-content-layout":"default","ast-site-content-layout":"","site-content-style":"default","site-sidebar-style":"default","ast-global-header-display":"","ast-banner-title-visibility":"","ast-main-header-display":"","ast-hfb-above-header-display":"","ast-hfb-below-header-display":"","ast-hfb-mobile-header-display":"","site-post-title":"","ast-breadcrumbs-content":"","ast-featured-img":"","footer-sml-layout":"","theme-transparent-header-meta":"default","adv-header-id-meta":"","stick-header-meta":"","header-above-stick-meta":"","header-main-stick-meta":"","header-below-stick-meta":"","astra-migrate-meta-layouts":"default","ast-page-background-enabled":"default","ast-page-background-meta":{"desktop":{"background-color":"","background-image":"","background-repeat":"repeat","background-position":"center center","background-size":"auto","background-attachment":"scroll","background-type":"","background-media":"","overlay-type":"","overlay-color":"","overlay-opacity":"","overlay-gradient":""},"tablet":{"background-color":"","background-image":"","background-repeat":"repeat","background-position":"center center","background-size":"auto","background-attachment":"scroll","background-type":"","background-media":"","overlay-type":"","overlay-color":"","overlay-opacity":"","overlay-gradient":""},"mobile":{"background-color":"","background-image":"","background-repeat":"repeat","background-position":"center center","background-size":"auto","background-attachment":"scroll","background-type":"","background-media":"","overlay-type":"","overlay-color":"","overlay-opacity":"","overlay-gradient":""}},"ast-content-background-meta":{"desktop":{"background-color":"var(--ast-global-color-5)","background-image":"","background-repeat":"repeat","background-position":"center center","background-size":"auto","background-attachment":"scroll","background-type":"","background-media":"","overlay-type":"","overlay-color":"","overlay-opacity":"","overlay-gradient":""},"tablet":{"background-color":"var(--ast-global-color-5)","background-image":"","background-repeat":"repeat","background-position":"center center","background-size":"auto","background-attachment":"scroll","background-type":"","background-media":"","overlay-type":"","overlay-color":"","overlay-opacity":"","overlay-gradient":""},"mobile":{"background-color":"var(--ast-global-color-5)","background-image":"","background-repeat":"repeat","background-position":"center center","background-size":"auto","background-attachment":"scroll","background-type":"","background-media":"","overlay-type":"","overlay-color":"","overlay-opacity":"","overlay-gradient":""}}},"product_brand":[],"product_cat":[3608,4324,4365,4322],"product_tag":[4771,4769,4770,4766,4768,4090,4772,4767,4773,3660,4217],"class_list":{"0":"post-74769","1":"product","2":"type-product","3":"status-publish","4":"has-post-thumbnail","6":"product_cat-gemaelde-grafik","7":"product_cat-kunstobjekte","8":"product_cat-modernist","9":"product_cat-periode","10":"product_tag-coloriert","11":"product_tag-die-soehne-des-zebedaeus","12":"product_tag-druckgraphik","13":"product_tag-ernst-fuchs","14":"product_tag-farblithografie","15":"product_tag-frame","16":"product_tag-holz-rahmen","17":"product_tag-jakobus-und-johannes","18":"product_tag-verglast","19":"product_tag-vergoldet","20":"product_tag-wood","21":"desktop-align-left","22":"tablet-align-left","23":"mobile-align-left","25":"first","26":"instock","27":"sold-individually","28":"shipping-taxable","29":"purchasable","30":"product-type-simple"},"_links":{"self":[{"href":"https:\/\/www.multimedium.eu\/index.php?rest_route=\/wp\/v2\/product\/74769","targetHints":{"allow":["GET"]}}],"collection":[{"href":"https:\/\/www.multimedium.eu\/index.php?rest_route=\/wp\/v2\/product"}],"about":[{"href":"https:\/\/www.multimedium.eu\/index.php?rest_route=\/wp\/v2\/types\/product"}],"version-history":[{"count":2,"href":"https:\/\/www.multimedium.eu\/index.php?rest_route=\/wp\/v2\/product\/74769\/revisions"}],"predecessor-version":[{"id":83623,"href":"https:\/\/www.multimedium.eu\/index.php?rest_route=\/wp\/v2\/product\/74769\/revisions\/83623"}],"wp:featuredmedia":[{"embeddable":true,"href":"https:\/\/www.multimedium.eu\/index.php?rest_route=\/wp\/v2\/media\/74771"}],"wp:attachment":[{"href":"https:\/\/www.multimedium.eu\/index.php?rest_route=%2Fwp%2Fv2%2Fmedia&parent=74769"}],"wp:term":[{"taxonomy":"product_brand","embeddable":true,"href":"https:\/\/www.multimedium.eu\/index.php?rest_route=%2Fwp%2Fv2%2Fproduct_brand&post=74769"},{"taxonomy":"product_cat","embeddable":true,"href":"https:\/\/www.multimedium.eu\/index.php?rest_route=%2Fwp%2Fv2%2Fproduct_cat&post=74769"},{"taxonomy":"product_tag","embeddable":true,"href":"https:\/\/www.multimedium.eu\/index.php?rest_route=%2Fwp%2Fv2%2Fproduct_tag&post=74769"}],"curies":[{"name":"wp","href":"https:\/\/api.w.org\/{rel}","templated":true}]}}