{"id":74830,"date":"2020-07-23T21:33:57","date_gmt":"2020-07-23T19:33:57","guid":{"rendered":"http:\/\/multimedium.eu\/?post_type=product&#038;p=74830"},"modified":"2025-03-13T09:30:59","modified_gmt":"2025-03-13T08:30:59","slug":"grosse-art-deco-585-rotgold-gelbgold-brosche-wien-schleife-pin-brooch-gold-18g","status":"publish","type":"product","link":"https:\/\/www.multimedium.eu\/?product=grosse-art-deco-585-rotgold-gelbgold-brosche-wien-schleife-pin-brooch-gold-18g","title":{"rendered":"Gro\u00dfe Art Deco 585 Rotgold Gelbgold Brosche Wien Schleife pin brooch gold 18g"},"content":{"rendered":"<h6>Large Art Deco 585 red gold yellow gold brooch Vienna loop pin brooch gold 18g<\/h6>\n<p>Rare, large, attractive, solidly worked Art Deco brooch<br \/>\nin 2 colored 14k red and yellow gold from the 1930s<br \/>\nhandcrafted,<br \/>\nthe leaves are worked in yellow gold in a fine engraved pattern,<br \/>\nthe straps are made of pierced red gold,<br \/>\nthe panicles are in red gold and underline the attractiveness of this beautiful brooch with openwork decoration,<br \/>\nthe ball soldering in red gold increases the volume to the overall impression and gives the brooch a beautiful fullness,<br \/>\nthe size of the brooch is an absolute eye-catcher<br \/>\nPin with safety lock and horse&#8217;s head hallmark (for 585 gold, used from 1925, W for Vienna)<br \/>\nBrooch additionally stamped twice below the safety clasp on the openwork rose gold band<br \/>\nwith Viennese horse head hallmark (for 585 gold, used from 1925, W for Vienna)<br \/>\nin a good beautiful state of preservation<\/p>\n<p>Width of the brooch: 6.4 cm<br \/>\nBrooch height: 5.2 cm<br \/>\nTotal Weight: 18.1g<\/p>\n","protected":false},"excerpt":{"rendered":"<p><strong>Gro\u00dfe Art Deco 585 Rotgold Gelbgold Brosche Wien Schleife pin brooch gold 18g<\/strong><\/p>\n<p>Seltene gro\u00dfe attraktive massiv gearbeitete Art Deco Brosche<br \/>\nin 2 farbigen 14 kar\u00e4tigem Rot- und Gelbgold aus den 30er Jahren<br \/>\nin Handarbeit gefertigt,<br \/>\ndie Bl\u00e4tter sind in Gelbgold in einem feinen zsiseliertem Muster gearbeitet,<br \/>\ndie B\u00e4nder sind in durchrochenen Rotgold gerarbeitet,<br \/>\ndie Rispen sind in Rotgold und unterstreichen mit durchbrochner Verzierung die Attraktivit\u00e4t dieser sch\u00f6nen Brosche,<br \/>\ndie Kugelbel\u00f6tungen in Rotgold heben zum Gesamteindruck das Volumen\u00a0 und geben der Brosche eine sch\u00f6ne F\u00fclle,<br \/>\ndie Gr\u00f6\u00dfe der Brosche ist ein absoluter Hingucker<br \/>\nNadel mit Sicherheitsverschlu\u00df und Pferdekopfpunze (f\u00fcr 585er Gold, verwendet ab 1925, W f\u00fcr Wien)<br \/>\nBrosche unterhalb des Sicherheitsverschlusses auf dem durchbrochenen Rotgoldband zus\u00e4tzlich nochmals 2x gestempelt<br \/>\nmit Wiener Pferdekopfpunze (f\u00fcr 585er Gold, verwendet ab 1925, W f\u00fcr Wien)<br \/>\nin einem guten sch\u00f6nen Erhaltungszustand<\/p>\n<p>Breite der Brosche:\u00a0\u00a0 6,4 cm<br \/>\nH\u00f6he der Brosche:\u00a0 5,2 cm<br \/>\nGesamtgewicht: 18,1 g<\/p>\n","protected":false},"featured_media":74834,"template":"","meta":{"site-sidebar-layout":"default","site-content-layout":"default","ast-site-content-layout":"default","site-content-style":"default","site-sidebar-style":"default","ast-global-header-display":"","ast-banner-title-visibility":"","ast-main-header-display":"","ast-hfb-above-header-display":"","ast-hfb-below-header-display":"","ast-hfb-mobile-header-display":"","site-post-title":"","ast-breadcrumbs-content":"","ast-featured-img":"","footer-sml-layout":"","theme-transparent-header-meta":"default","adv-header-id-meta":"","stick-header-meta":"","header-above-stick-meta":"","header-main-stick-meta":"","header-below-stick-meta":"","astra-migrate-meta-layouts":"set","ast-page-background-enabled":"default","ast-page-background-meta":{"desktop":{"background-color":"","background-image":"","background-repeat":"repeat","background-position":"center center","background-size":"auto","background-attachment":"scroll","background-type":"","background-media":"","overlay-type":"","overlay-color":"","overlay-opacity":"","overlay-gradient":""},"tablet":{"background-color":"","background-image":"","background-repeat":"repeat","background-position":"center center","background-size":"auto","background-attachment":"scroll","background-type":"","background-media":"","overlay-type":"","overlay-color":"","overlay-opacity":"","overlay-gradient":""},"mobile":{"background-color":"","background-image":"","background-repeat":"repeat","background-position":"center center","background-size":"auto","background-attachment":"scroll","background-type":"","background-media":"","overlay-type":"","overlay-color":"","overlay-opacity":"","overlay-gradient":""}},"ast-content-background-meta":{"desktop":{"background-color":"var(--ast-global-color-5)","background-image":"","background-repeat":"repeat","background-position":"center center","background-size":"auto","background-attachment":"scroll","background-type":"","background-media":"","overlay-type":"","overlay-color":"","overlay-opacity":"","overlay-gradient":""},"tablet":{"background-color":"var(--ast-global-color-5)","background-image":"","background-repeat":"repeat","background-position":"center center","background-size":"auto","background-attachment":"scroll","background-type":"","background-media":"","overlay-type":"","overlay-color":"","overlay-opacity":"","overlay-gradient":""},"mobile":{"background-color":"var(--ast-global-color-5)","background-image":"","background-repeat":"repeat","background-position":"center center","background-size":"auto","background-attachment":"scroll","background-type":"","background-media":"","overlay-type":"","overlay-color":"","overlay-opacity":"","overlay-gradient":""}}},"product_brand":[],"product_cat":[3806,3580,3564,3572,4322,4321],"product_tag":[3716,3643,3636,4764,3710,4423],"class_list":{"0":"post-74830","1":"product","2":"type-product","3":"status-publish","4":"has-post-thumbnail","6":"product_cat-art-deco","7":"product_cat-broschen","8":"product_cat-gold","9":"product_cat-juwelen","10":"product_cat-periode","11":"product_cat-steine","12":"product_tag-art-deco","13":"product_tag-brooch","14":"product_tag-brosche","15":"product_tag-gelbgold","16":"product_tag-gold","17":"product_tag-rotgold","18":"desktop-align-left","19":"tablet-align-left","20":"mobile-align-left","22":"first","23":"instock","24":"sold-individually","25":"shipping-taxable","26":"purchasable","27":"product-type-simple"},"_links":{"self":[{"href":"https:\/\/www.multimedium.eu\/index.php?rest_route=\/wp\/v2\/product\/74830","targetHints":{"allow":["GET"]}}],"collection":[{"href":"https:\/\/www.multimedium.eu\/index.php?rest_route=\/wp\/v2\/product"}],"about":[{"href":"https:\/\/www.multimedium.eu\/index.php?rest_route=\/wp\/v2\/types\/product"}],"version-history":[{"count":4,"href":"https:\/\/www.multimedium.eu\/index.php?rest_route=\/wp\/v2\/product\/74830\/revisions"}],"predecessor-version":[{"id":88044,"href":"https:\/\/www.multimedium.eu\/index.php?rest_route=\/wp\/v2\/product\/74830\/revisions\/88044"}],"wp:featuredmedia":[{"embeddable":true,"href":"https:\/\/www.multimedium.eu\/index.php?rest_route=\/wp\/v2\/media\/74834"}],"wp:attachment":[{"href":"https:\/\/www.multimedium.eu\/index.php?rest_route=%2Fwp%2Fv2%2Fmedia&parent=74830"}],"wp:term":[{"taxonomy":"product_brand","embeddable":true,"href":"https:\/\/www.multimedium.eu\/index.php?rest_route=%2Fwp%2Fv2%2Fproduct_brand&post=74830"},{"taxonomy":"product_cat","embeddable":true,"href":"https:\/\/www.multimedium.eu\/index.php?rest_route=%2Fwp%2Fv2%2Fproduct_cat&post=74830"},{"taxonomy":"product_tag","embeddable":true,"href":"https:\/\/www.multimedium.eu\/index.php?rest_route=%2Fwp%2Fv2%2Fproduct_tag&post=74830"}],"curies":[{"name":"wp","href":"https:\/\/api.w.org\/{rel}","templated":true}]}}