{"id":76051,"date":"2020-08-06T21:48:01","date_gmt":"2020-08-06T19:48:01","guid":{"rendered":"http:\/\/multimedium.eu\/?post_type=product&#038;p=76051"},"modified":"2025-03-13T09:30:31","modified_gmt":"2025-03-13T08:30:31","slug":"art-deco-zigarettenetui-silber-gold-saphir-silver-cigarette-case-box","status":"publish","type":"product","link":"https:\/\/www.multimedium.eu\/?product=art-deco-zigarettenetui-silber-gold-saphir-silver-cigarette-case-box","title":{"rendered":"Art Deco Zigarettenetui Silber Gold Saphir silver cigarette case box Johann FRANZ jun."},"content":{"rendered":"","protected":false},"excerpt":{"rendered":"<div><strong>-VERKAUFT &#8211;<br \/>\nArt Deco Zigarettenetui Silber Gold Saphir silver cigarette case box Johann FRANZ jun.<\/strong><\/div>\n<div class=\"description\">Schweres edles massives Zigaretten-Etui bzw. Tabaksdose<\/div>\n<div class=\"description\">von <span style=\"font-size: large;\">Johann FRANZ jun., Schw\u00e4bisch Gm\u00fcnd, <\/span>in 925er Sterling Silber<\/div>\n<div class=\"description\">mit abgerundeten Ecken, mit Saphir<\/div>\n<div class=\"description\">und vergoldeter Applikation zum \u00d6ffnen (Vergoldung berieben)<\/div>\n<div class=\"description\">im F\u00e4cherdekor, formsch\u00f6nes St\u00fcck,<\/div>\n<div class=\"description\"><span style=\"font-size: large;\">mit scharniertem Deckel, <\/span><\/div>\n<div class=\"description\"><span style=\"font-size: large;\">gestempelt (siehe Foto) : 925S<br \/>\n<\/span><\/div>\n<div class=\"description\"><span style=\"font-size: large;\">und Herstellerpunze von Johann FRANZ jun., Schw\u00e4bisch Gm\u00fcnd<\/span><\/div>\n<div class=\"description\"><span style=\"font-size: large;\">\u00a0<\/span><\/div>\n<div class=\"description\">in einem guten gebrauchten Erhaltungszustand<\/div>\n<div class=\"description\"><\/div>\n<div class=\"description\">L\u00e4nge des Zigaretten-Etuis: 9,6 cm<\/div>\n<div class=\"description\">Breite des Zigaretten-Etuis: 8,1 cm<\/div>\n<div class=\"description\">Tiefe des Zigaretten-Etuis: 1,6 cm<\/div>\n<div class=\"description\">Innenma\u00dfe (L x B): 8,36 x7,46 cm<\/div>\n<div class=\"description\">Gesamtgewicht: 193 g<\/div>\n","protected":false},"featured_media":76052,"template":"","meta":{"site-sidebar-layout":"default","site-content-layout":"default","ast-site-content-layout":"","site-content-style":"default","site-sidebar-style":"default","ast-global-header-display":"","ast-banner-title-visibility":"","ast-main-header-display":"","ast-hfb-above-header-display":"","ast-hfb-below-header-display":"","ast-hfb-mobile-header-display":"","site-post-title":"","ast-breadcrumbs-content":"","ast-featured-img":"","footer-sml-layout":"","theme-transparent-header-meta":"default","adv-header-id-meta":"","stick-header-meta":"","header-above-stick-meta":"","header-main-stick-meta":"","header-below-stick-meta":"","astra-migrate-meta-layouts":"default","ast-page-background-enabled":"default","ast-page-background-meta":{"desktop":{"background-color":"","background-image":"","background-repeat":"repeat","background-position":"center center","background-size":"auto","background-attachment":"scroll","background-type":"","background-media":"","overlay-type":"","overlay-color":"","overlay-opacity":"","overlay-gradient":""},"tablet":{"background-color":"","background-image":"","background-repeat":"repeat","background-position":"center center","background-size":"auto","background-attachment":"scroll","background-type":"","background-media":"","overlay-type":"","overlay-color":"","overlay-opacity":"","overlay-gradient":""},"mobile":{"background-color":"","background-image":"","background-repeat":"repeat","background-position":"center center","background-size":"auto","background-attachment":"scroll","background-type":"","background-media":"","overlay-type":"","overlay-color":"","overlay-opacity":"","overlay-gradient":""}},"ast-content-background-meta":{"desktop":{"background-color":"var(--ast-global-color-5)","background-image":"","background-repeat":"repeat","background-position":"center center","background-size":"auto","background-attachment":"scroll","background-type":"","background-media":"","overlay-type":"","overlay-color":"","overlay-opacity":"","overlay-gradient":""},"tablet":{"background-color":"var(--ast-global-color-5)","background-image":"","background-repeat":"repeat","background-position":"center center","background-size":"auto","background-attachment":"scroll","background-type":"","background-media":"","overlay-type":"","overlay-color":"","overlay-opacity":"","overlay-gradient":""},"mobile":{"background-color":"var(--ast-global-color-5)","background-image":"","background-repeat":"repeat","background-position":"center center","background-size":"auto","background-attachment":"scroll","background-type":"","background-media":"","overlay-type":"","overlay-color":"","overlay-opacity":"","overlay-gradient":""}}},"product_brand":[],"product_cat":[3806,4324,4322,4791,4325,3620,4321,4320],"product_tag":[4235,4934,3662,3710,4792,4793,3641,3342,4095,3660,4215,4821],"class_list":{"0":"post-76051","1":"product","2":"type-product","3":"status-publish","4":"has-post-thumbnail","6":"product_cat-art-deco","7":"product_cat-kunstobjekte","8":"product_cat-periode","9":"product_cat-saphir","10":"product_cat-silber","11":"product_cat-silber-objekte","12":"product_cat-steine","13":"product_cat-verkauft","14":"product_tag-box","15":"product_tag-cigarette-case","16":"product_tag-gilt","17":"product_tag-gold","18":"product_tag-saphir","19":"product_tag-sapphire","20":"product_tag-silber","21":"product_tag-silver","22":"product_tag-tabaksdose","23":"product_tag-vergoldet","24":"product_tag-verkauft","25":"product_tag-zigarettenetui","26":"desktop-align-left","27":"tablet-align-left","28":"mobile-align-left","30":"first","31":"outofstock","32":"sold-individually","33":"shipping-taxable","34":"product-type-simple"},"_links":{"self":[{"href":"https:\/\/www.multimedium.eu\/index.php?rest_route=\/wp\/v2\/product\/76051","targetHints":{"allow":["GET"]}}],"collection":[{"href":"https:\/\/www.multimedium.eu\/index.php?rest_route=\/wp\/v2\/product"}],"about":[{"href":"https:\/\/www.multimedium.eu\/index.php?rest_route=\/wp\/v2\/types\/product"}],"version-history":[{"count":6,"href":"https:\/\/www.multimedium.eu\/index.php?rest_route=\/wp\/v2\/product\/76051\/revisions"}],"predecessor-version":[{"id":87787,"href":"https:\/\/www.multimedium.eu\/index.php?rest_route=\/wp\/v2\/product\/76051\/revisions\/87787"}],"wp:featuredmedia":[{"embeddable":true,"href":"https:\/\/www.multimedium.eu\/index.php?rest_route=\/wp\/v2\/media\/76052"}],"wp:attachment":[{"href":"https:\/\/www.multimedium.eu\/index.php?rest_route=%2Fwp%2Fv2%2Fmedia&parent=76051"}],"wp:term":[{"taxonomy":"product_brand","embeddable":true,"href":"https:\/\/www.multimedium.eu\/index.php?rest_route=%2Fwp%2Fv2%2Fproduct_brand&post=76051"},{"taxonomy":"product_cat","embeddable":true,"href":"https:\/\/www.multimedium.eu\/index.php?rest_route=%2Fwp%2Fv2%2Fproduct_cat&post=76051"},{"taxonomy":"product_tag","embeddable":true,"href":"https:\/\/www.multimedium.eu\/index.php?rest_route=%2Fwp%2Fv2%2Fproduct_tag&post=76051"}],"curies":[{"name":"wp","href":"https:\/\/api.w.org\/{rel}","templated":true}]}}