{"id":76177,"date":"2020-08-08T23:27:09","date_gmt":"2020-08-08T21:27:09","guid":{"rendered":"http:\/\/multimedium.eu\/?post_type=product&#038;p=76177"},"modified":"2025-03-13T09:30:28","modified_gmt":"2025-03-13T08:30:28","slug":"xxl-vintage-markasit-silber-brosche-blume-im-art-deco-silver-brooch","status":"publish","type":"product","link":"https:\/\/www.multimedium.eu\/?product=xxl-vintage-markasit-silber-brosche-blume-im-art-deco-silver-brooch","title":{"rendered":"XXL Vintage Markasit Silber Brosche Blume im Art Deco silver brooch"},"content":{"rendered":"<p>Very large beautiful decorative vintage silver marcasite brooch<br \/>\nin the Art Deco style in the shape of a flower<br \/>\nin the center with a cultured pearl and countless set marcasites<br \/>\nPetals beautifully worked out in silver,<br \/>\nStarting from the center, it is designed on several levels in a raised manner<br \/>\nreminiscent of the great performances of the 30s,<br \/>\nan absolute eye-catcher, something very special!<br \/>\nBrochure with safety lock<br \/>\nmarkeded: 925<\/p>\n<p>in a good, beautiful top condition<\/p>\n<p>Brooch height: 3,7&#8243; (9.4 cm)<br \/>\nWidth of the brooch: 3,35&#8243; (8.5 cm)<\/p>\n","protected":false},"excerpt":{"rendered":"<p><strong>XXL Vintage Markasit Silber Brosche Blume im Art Deco silver brooch<\/strong><\/p>\n<p>Sehr gro\u00dfe prachtvolle dekorative vintage Silber Markasit Brosche<br \/>\nim Art Deco Stil in Form einer Blume<br \/>\nmittig mit einer Zuchtperle und unz\u00e4hlig gefa\u00dften Markasiten<br \/>\nBl\u00fctenbl\u00e4tter sch\u00f6n ausgearbeitet in Silber,<br \/>\nvon der Mitte ausgehend auf mehreren Ebenen erhaben gestaltet<br \/>\nerinnert an die gro\u00dfen Auftritte der 30er Jahre,<br \/>\nein absoluter Blickfang, etwas ganz Besonderes!<br \/>\nBroschierung mit Sicherheitsverschlu\u00df<br \/>\ngestempelt: 925<\/p>\n<p>in einem guten sch\u00f6nen Top Erhaltungszustand<\/p>\n<p>H\u00f6he der Brosche: 9,4 cm<br \/>\nBreite der Brosches: 8,5 cm<\/p>\n","protected":false},"featured_media":76179,"template":"","meta":{"site-sidebar-layout":"default","site-content-layout":"default","ast-site-content-layout":"","site-content-style":"default","site-sidebar-style":"default","ast-global-header-display":"","ast-banner-title-visibility":"","ast-main-header-display":"","ast-hfb-above-header-display":"","ast-hfb-below-header-display":"","ast-hfb-mobile-header-display":"","site-post-title":"","ast-breadcrumbs-content":"","ast-featured-img":"","footer-sml-layout":"","theme-transparent-header-meta":"default","adv-header-id-meta":"","stick-header-meta":"","header-above-stick-meta":"","header-main-stick-meta":"","header-below-stick-meta":"","astra-migrate-meta-layouts":"default","ast-page-background-enabled":"default","ast-page-background-meta":{"desktop":{"background-color":"","background-image":"","background-repeat":"repeat","background-position":"center center","background-size":"auto","background-attachment":"scroll","background-type":"","background-media":"","overlay-type":"","overlay-color":"","overlay-opacity":"","overlay-gradient":""},"tablet":{"background-color":"","background-image":"","background-repeat":"repeat","background-position":"center center","background-size":"auto","background-attachment":"scroll","background-type":"","background-media":"","overlay-type":"","overlay-color":"","overlay-opacity":"","overlay-gradient":""},"mobile":{"background-color":"","background-image":"","background-repeat":"repeat","background-position":"center center","background-size":"auto","background-attachment":"scroll","background-type":"","background-media":"","overlay-type":"","overlay-color":"","overlay-opacity":"","overlay-gradient":""}},"ast-content-background-meta":{"desktop":{"background-color":"var(--ast-global-color-5)","background-image":"","background-repeat":"repeat","background-position":"center center","background-size":"auto","background-attachment":"scroll","background-type":"","background-media":"","overlay-type":"","overlay-color":"","overlay-opacity":"","overlay-gradient":""},"tablet":{"background-color":"var(--ast-global-color-5)","background-image":"","background-repeat":"repeat","background-position":"center center","background-size":"auto","background-attachment":"scroll","background-type":"","background-media":"","overlay-type":"","overlay-color":"","overlay-opacity":"","overlay-gradient":""},"mobile":{"background-color":"var(--ast-global-color-5)","background-image":"","background-repeat":"repeat","background-position":"center center","background-size":"auto","background-attachment":"scroll","background-type":"","background-media":"","overlay-type":"","overlay-color":"","overlay-opacity":"","overlay-gradient":""}}},"product_brand":[],"product_cat":[3806,3580,3572,4750,4322,4754,4325,4321],"product_tag":[3716,3643,3636,5710,3664,3658,3668,3667,3641,3342,4539,4840],"class_list":{"0":"post-76177","1":"product","2":"type-product","3":"status-publish","4":"has-post-thumbnail","6":"product_cat-art-deco","7":"product_cat-broschen","8":"product_cat-juwelen","9":"product_cat-markasite","10":"product_cat-periode","11":"product_cat-perle","12":"product_cat-silber","13":"product_cat-steine","14":"product_tag-art-deco","15":"product_tag-brooch","16":"product_tag-brosche","17":"product_tag-large","18":"product_tag-marcasites","19":"product_tag-markasiten","20":"product_tag-pearl","21":"product_tag-perle","22":"product_tag-silber","23":"product_tag-silver","24":"product_tag-xxl","25":"product_tag-zuchtperle","26":"desktop-align-left","27":"tablet-align-left","28":"mobile-align-left","30":"first","31":"instock","32":"sold-individually","33":"shipping-taxable","34":"purchasable","35":"product-type-simple"},"_links":{"self":[{"href":"https:\/\/www.multimedium.eu\/index.php?rest_route=\/wp\/v2\/product\/76177","targetHints":{"allow":["GET"]}}],"collection":[{"href":"https:\/\/www.multimedium.eu\/index.php?rest_route=\/wp\/v2\/product"}],"about":[{"href":"https:\/\/www.multimedium.eu\/index.php?rest_route=\/wp\/v2\/types\/product"}],"version-history":[{"count":3,"href":"https:\/\/www.multimedium.eu\/index.php?rest_route=\/wp\/v2\/product\/76177\/revisions"}],"predecessor-version":[{"id":82323,"href":"https:\/\/www.multimedium.eu\/index.php?rest_route=\/wp\/v2\/product\/76177\/revisions\/82323"}],"wp:featuredmedia":[{"embeddable":true,"href":"https:\/\/www.multimedium.eu\/index.php?rest_route=\/wp\/v2\/media\/76179"}],"wp:attachment":[{"href":"https:\/\/www.multimedium.eu\/index.php?rest_route=%2Fwp%2Fv2%2Fmedia&parent=76177"}],"wp:term":[{"taxonomy":"product_brand","embeddable":true,"href":"https:\/\/www.multimedium.eu\/index.php?rest_route=%2Fwp%2Fv2%2Fproduct_brand&post=76177"},{"taxonomy":"product_cat","embeddable":true,"href":"https:\/\/www.multimedium.eu\/index.php?rest_route=%2Fwp%2Fv2%2Fproduct_cat&post=76177"},{"taxonomy":"product_tag","embeddable":true,"href":"https:\/\/www.multimedium.eu\/index.php?rest_route=%2Fwp%2Fv2%2Fproduct_tag&post=76177"}],"curies":[{"name":"wp","href":"https:\/\/api.w.org\/{rel}","templated":true}]}}