{"id":76392,"date":"2020-08-13T23:53:38","date_gmt":"2020-08-13T21:53:38","guid":{"rendered":"http:\/\/multimedium.eu\/?post_type=product&#038;p=76392"},"modified":"2025-03-13T09:30:24","modified_gmt":"2025-03-13T08:30:24","slug":"jugendstil-silber-lapis-lazuli-lavaliere-collier-halskette-art-nouveau-necklace","status":"publish","type":"product","link":"https:\/\/www.multimedium.eu\/?product=jugendstil-silber-lapis-lazuli-lavaliere-collier-halskette-art-nouveau-necklace","title":{"rendered":"Jugendstil Silber Lapis Lazuli Lavaliere Collier Halskette art nouveau necklace"},"content":{"rendered":"<h6>Art Nouveau Silver Lapis Lazuli Lavaliere Collier Necklace<\/h6>\n<p>Adorable, unusual, beautiful Art Nouveau lapis lazuli silver necklace from around 1910<br \/>\nrosette-shaped middle part with ball soldering in the middle with a donated lapis lazuli pearl<br \/>\nwith small rosette decoration<br \/>\nA set teardrop in silver mounting hangs on 2 small chains on hanging loops<br \/>\nMarked: illegible hallmark and Austrian silver import hallmark, additionally tested for silver<\/p>\n<p>in a good beautiful state of preservation<\/p>\n<p>Middle part height: 2,75&#8243; (7 cm)<br \/>\nWidth of the middle part: 0,79&#8243; (2 cm)<br \/>\nHeight of teardrop: 1,81&#8243; (4.6 cm)<br \/>\nDiameter of the teardrop: 0,35&#8243; (9 mm)<br \/>\nTotal chain length : 1,75&#8243; (44.5 cm)<\/p>\n","protected":false},"excerpt":{"rendered":"<p><strong>Jugendstil Silber Lapis Lazuli Lavaliere Collier Halskette art nouveau necklace<\/strong><\/p>\n<p>Entz\u00fcckendes, ausgefallenes sch\u00f6nes Jugendstil Lapis Lazuli Silber Collier um 1910<br \/>\nrosettenf\u00f6rmiges Mittelteil mit Kugelbel\u00f6tung in der Mitte mit einer gestifteten Lapis Lazuli Perle<br \/>\nmit kleiner Rosettenverzierung<br \/>\nan 2 Kettchen an einh\u00e4ngenden \u00d6sen h\u00e4ngt eine gefassten Pampel in Silbermontierung<br \/>\ngestempelt: unlesebare Punze und \u00f6sterreichische Silber-Importpunze, zus\u00e4tzlich auf Silber gepr\u00fcft<\/p>\n<p>in einem guten sch\u00f6nen Erhaltungszustand<\/p>\n<p>H\u00f6he des Mittelteils: 7\u00a0 cm<br \/>\nBreite des Mittelteils: 2\u00a0 cm<br \/>\nH\u00f6he der Pampel: 4,6 cm<br \/>\nDurchmesser der Pampel: 9 mm<br \/>\nGesamtl\u00e4nge der Kette :\u00a0\u00a0 44,5 cm<\/p>\n","protected":false},"featured_media":76395,"template":"","meta":{"site-sidebar-layout":"default","site-content-layout":"default","ast-site-content-layout":"","site-content-style":"default","site-sidebar-style":"default","ast-global-header-display":"","ast-banner-title-visibility":"","ast-main-header-display":"","ast-hfb-above-header-display":"","ast-hfb-below-header-display":"","ast-hfb-mobile-header-display":"","site-post-title":"","ast-breadcrumbs-content":"","ast-featured-img":"","footer-sml-layout":"","theme-transparent-header-meta":"default","adv-header-id-meta":"","stick-header-meta":"","header-above-stick-meta":"","header-main-stick-meta":"","header-below-stick-meta":"","astra-migrate-meta-layouts":"default","ast-page-background-enabled":"default","ast-page-background-meta":{"desktop":{"background-color":"","background-image":"","background-repeat":"repeat","background-position":"center center","background-size":"auto","background-attachment":"scroll","background-type":"","background-media":"","overlay-type":"","overlay-color":"","overlay-opacity":"","overlay-gradient":""},"tablet":{"background-color":"","background-image":"","background-repeat":"repeat","background-position":"center center","background-size":"auto","background-attachment":"scroll","background-type":"","background-media":"","overlay-type":"","overlay-color":"","overlay-opacity":"","overlay-gradient":""},"mobile":{"background-color":"","background-image":"","background-repeat":"repeat","background-position":"center center","background-size":"auto","background-attachment":"scroll","background-type":"","background-media":"","overlay-type":"","overlay-color":"","overlay-opacity":"","overlay-gradient":""}},"ast-content-background-meta":{"desktop":{"background-color":"var(--ast-global-color-5)","background-image":"","background-repeat":"repeat","background-position":"center center","background-size":"auto","background-attachment":"scroll","background-type":"","background-media":"","overlay-type":"","overlay-color":"","overlay-opacity":"","overlay-gradient":""},"tablet":{"background-color":"var(--ast-global-color-5)","background-image":"","background-repeat":"repeat","background-position":"center center","background-size":"auto","background-attachment":"scroll","background-type":"","background-media":"","overlay-type":"","overlay-color":"","overlay-opacity":"","overlay-gradient":""},"mobile":{"background-color":"var(--ast-global-color-5)","background-image":"","background-repeat":"repeat","background-position":"center center","background-size":"auto","background-attachment":"scroll","background-type":"","background-media":"","overlay-type":"","overlay-color":"","overlay-opacity":"","overlay-gradient":""}}},"product_brand":[],"product_cat":[4450,3559,3572,3582,4935,4322,4325,4321],"product_tag":[3647,3700,4020,3649,3698,3717,3718,4019,3667,3641,3342],"class_list":{"0":"post-76392","1":"product","2":"type-product","3":"status-publish","4":"has-post-thumbnail","6":"product_cat-anhaenger","7":"product_cat-jugendstil","8":"product_cat-juwelen","9":"product_cat-ketten-colliers","10":"product_cat-lapislazuli","11":"product_cat-periode","12":"product_cat-silber","13":"product_cat-steine","14":"product_tag-anhaenger","15":"product_tag-art-nouveau","16":"product_tag-austria","17":"product_tag-collier","18":"product_tag-jugendstil","19":"product_tag-lapis-lazuli","20":"product_tag-lapislazuli","21":"product_tag-oesterreich","22":"product_tag-perle","23":"product_tag-silber","24":"product_tag-silver","25":"desktop-align-left","26":"tablet-align-left","27":"mobile-align-left","29":"first","30":"instock","31":"sold-individually","32":"shipping-taxable","33":"purchasable","34":"product-type-simple"},"_links":{"self":[{"href":"https:\/\/www.multimedium.eu\/index.php?rest_route=\/wp\/v2\/product\/76392","targetHints":{"allow":["GET"]}}],"collection":[{"href":"https:\/\/www.multimedium.eu\/index.php?rest_route=\/wp\/v2\/product"}],"about":[{"href":"https:\/\/www.multimedium.eu\/index.php?rest_route=\/wp\/v2\/types\/product"}],"version-history":[{"count":5,"href":"https:\/\/www.multimedium.eu\/index.php?rest_route=\/wp\/v2\/product\/76392\/revisions"}],"predecessor-version":[{"id":85412,"href":"https:\/\/www.multimedium.eu\/index.php?rest_route=\/wp\/v2\/product\/76392\/revisions\/85412"}],"wp:featuredmedia":[{"embeddable":true,"href":"https:\/\/www.multimedium.eu\/index.php?rest_route=\/wp\/v2\/media\/76395"}],"wp:attachment":[{"href":"https:\/\/www.multimedium.eu\/index.php?rest_route=%2Fwp%2Fv2%2Fmedia&parent=76392"}],"wp:term":[{"taxonomy":"product_brand","embeddable":true,"href":"https:\/\/www.multimedium.eu\/index.php?rest_route=%2Fwp%2Fv2%2Fproduct_brand&post=76392"},{"taxonomy":"product_cat","embeddable":true,"href":"https:\/\/www.multimedium.eu\/index.php?rest_route=%2Fwp%2Fv2%2Fproduct_cat&post=76392"},{"taxonomy":"product_tag","embeddable":true,"href":"https:\/\/www.multimedium.eu\/index.php?rest_route=%2Fwp%2Fv2%2Fproduct_tag&post=76392"}],"curies":[{"name":"wp","href":"https:\/\/api.w.org\/{rel}","templated":true}]}}