{"id":77010,"date":"2020-08-25T22:02:53","date_gmt":"2020-08-25T20:02:53","guid":{"rendered":"http:\/\/multimedium.eu\/?post_type=product&#038;p=77010"},"modified":"2025-09-20T21:22:44","modified_gmt":"2025-09-20T19:22:44","slug":"585-gold-herz-vario-clip-anhaenger-saphir-bergkristall-heart-pendant","status":"publish","type":"product","link":"https:\/\/www.multimedium.eu\/?product=585-gold-herz-vario-clip-anhaenger-saphir-bergkristall-heart-pendant","title":{"rendered":"585 Gold Herz Vario Clip Anh\u00e4nger Saphir Bergkristall heart pendant"},"content":{"rendered":"","protected":false},"excerpt":{"rendered":"<p><strong>585 Gold Herz Vario Clip Anh\u00e4nger Saphir Bergkristall heart pendant<\/strong><\/p>\n<p>Entz\u00fcckender sch\u00f6ner gro\u00dfer vintage Herz Vario Clip Anh\u00e4nger<br \/>\nin 585er Gold gefasst,<br \/>\nzum Einh\u00e4ngen f\u00fcr Perlenkette,<br \/>\nmittig mit einem gro\u00dfen gefassten herzf\u00f6rmigen Saphir Cabochon,<br \/>\nauf einem gefassten herzf\u00f6rmigen mattierten Bergkristall Herzen,<br \/>\nqualit\u00e4tsvoll verarbeitet<br \/>\nim Clip gestempelt: 585 und Firmenpunze BB<\/p>\n<p>in einem guten sch\u00f6nen Erhaltungszustand<\/p>\n<p>H\u00f6he incl. kleiner angel\u00f6teter \u00d6se): 2,96 cm<br \/>\n(mit Aufh\u00e4ngung: 4 cm)<br \/>\nBreite des Anh\u00e4ngers: 2,87 cm<br \/>\nSichtbare Breite des Saphirherzens: 8,76 mm<\/p>\n","protected":false},"featured_media":77012,"template":"","meta":{"site-sidebar-layout":"default","site-content-layout":"default","ast-site-content-layout":"default","site-content-style":"default","site-sidebar-style":"default","ast-global-header-display":"","ast-banner-title-visibility":"","ast-main-header-display":"","ast-hfb-above-header-display":"","ast-hfb-below-header-display":"","ast-hfb-mobile-header-display":"","site-post-title":"","ast-breadcrumbs-content":"","ast-featured-img":"","footer-sml-layout":"","theme-transparent-header-meta":"default","adv-header-id-meta":"","stick-header-meta":"","header-above-stick-meta":"","header-main-stick-meta":"","header-below-stick-meta":"","astra-migrate-meta-layouts":"set","ast-page-background-enabled":"default","ast-page-background-meta":{"desktop":{"background-color":"","background-image":"","background-repeat":"repeat","background-position":"center center","background-size":"auto","background-attachment":"scroll","background-type":"","background-media":"","overlay-type":"","overlay-color":"","overlay-opacity":"","overlay-gradient":""},"tablet":{"background-color":"","background-image":"","background-repeat":"repeat","background-position":"center center","background-size":"auto","background-attachment":"scroll","background-type":"","background-media":"","overlay-type":"","overlay-color":"","overlay-opacity":"","overlay-gradient":""},"mobile":{"background-color":"","background-image":"","background-repeat":"repeat","background-position":"center center","background-size":"auto","background-attachment":"scroll","background-type":"","background-media":"","overlay-type":"","overlay-color":"","overlay-opacity":"","overlay-gradient":""}},"ast-content-background-meta":{"desktop":{"background-color":"var(--ast-global-color-5)","background-image":"","background-repeat":"repeat","background-position":"center center","background-size":"auto","background-attachment":"scroll","background-type":"","background-media":"","overlay-type":"","overlay-color":"","overlay-opacity":"","overlay-gradient":""},"tablet":{"background-color":"var(--ast-global-color-5)","background-image":"","background-repeat":"repeat","background-position":"center center","background-size":"auto","background-attachment":"scroll","background-type":"","background-media":"","overlay-type":"","overlay-color":"","overlay-opacity":"","overlay-gradient":""},"mobile":{"background-color":"var(--ast-global-color-5)","background-image":"","background-repeat":"repeat","background-position":"center center","background-size":"auto","background-attachment":"scroll","background-type":"","background-media":"","overlay-type":"","overlay-color":"","overlay-opacity":"","overlay-gradient":""}}},"product_brand":[],"product_cat":[4450,4802,3561,3564,3572,5078,4322,4791,4321],"product_tag":[3647,4135,3710,3914,3913,3341,4792,4793,5082],"class_list":{"0":"post-77010","1":"product","2":"type-product","3":"status-publish","4":"has-post-thumbnail","6":"product_cat-anhaenger","7":"product_cat-bergkristall","8":"product_cat-design-nach-1945","9":"product_cat-gold","10":"product_cat-juwelen","11":"product_cat-metall-2","12":"product_cat-periode","13":"product_cat-saphir","14":"product_cat-steine","15":"product_tag-anhaenger","16":"product_tag-cabochon","17":"product_tag-gold","18":"product_tag-heart","19":"product_tag-herz","20":"product_tag-pendant","21":"product_tag-saphir","22":"product_tag-sapphire","23":"product_tag-vario-clip","24":"desktop-align-left","25":"tablet-align-left","26":"mobile-align-left","28":"first","29":"instock","30":"sold-individually","31":"shipping-taxable","32":"purchasable","33":"product-type-simple"},"_links":{"self":[{"href":"https:\/\/www.multimedium.eu\/index.php?rest_route=\/wp\/v2\/product\/77010","targetHints":{"allow":["GET"]}}],"collection":[{"href":"https:\/\/www.multimedium.eu\/index.php?rest_route=\/wp\/v2\/product"}],"about":[{"href":"https:\/\/www.multimedium.eu\/index.php?rest_route=\/wp\/v2\/types\/product"}],"version-history":[{"count":3,"href":"https:\/\/www.multimedium.eu\/index.php?rest_route=\/wp\/v2\/product\/77010\/revisions"}],"predecessor-version":[{"id":83361,"href":"https:\/\/www.multimedium.eu\/index.php?rest_route=\/wp\/v2\/product\/77010\/revisions\/83361"}],"wp:featuredmedia":[{"embeddable":true,"href":"https:\/\/www.multimedium.eu\/index.php?rest_route=\/wp\/v2\/media\/77012"}],"wp:attachment":[{"href":"https:\/\/www.multimedium.eu\/index.php?rest_route=%2Fwp%2Fv2%2Fmedia&parent=77010"}],"wp:term":[{"taxonomy":"product_brand","embeddable":true,"href":"https:\/\/www.multimedium.eu\/index.php?rest_route=%2Fwp%2Fv2%2Fproduct_brand&post=77010"},{"taxonomy":"product_cat","embeddable":true,"href":"https:\/\/www.multimedium.eu\/index.php?rest_route=%2Fwp%2Fv2%2Fproduct_cat&post=77010"},{"taxonomy":"product_tag","embeddable":true,"href":"https:\/\/www.multimedium.eu\/index.php?rest_route=%2Fwp%2Fv2%2Fproduct_tag&post=77010"}],"curies":[{"name":"wp","href":"https:\/\/api.w.org\/{rel}","templated":true}]}}