{"id":77017,"date":"2020-08-25T22:20:00","date_gmt":"2020-08-25T20:20:00","guid":{"rendered":"http:\/\/multimedium.eu\/?post_type=product&#038;p=77017"},"modified":"2025-03-13T09:30:09","modified_gmt":"2025-03-13T08:30:09","slug":"biedermeier-guertelschliesse-guertelschnalle-silber-geprueft-belt-buckle","status":"publish","type":"product","link":"https:\/\/www.multimedium.eu\/?product=biedermeier-guertelschliesse-guertelschnalle-silber-geprueft-belt-buckle","title":{"rendered":"Biedermeier G\u00fcrtelschlie\u00dfe G\u00fcrtelschnalle Silber gepr\u00fcft belt buckle"},"content":{"rendered":"","protected":false},"excerpt":{"rendered":"<p><strong>Biedermeier G\u00fcrtelschlie\u00dfe G\u00fcrtelschnalle Silber gepr\u00fcft belt buckle<\/strong><\/p>\n<p>Prachtvolle sehr sch\u00f6ne seltene antike Biedermeier Silber G\u00fcrtelschlie\u00dfe um 1800<br \/>\nin Silber mit vergoldeten gravierten Verzierungen,<br \/>\nMechanik der Schlie\u00dfe in Metall<br \/>\nsehr sch\u00f6ne Verzierungen in Blumenform,<br \/>\nmit gefassten und geschliffenen Strass-Steinen mit sch\u00f6ner Brillanz,<br \/>\nSilber gepr\u00fcft (mindestens 800er Silber)5<\/p>\n<p>Schlie\u00dfe in einem guten sch\u00f6nen Erhaltungszustand,<br \/>\nauch alle Steine in einem sehr guten Erhaltungszustand,<\/p>\n<p>H\u00f6he : 5,1cm<br \/>\nBreite : 5 cm<\/p>\n","protected":false},"featured_media":77022,"template":"","meta":{"site-sidebar-layout":"default","site-content-layout":"default","ast-site-content-layout":"","site-content-style":"default","site-sidebar-style":"default","ast-global-header-display":"","ast-banner-title-visibility":"","ast-main-header-display":"","ast-hfb-above-header-display":"","ast-hfb-below-header-display":"","ast-hfb-mobile-header-display":"","site-post-title":"","ast-breadcrumbs-content":"","ast-featured-img":"","footer-sml-layout":"","theme-transparent-header-meta":"default","adv-header-id-meta":"","stick-header-meta":"","header-above-stick-meta":"","header-main-stick-meta":"","header-below-stick-meta":"","astra-migrate-meta-layouts":"default","ast-page-background-enabled":"default","ast-page-background-meta":{"desktop":{"background-color":"","background-image":"","background-repeat":"repeat","background-position":"center center","background-size":"auto","background-attachment":"scroll","background-type":"","background-media":"","overlay-type":"","overlay-color":"","overlay-opacity":"","overlay-gradient":""},"tablet":{"background-color":"","background-image":"","background-repeat":"repeat","background-position":"center center","background-size":"auto","background-attachment":"scroll","background-type":"","background-media":"","overlay-type":"","overlay-color":"","overlay-opacity":"","overlay-gradient":""},"mobile":{"background-color":"","background-image":"","background-repeat":"repeat","background-position":"center center","background-size":"auto","background-attachment":"scroll","background-type":"","background-media":"","overlay-type":"","overlay-color":"","overlay-opacity":"","overlay-gradient":""}},"ast-content-background-meta":{"desktop":{"background-color":"var(--ast-global-color-5)","background-image":"","background-repeat":"repeat","background-position":"center center","background-size":"auto","background-attachment":"scroll","background-type":"","background-media":"","overlay-type":"","overlay-color":"","overlay-opacity":"","overlay-gradient":""},"tablet":{"background-color":"var(--ast-global-color-5)","background-image":"","background-repeat":"repeat","background-position":"center center","background-size":"auto","background-attachment":"scroll","background-type":"","background-media":"","overlay-type":"","overlay-color":"","overlay-opacity":"","overlay-gradient":""},"mobile":{"background-color":"var(--ast-global-color-5)","background-image":"","background-repeat":"repeat","background-position":"center center","background-size":"auto","background-attachment":"scroll","background-type":"","background-media":"","overlay-type":"","overlay-color":"","overlay-opacity":"","overlay-gradient":""}}},"product_brand":[],"product_cat":[4101,4822,3572,5078,4322,4325,4321,4855],"product_tag":[3823,3634,4919,3810,3821,5083,3641,3342,3820],"class_list":{"0":"post-77017","1":"product","2":"type-product","3":"status-publish","4":"has-post-thumbnail","6":"product_cat-biedermeier","7":"product_cat-guertelschliesse","8":"product_cat-juwelen","9":"product_cat-metall-2","10":"product_cat-periode","11":"product_cat-silber","12":"product_cat-steine","13":"product_cat-strass","14":"product_tag-biedermeier","15":"product_tag-guertelschliesse","16":"product_tag-guertelschnalle","17":"product_tag-metall","18":"product_tag-paste","19":"product_tag-schliesse","20":"product_tag-silber","21":"product_tag-silver","22":"product_tag-strass","23":"desktop-align-left","24":"tablet-align-left","25":"mobile-align-left","27":"first","28":"instock","29":"sold-individually","30":"shipping-taxable","31":"purchasable","32":"product-type-simple"},"_links":{"self":[{"href":"https:\/\/www.multimedium.eu\/index.php?rest_route=\/wp\/v2\/product\/77017","targetHints":{"allow":["GET"]}}],"collection":[{"href":"https:\/\/www.multimedium.eu\/index.php?rest_route=\/wp\/v2\/product"}],"about":[{"href":"https:\/\/www.multimedium.eu\/index.php?rest_route=\/wp\/v2\/types\/product"}],"version-history":[{"count":2,"href":"https:\/\/www.multimedium.eu\/index.php?rest_route=\/wp\/v2\/product\/77017\/revisions"}],"predecessor-version":[{"id":83360,"href":"https:\/\/www.multimedium.eu\/index.php?rest_route=\/wp\/v2\/product\/77017\/revisions\/83360"}],"wp:featuredmedia":[{"embeddable":true,"href":"https:\/\/www.multimedium.eu\/index.php?rest_route=\/wp\/v2\/media\/77022"}],"wp:attachment":[{"href":"https:\/\/www.multimedium.eu\/index.php?rest_route=%2Fwp%2Fv2%2Fmedia&parent=77017"}],"wp:term":[{"taxonomy":"product_brand","embeddable":true,"href":"https:\/\/www.multimedium.eu\/index.php?rest_route=%2Fwp%2Fv2%2Fproduct_brand&post=77017"},{"taxonomy":"product_cat","embeddable":true,"href":"https:\/\/www.multimedium.eu\/index.php?rest_route=%2Fwp%2Fv2%2Fproduct_cat&post=77017"},{"taxonomy":"product_tag","embeddable":true,"href":"https:\/\/www.multimedium.eu\/index.php?rest_route=%2Fwp%2Fv2%2Fproduct_tag&post=77017"}],"curies":[{"name":"wp","href":"https:\/\/api.w.org\/{rel}","templated":true}]}}