{"id":77363,"date":"2020-08-30T19:52:49","date_gmt":"2020-08-30T17:52:49","guid":{"rendered":"http:\/\/multimedium.eu\/?post_type=product&#038;p=77363"},"modified":"2025-03-13T09:29:57","modified_gmt":"2025-03-13T08:29:57","slug":"jugendstil-art-nouveau-n-alphonse-mucha-tete-byzantine-stolbergsches-huettenamt","status":"publish","type":"product","link":"https:\/\/www.multimedium.eu\/?product=jugendstil-art-nouveau-n-alphonse-mucha-tete-byzantine-stolbergsches-huettenamt","title":{"rendered":"Jugendstil Art Nouveau n. Alphonse Mucha Tete Byzantine Stolberg sches H\u00fcttenamt"},"content":{"rendered":"","protected":false},"excerpt":{"rendered":"<p><strong>Jugendstil Art Nouveau n. Alphonse Mucha Tete Byzantine Stolberg sches H\u00fcttenamt<\/strong><\/p>\n<p>Sehr sch\u00f6ne dekorative seltene Wand-Plakette in Bronzegu\u00df, br\u00fcniert M\u00e4dchen mit Kopfschmuck um 1900<br \/>\n&#8222;Byzantinischer Kopf &#8220;\u00a0 nach einem Entwurf von Alphonse Mucha (1860-1939)<br \/>\nR\u00fcckseitig mit Aufh\u00e4ngung<\/p>\n<p>Marke und Nummern sehr undeutlich<br \/>\ngegossene Fabrikmarke, wohl: Gesetzlich Gesch\u00fctzt, und wohl Modellnummer: 2058 (siehe Foto)<\/p>\n<p>siehe Ausst.-Katalog: Alphonse Mucha, Br\u00f6han Museum, Berlin 2003<\/p>\n<p>Durchmesser der Wand-Plakette: 21,4 cm<\/p>\n<p>guter sch\u00f6ner Erhaltungszustand<\/p>\n","protected":false},"featured_media":77369,"template":"","meta":{"site-sidebar-layout":"default","site-content-layout":"default","ast-site-content-layout":"","site-content-style":"default","site-sidebar-style":"default","ast-global-header-display":"","ast-banner-title-visibility":"","ast-main-header-display":"","ast-hfb-above-header-display":"","ast-hfb-below-header-display":"","ast-hfb-mobile-header-display":"","site-post-title":"","ast-breadcrumbs-content":"","ast-featured-img":"","footer-sml-layout":"","theme-transparent-header-meta":"default","adv-header-id-meta":"","stick-header-meta":"","header-above-stick-meta":"","header-main-stick-meta":"","header-below-stick-meta":"","astra-migrate-meta-layouts":"default","ast-page-background-enabled":"default","ast-page-background-meta":{"desktop":{"background-color":"","background-image":"","background-repeat":"repeat","background-position":"center center","background-size":"auto","background-attachment":"scroll","background-type":"","background-media":"","overlay-type":"","overlay-color":"","overlay-opacity":"","overlay-gradient":""},"tablet":{"background-color":"","background-image":"","background-repeat":"repeat","background-position":"center center","background-size":"auto","background-attachment":"scroll","background-type":"","background-media":"","overlay-type":"","overlay-color":"","overlay-opacity":"","overlay-gradient":""},"mobile":{"background-color":"","background-image":"","background-repeat":"repeat","background-position":"center center","background-size":"auto","background-attachment":"scroll","background-type":"","background-media":"","overlay-type":"","overlay-color":"","overlay-opacity":"","overlay-gradient":""}},"ast-content-background-meta":{"desktop":{"background-color":"var(--ast-global-color-5)","background-image":"","background-repeat":"repeat","background-position":"center center","background-size":"auto","background-attachment":"scroll","background-type":"","background-media":"","overlay-type":"","overlay-color":"","overlay-opacity":"","overlay-gradient":""},"tablet":{"background-color":"var(--ast-global-color-5)","background-image":"","background-repeat":"repeat","background-position":"center center","background-size":"auto","background-attachment":"scroll","background-type":"","background-media":"","overlay-type":"","overlay-color":"","overlay-opacity":"","overlay-gradient":""},"mobile":{"background-color":"var(--ast-global-color-5)","background-image":"","background-repeat":"repeat","background-position":"center center","background-size":"auto","background-attachment":"scroll","background-type":"","background-media":"","overlay-type":"","overlay-color":"","overlay-opacity":"","overlay-gradient":""}}},"product_brand":[],"product_cat":[3559,4324,3543,4322],"product_tag":[5171,5157,5158,4720,5169,4333,5173,5155,5170,5172,5168,5159,4334],"class_list":{"0":"post-77363","1":"product","2":"type-product","3":"status-publish","4":"has-post-thumbnail","6":"product_cat-jugendstil","7":"product_cat-kunstobjekte","8":"product_cat-metall","9":"product_cat-periode","10":"product_tag-5171","11":"product_tag-alphonse-mucha","12":"product_tag-broehan-museum","13":"product_tag-bronzeguss","14":"product_tag-brueniert","15":"product_tag-byzantinischer-kopf","16":"product_tag-fabrikmarke","17":"product_tag-gesetzlich-geschuetzt","18":"product_tag-maedchen-mit-kopfschmuck","19":"product_tag-modellnummer","20":"product_tag-stolbergsches-huettenamt","21":"product_tag-tete-byzantine","22":"product_tag-wand-plakette","23":"desktop-align-left","24":"tablet-align-left","25":"mobile-align-left","27":"first","28":"outofstock","29":"sold-individually","30":"shipping-taxable","31":"product-type-simple"},"_links":{"self":[{"href":"https:\/\/www.multimedium.eu\/index.php?rest_route=\/wp\/v2\/product\/77363","targetHints":{"allow":["GET"]}}],"collection":[{"href":"https:\/\/www.multimedium.eu\/index.php?rest_route=\/wp\/v2\/product"}],"about":[{"href":"https:\/\/www.multimedium.eu\/index.php?rest_route=\/wp\/v2\/types\/product"}],"version-history":[{"count":3,"href":"https:\/\/www.multimedium.eu\/index.php?rest_route=\/wp\/v2\/product\/77363\/revisions"}],"predecessor-version":[{"id":83316,"href":"https:\/\/www.multimedium.eu\/index.php?rest_route=\/wp\/v2\/product\/77363\/revisions\/83316"}],"wp:featuredmedia":[{"embeddable":true,"href":"https:\/\/www.multimedium.eu\/index.php?rest_route=\/wp\/v2\/media\/77369"}],"wp:attachment":[{"href":"https:\/\/www.multimedium.eu\/index.php?rest_route=%2Fwp%2Fv2%2Fmedia&parent=77363"}],"wp:term":[{"taxonomy":"product_brand","embeddable":true,"href":"https:\/\/www.multimedium.eu\/index.php?rest_route=%2Fwp%2Fv2%2Fproduct_brand&post=77363"},{"taxonomy":"product_cat","embeddable":true,"href":"https:\/\/www.multimedium.eu\/index.php?rest_route=%2Fwp%2Fv2%2Fproduct_cat&post=77363"},{"taxonomy":"product_tag","embeddable":true,"href":"https:\/\/www.multimedium.eu\/index.php?rest_route=%2Fwp%2Fv2%2Fproduct_tag&post=77363"}],"curies":[{"name":"wp","href":"https:\/\/api.w.org\/{rel}","templated":true}]}}