{"id":77468,"date":"2020-08-31T21:32:11","date_gmt":"2020-08-31T19:32:11","guid":{"rendered":"http:\/\/multimedium.eu\/?post_type=product&#038;p=77468"},"modified":"2026-01-23T23:36:32","modified_gmt":"2026-01-23T22:36:32","slug":"vintage-jugendstil-schmetterling-silber-brosche-filigran-silver-brooch-butterfly","status":"publish","type":"product","link":"https:\/\/www.multimedium.eu\/?product=vintage-jugendstil-schmetterling-silber-brosche-filigran-silver-brooch-butterfly","title":{"rendered":"Vintage Jugendstil Schmetterling Silber Brosche filigran silver brooch butterfly"},"content":{"rendered":"<h6>Vintage Jugendstil Schmetterling Silber Brosche filigran silver brooch butterfly<\/h6>\n<p>-VERKAUFT-<\/p>\n<p>Prachtvoller sehr gro\u00dfer filigraner vintage Schmetterling in 925er Sterling Silber im Jugendstil gearbeitet<br \/>\nselten gro\u00dfe Ausf\u00fchrung, Handarbeit,<br \/>\nsehr aufwendige und kostbare feine filigrane Silberdraht-Arbeit<br \/>\neinfache Broschierung mit Hakenverschlu\u00df<br \/>\nBroschierung und Hakenverschlu\u00df sehr fein gearbeitet<br \/>\n(w\u00e4re auch als Collier mit einh\u00e4ngender Kette an den Fl\u00fcgel-Enden\u00a0 als Umarbeitung denkbar)<br \/>\ndieser Schmetterling ist ein Mitbringsel von einer Reise,<br \/>\nwohl aus dem Ausland,<br \/>\nr\u00fcckseitig gestempelt: 925 (auf aufgel\u00f6tetem Pl\u00e4ttchen)<br \/>\nsch\u00f6ne plastische Wirkung, Bosche gereinigt,<\/p>\n<p>in einem guten sch\u00f6nen Erhaltungszustand<\/p>\n<p>Breite der Brosche:\u00a0 10 cm<br \/>\nH\u00f6he der Brosche:\u00a0 9,5 cm<\/p>\n","protected":false},"excerpt":{"rendered":"<p><strong>Vintage Jugendstil Schmetterling Silber Brosche filigran silver brooch butterfly<\/strong><\/p>\n<p>-VERKAUFT-<\/p>\n<p>Prachtvoller sehr gro\u00dfer filigraner vintage Schmetterling in 925er Sterling Silber im Jugendstil gearbeitet<br \/>\nselten gro\u00dfe Ausf\u00fchrung, Handarbeit,<br \/>\nsehr aufwendige und kostbare feine filigrane Silberdraht-Arbeit<br \/>\neinfache Broschierung mit Hakenverschlu\u00df<br \/>\nBroschierung und Hakenverschlu\u00df sehr fein gearbeitet<br \/>\n(w\u00e4re auch als Collier mit einh\u00e4ngender Kette an den Fl\u00fcgel-Enden\u00a0 als Umarbeitung denkbar)<br \/>\ndieser Schmetterling ist ein Mitbringsel von einer Reise,<br \/>\nwohl aus dem Ausland,<br \/>\nr\u00fcckseitig gestempelt: 925 (auf aufgel\u00f6tetem Pl\u00e4ttchen)<br \/>\nsch\u00f6ne plastische Wirkung, Bosche gereinigt,<\/p>\n<p>in einem guten sch\u00f6nen Erhaltungszustand<\/p>\n<p>Breite der Brosche:\u00a0 10 cm<br \/>\nH\u00f6he der Brosche:\u00a0 9,5 cm<\/p>\n","protected":false},"featured_media":77473,"template":"","meta":{"site-sidebar-layout":"default","site-content-layout":"default","ast-site-content-layout":"default","site-content-style":"default","site-sidebar-style":"default","ast-global-header-display":"","ast-banner-title-visibility":"","ast-main-header-display":"","ast-hfb-above-header-display":"","ast-hfb-below-header-display":"","ast-hfb-mobile-header-display":"","site-post-title":"","ast-breadcrumbs-content":"","ast-featured-img":"","footer-sml-layout":"","theme-transparent-header-meta":"default","adv-header-id-meta":"","stick-header-meta":"","header-above-stick-meta":"","header-main-stick-meta":"","header-below-stick-meta":"","astra-migrate-meta-layouts":"set","ast-page-background-enabled":"default","ast-page-background-meta":{"desktop":{"background-color":"","background-image":"","background-repeat":"repeat","background-position":"center center","background-size":"auto","background-attachment":"scroll","background-type":"","background-media":"","overlay-type":"","overlay-color":"","overlay-opacity":"","overlay-gradient":""},"tablet":{"background-color":"","background-image":"","background-repeat":"repeat","background-position":"center center","background-size":"auto","background-attachment":"scroll","background-type":"","background-media":"","overlay-type":"","overlay-color":"","overlay-opacity":"","overlay-gradient":""},"mobile":{"background-color":"","background-image":"","background-repeat":"repeat","background-position":"center center","background-size":"auto","background-attachment":"scroll","background-type":"","background-media":"","overlay-type":"","overlay-color":"","overlay-opacity":"","overlay-gradient":""}},"ast-content-background-meta":{"desktop":{"background-color":"var(--ast-global-color-5)","background-image":"","background-repeat":"repeat","background-position":"center center","background-size":"auto","background-attachment":"scroll","background-type":"","background-media":"","overlay-type":"","overlay-color":"","overlay-opacity":"","overlay-gradient":""},"tablet":{"background-color":"var(--ast-global-color-5)","background-image":"","background-repeat":"repeat","background-position":"center center","background-size":"auto","background-attachment":"scroll","background-type":"","background-media":"","overlay-type":"","overlay-color":"","overlay-opacity":"","overlay-gradient":""},"mobile":{"background-color":"var(--ast-global-color-5)","background-image":"","background-repeat":"repeat","background-position":"center center","background-size":"auto","background-attachment":"scroll","background-type":"","background-media":"","overlay-type":"","overlay-color":"","overlay-opacity":"","overlay-gradient":""}}},"product_brand":[],"product_cat":[3580,3559,3572,5078,4322,4325,4320],"product_tag":[3700,3642,3669,3670,3698,3637,3641,5191,3342,3640,4215,3993],"class_list":{"0":"post-77468","1":"product","2":"type-product","3":"status-publish","4":"has-post-thumbnail","6":"product_cat-broschen","7":"product_cat-jugendstil","8":"product_cat-juwelen","9":"product_cat-metall-2","10":"product_cat-periode","11":"product_cat-silber","12":"product_cat-verkauft","13":"product_tag-art-nouveau","14":"product_tag-butterfly","15":"product_tag-filigran","16":"product_tag-filigree","17":"product_tag-jugendstil","18":"product_tag-schmetterling","19":"product_tag-silber","20":"product_tag-silberdraht","21":"product_tag-silver","22":"product_tag-sterling","23":"product_tag-verkauft","24":"product_tag-vintage","25":"desktop-align-left","26":"tablet-align-left","27":"mobile-align-left","29":"first","30":"outofstock","31":"sold-individually","32":"shipping-taxable","33":"product-type-simple"},"_links":{"self":[{"href":"https:\/\/www.multimedium.eu\/index.php?rest_route=\/wp\/v2\/product\/77468","targetHints":{"allow":["GET"]}}],"collection":[{"href":"https:\/\/www.multimedium.eu\/index.php?rest_route=\/wp\/v2\/product"}],"about":[{"href":"https:\/\/www.multimedium.eu\/index.php?rest_route=\/wp\/v2\/types\/product"}],"version-history":[{"count":5,"href":"https:\/\/www.multimedium.eu\/index.php?rest_route=\/wp\/v2\/product\/77468\/revisions"}],"predecessor-version":[{"id":92724,"href":"https:\/\/www.multimedium.eu\/index.php?rest_route=\/wp\/v2\/product\/77468\/revisions\/92724"}],"wp:featuredmedia":[{"embeddable":true,"href":"https:\/\/www.multimedium.eu\/index.php?rest_route=\/wp\/v2\/media\/77473"}],"wp:attachment":[{"href":"https:\/\/www.multimedium.eu\/index.php?rest_route=%2Fwp%2Fv2%2Fmedia&parent=77468"}],"wp:term":[{"taxonomy":"product_brand","embeddable":true,"href":"https:\/\/www.multimedium.eu\/index.php?rest_route=%2Fwp%2Fv2%2Fproduct_brand&post=77468"},{"taxonomy":"product_cat","embeddable":true,"href":"https:\/\/www.multimedium.eu\/index.php?rest_route=%2Fwp%2Fv2%2Fproduct_cat&post=77468"},{"taxonomy":"product_tag","embeddable":true,"href":"https:\/\/www.multimedium.eu\/index.php?rest_route=%2Fwp%2Fv2%2Fproduct_tag&post=77468"}],"curies":[{"name":"wp","href":"https:\/\/api.w.org\/{rel}","templated":true}]}}