{"id":77667,"date":"2020-09-02T23:20:26","date_gmt":"2020-09-02T21:20:26","guid":{"rendered":"http:\/\/multimedium.eu\/?post_type=product&#038;p=77667"},"modified":"2025-03-13T09:29:48","modified_gmt":"2025-03-13T08:29:48","slug":"biedermeier-585-gold-medaillon-anhaenger-antik-tracht-antique-pendant","status":"publish","type":"product","link":"https:\/\/www.multimedium.eu\/?product=biedermeier-585-gold-medaillon-anhaenger-antik-tracht-antique-pendant","title":{"rendered":"Biedermeier 585 Gold Medaillon Anh\u00e4nger Antik Tracht antique pendant"},"content":{"rendered":"","protected":false},"excerpt":{"rendered":"<p><strong>Biedermeier 585 Gold Medaillon Anh\u00e4nger Antik Tracht antique pendant<\/strong><\/p>\n<p>Entz\u00fcckendes sch\u00f6nes antikes Biedermeier<br \/>\nMedaillon in 585er Gold (14 Karat), um 1850,<br \/>\nals Medaillon sch\u00f6n zu tragen, f\u00fcr Foto oder Ahnliches,<\/p>\n<p>feine Goldschmiedearbeit,<br \/>\nUmrandung mit gestifteten S\u00fc\u00dfwasserperlchen,<br \/>\nVorderseite verglast mit original Glas<br \/>\nungestempelt, aus 585er Gold, gepr\u00fcft<br \/>\nin dieser Art sehr selten,<br \/>\nurspr\u00fcnglich mit Engelmotiv gemalt, ausgebleicht,<br \/>\nmit leichten Gebrauchsspuren auf der R\u00fcckseite,<\/p>\n<p>sonst in einem guten Erhaltungszustand<\/p>\n<p>Gesamtl\u00e4nge des Anh\u00e4ngers mit Aufh\u00e4nger\u00f6se: 2,8 cm,<br \/>\n(mit festverl\u00f6teter \u00d6se, ohne. Aufh\u00e4nger-\u00d6se): 2,3 cm,<br \/>\nBreite des Anh\u00e4ngers: 2,2 cm<br \/>\nGewicht: 3,8 g<\/p>\n","protected":false},"featured_media":77669,"template":"","meta":{"site-sidebar-layout":"default","site-content-layout":"default","ast-site-content-layout":"","site-content-style":"default","site-sidebar-style":"default","ast-global-header-display":"","ast-banner-title-visibility":"","ast-main-header-display":"","ast-hfb-above-header-display":"","ast-hfb-below-header-display":"","ast-hfb-mobile-header-display":"","site-post-title":"","ast-breadcrumbs-content":"","ast-featured-img":"","footer-sml-layout":"","theme-transparent-header-meta":"default","adv-header-id-meta":"","stick-header-meta":"","header-above-stick-meta":"","header-main-stick-meta":"","header-below-stick-meta":"","astra-migrate-meta-layouts":"default","ast-page-background-enabled":"default","ast-page-background-meta":{"desktop":{"background-color":"","background-image":"","background-repeat":"repeat","background-position":"center center","background-size":"auto","background-attachment":"scroll","background-type":"","background-media":"","overlay-type":"","overlay-color":"","overlay-opacity":"","overlay-gradient":""},"tablet":{"background-color":"","background-image":"","background-repeat":"repeat","background-position":"center center","background-size":"auto","background-attachment":"scroll","background-type":"","background-media":"","overlay-type":"","overlay-color":"","overlay-opacity":"","overlay-gradient":""},"mobile":{"background-color":"","background-image":"","background-repeat":"repeat","background-position":"center center","background-size":"auto","background-attachment":"scroll","background-type":"","background-media":"","overlay-type":"","overlay-color":"","overlay-opacity":"","overlay-gradient":""}},"ast-content-background-meta":{"desktop":{"background-color":"var(--ast-global-color-5)","background-image":"","background-repeat":"repeat","background-position":"center center","background-size":"auto","background-attachment":"scroll","background-type":"","background-media":"","overlay-type":"","overlay-color":"","overlay-opacity":"","overlay-gradient":""},"tablet":{"background-color":"var(--ast-global-color-5)","background-image":"","background-repeat":"repeat","background-position":"center center","background-size":"auto","background-attachment":"scroll","background-type":"","background-media":"","overlay-type":"","overlay-color":"","overlay-opacity":"","overlay-gradient":""},"mobile":{"background-color":"var(--ast-global-color-5)","background-image":"","background-repeat":"repeat","background-position":"center center","background-size":"auto","background-attachment":"scroll","background-type":"","background-media":"","overlay-type":"","overlay-color":"","overlay-opacity":"","overlay-gradient":""}}},"product_brand":[],"product_cat":[4450,4101,3564,3572,5078,4322,4754,4321],"product_tag":[3823,4055,3710,3707,5099],"class_list":{"0":"post-77667","1":"product","2":"type-product","3":"status-publish","4":"has-post-thumbnail","6":"product_cat-anhaenger","7":"product_cat-biedermeier","8":"product_cat-gold","9":"product_cat-juwelen","10":"product_cat-metall-2","11":"product_cat-periode","12":"product_cat-perle","13":"product_cat-steine","14":"product_tag-biedermeier","15":"product_tag-engel","16":"product_tag-gold","17":"product_tag-medaillon","18":"product_tag-suesswasserperle","19":"desktop-align-left","20":"tablet-align-left","21":"mobile-align-left","23":"first","24":"instock","25":"sold-individually","26":"shipping-taxable","27":"purchasable","28":"product-type-simple"},"_links":{"self":[{"href":"https:\/\/www.multimedium.eu\/index.php?rest_route=\/wp\/v2\/product\/77667","targetHints":{"allow":["GET"]}}],"collection":[{"href":"https:\/\/www.multimedium.eu\/index.php?rest_route=\/wp\/v2\/product"}],"about":[{"href":"https:\/\/www.multimedium.eu\/index.php?rest_route=\/wp\/v2\/types\/product"}],"version-history":[{"count":3,"href":"https:\/\/www.multimedium.eu\/index.php?rest_route=\/wp\/v2\/product\/77667\/revisions"}],"predecessor-version":[{"id":85426,"href":"https:\/\/www.multimedium.eu\/index.php?rest_route=\/wp\/v2\/product\/77667\/revisions\/85426"}],"wp:featuredmedia":[{"embeddable":true,"href":"https:\/\/www.multimedium.eu\/index.php?rest_route=\/wp\/v2\/media\/77669"}],"wp:attachment":[{"href":"https:\/\/www.multimedium.eu\/index.php?rest_route=%2Fwp%2Fv2%2Fmedia&parent=77667"}],"wp:term":[{"taxonomy":"product_brand","embeddable":true,"href":"https:\/\/www.multimedium.eu\/index.php?rest_route=%2Fwp%2Fv2%2Fproduct_brand&post=77667"},{"taxonomy":"product_cat","embeddable":true,"href":"https:\/\/www.multimedium.eu\/index.php?rest_route=%2Fwp%2Fv2%2Fproduct_cat&post=77667"},{"taxonomy":"product_tag","embeddable":true,"href":"https:\/\/www.multimedium.eu\/index.php?rest_route=%2Fwp%2Fv2%2Fproduct_tag&post=77667"}],"curies":[{"name":"wp","href":"https:\/\/api.w.org\/{rel}","templated":true}]}}