{"id":77854,"date":"2020-09-05T22:44:28","date_gmt":"2020-09-05T20:44:28","guid":{"rendered":"http:\/\/multimedium.eu\/?post_type=product&#038;p=77854"},"modified":"2025-03-13T09:29:41","modified_gmt":"2025-03-13T08:29:41","slug":"butterscotch-natur-bernstein-halskette-oliven-amber-necklace-olive-2","status":"publish","type":"product","link":"https:\/\/www.multimedium.eu\/?product=butterscotch-natur-bernstein-halskette-oliven-amber-necklace-olive-2","title":{"rendered":"Butterscotch Natur Bernstein Halskette Oliven amber necklace olive"},"content":{"rendered":"","protected":false},"excerpt":{"rendered":"<p><strong>Butterscotch Natur Bernstein Halskette Oliven amber necklace olive<\/strong><\/p>\n<p>Sch\u00f6ne dekorative Natur Bernstein Butterscotch Halskette<br \/>\nin Olivenform aus den 30er Jahren<br \/>\nmit 41 Oliven in verschiedenen Gr\u00f6\u00dfen und Schraubverschlu\u00df,<br \/>\nin original alten sch\u00f6nen Butterscotch Bernstein<\/p>\n<p>in einem guten sch\u00f6nen Erhaltungszustand,<\/p>\n<p>mit sch\u00f6ner polierter Oberfl\u00e4che<\/p>\n<p>Gesamtgewicht: 19,7 g<br \/>\nGesamt-L\u00e4nge der Halskette:\u00a0 46 cm<br \/>\nGr\u00f6\u00dfte Olive (Mitte):\u00a0 1,88 cm x\u00a0 1,47 cm<br \/>\nZweitgr\u00f6\u00dfte Oliven links und rechts von der Mitte:<\/p>\n<p>1,42 cm x 1,08 cm und\u00a0 1,46 cm x 1,10 cm<\/p>\n","protected":false},"featured_media":77857,"template":"","meta":{"site-sidebar-layout":"default","site-content-layout":"default","ast-site-content-layout":"","site-content-style":"default","site-sidebar-style":"default","ast-global-header-display":"","ast-banner-title-visibility":"","ast-main-header-display":"","ast-hfb-above-header-display":"","ast-hfb-below-header-display":"","ast-hfb-mobile-header-display":"","site-post-title":"","ast-breadcrumbs-content":"","ast-featured-img":"","footer-sml-layout":"","theme-transparent-header-meta":"default","adv-header-id-meta":"","stick-header-meta":"","header-above-stick-meta":"","header-main-stick-meta":"","header-below-stick-meta":"","astra-migrate-meta-layouts":"default","ast-page-background-enabled":"default","ast-page-background-meta":{"desktop":{"background-color":"","background-image":"","background-repeat":"repeat","background-position":"center center","background-size":"auto","background-attachment":"scroll","background-type":"","background-media":"","overlay-type":"","overlay-color":"","overlay-opacity":"","overlay-gradient":""},"tablet":{"background-color":"","background-image":"","background-repeat":"repeat","background-position":"center center","background-size":"auto","background-attachment":"scroll","background-type":"","background-media":"","overlay-type":"","overlay-color":"","overlay-opacity":"","overlay-gradient":""},"mobile":{"background-color":"","background-image":"","background-repeat":"repeat","background-position":"center center","background-size":"auto","background-attachment":"scroll","background-type":"","background-media":"","overlay-type":"","overlay-color":"","overlay-opacity":"","overlay-gradient":""}},"ast-content-background-meta":{"desktop":{"background-color":"var(--ast-global-color-5)","background-image":"","background-repeat":"repeat","background-position":"center center","background-size":"auto","background-attachment":"scroll","background-type":"","background-media":"","overlay-type":"","overlay-color":"","overlay-opacity":"","overlay-gradient":""},"tablet":{"background-color":"var(--ast-global-color-5)","background-image":"","background-repeat":"repeat","background-position":"center center","background-size":"auto","background-attachment":"scroll","background-type":"","background-media":"","overlay-type":"","overlay-color":"","overlay-opacity":"","overlay-gradient":""},"mobile":{"background-color":"var(--ast-global-color-5)","background-image":"","background-repeat":"repeat","background-position":"center center","background-size":"auto","background-attachment":"scroll","background-type":"","background-media":"","overlay-type":"","overlay-color":"","overlay-opacity":"","overlay-gradient":""}}},"product_brand":[],"product_cat":[3806,3563,3572,3582,4322,4321],"product_tag":[4565,3731,4036,3649,3650,3652,4898],"class_list":{"0":"post-77854","1":"product","2":"type-product","3":"status-publish","4":"has-post-thumbnail","6":"product_cat-art-deco","7":"product_cat-bernstein","8":"product_cat-juwelen","9":"product_cat-ketten-colliers","10":"product_cat-periode","11":"product_cat-steine","12":"product_tag-30er-jahre","13":"product_tag-bernstein","14":"product_tag-butterscotch","15":"product_tag-collier","16":"product_tag-halskette","17":"product_tag-necklace","18":"product_tag-olivenform","19":"desktop-align-left","20":"tablet-align-left","21":"mobile-align-left","23":"first","24":"instock","25":"sold-individually","26":"shipping-taxable","27":"purchasable","28":"product-type-simple"},"_links":{"self":[{"href":"https:\/\/www.multimedium.eu\/index.php?rest_route=\/wp\/v2\/product\/77854","targetHints":{"allow":["GET"]}}],"collection":[{"href":"https:\/\/www.multimedium.eu\/index.php?rest_route=\/wp\/v2\/product"}],"about":[{"href":"https:\/\/www.multimedium.eu\/index.php?rest_route=\/wp\/v2\/types\/product"}],"version-history":[{"count":3,"href":"https:\/\/www.multimedium.eu\/index.php?rest_route=\/wp\/v2\/product\/77854\/revisions"}],"predecessor-version":[{"id":83244,"href":"https:\/\/www.multimedium.eu\/index.php?rest_route=\/wp\/v2\/product\/77854\/revisions\/83244"}],"wp:featuredmedia":[{"embeddable":true,"href":"https:\/\/www.multimedium.eu\/index.php?rest_route=\/wp\/v2\/media\/77857"}],"wp:attachment":[{"href":"https:\/\/www.multimedium.eu\/index.php?rest_route=%2Fwp%2Fv2%2Fmedia&parent=77854"}],"wp:term":[{"taxonomy":"product_brand","embeddable":true,"href":"https:\/\/www.multimedium.eu\/index.php?rest_route=%2Fwp%2Fv2%2Fproduct_brand&post=77854"},{"taxonomy":"product_cat","embeddable":true,"href":"https:\/\/www.multimedium.eu\/index.php?rest_route=%2Fwp%2Fv2%2Fproduct_cat&post=77854"},{"taxonomy":"product_tag","embeddable":true,"href":"https:\/\/www.multimedium.eu\/index.php?rest_route=%2Fwp%2Fv2%2Fproduct_tag&post=77854"}],"curies":[{"name":"wp","href":"https:\/\/api.w.org\/{rel}","templated":true}]}}