{"id":78688,"date":"2020-09-21T00:46:14","date_gmt":"2020-09-20T22:46:14","guid":{"rendered":"http:\/\/multimedium.eu\/?post_type=product&#038;p=78688"},"modified":"2026-01-14T11:14:44","modified_gmt":"2026-01-14T10:14:44","slug":"xxl-60cm-holz-schnitzerei-maria-mondsichel-madonna-wood-figure-carved","status":"publish","type":"product","link":"https:\/\/www.multimedium.eu\/?product=xxl-60cm-holz-schnitzerei-maria-mondsichel-madonna-wood-figure-carved","title":{"rendered":"XXL 60cm Holz Schnitzerei Maria Mondsichel Madonna wood figure carved"},"content":{"rendered":"<h6>XXL 60cm Wood Carving Madonna with Crescent Moon<\/h6>\n<h6>-SOLD-<\/h6>\n<p>Interesting, very beautiful large crescent moon Madonna,<\/p>\n<p>Mary with Christ Child, circa 1930 to 1950<br \/>\nbeautifully hand-carved, presumably from hardwood,<\/p>\n<p>with hanging loop on the back<\/p>\n<p>in good, beautiful condition<\/p>\n<p>Height: 60 cm<br \/>\nWidth: 19 cm<br \/>\nDepth: 10 cm<\/p>\n","protected":false},"excerpt":{"rendered":"<p><strong>XXL 60cm Holz Schnitzerei Maria Mondsichel Madonna wood figure carved<br \/>\n-VERKAUFT-<\/strong><\/p>\n<p>Interessante sehr sch\u00f6ne gro\u00dfe Mondsichel Madonna,<br \/>\nMaria mit Jesuskind, um ca. 1930 bis ca. 1950<br \/>\nin sch\u00f6ner Handarbeit, vermutlich Hartholz, geschnitzt,<br \/>\nr\u00fcckseitig mit Aufh\u00e4nger-\u00d6se<\/p>\n<p>in einm guten sch\u00f6nen Erhaltungszustand<\/p>\n<p>H\u00f6he: 60 cm<br \/>\nBreite: 19 cm<br \/>\nTiefe: 10 cm<\/p>\n","protected":false},"featured_media":78695,"template":"","meta":{"site-sidebar-layout":"default","site-content-layout":"default","ast-site-content-layout":"default","site-content-style":"default","site-sidebar-style":"default","ast-global-header-display":"","ast-banner-title-visibility":"","ast-main-header-display":"","ast-hfb-above-header-display":"","ast-hfb-below-header-display":"","ast-hfb-mobile-header-display":"","site-post-title":"","ast-breadcrumbs-content":"","ast-featured-img":"","footer-sml-layout":"","theme-transparent-header-meta":"default","adv-header-id-meta":"","stick-header-meta":"","header-above-stick-meta":"","header-main-stick-meta":"","header-below-stick-meta":"","astra-migrate-meta-layouts":"set","ast-page-background-enabled":"default","ast-page-background-meta":{"desktop":{"background-color":"","background-image":"","background-repeat":"repeat","background-position":"center center","background-size":"auto","background-attachment":"scroll","background-type":"","background-media":"","overlay-type":"","overlay-color":"","overlay-opacity":"","overlay-gradient":""},"tablet":{"background-color":"","background-image":"","background-repeat":"repeat","background-position":"center center","background-size":"auto","background-attachment":"scroll","background-type":"","background-media":"","overlay-type":"","overlay-color":"","overlay-opacity":"","overlay-gradient":""},"mobile":{"background-color":"","background-image":"","background-repeat":"repeat","background-position":"center center","background-size":"auto","background-attachment":"scroll","background-type":"","background-media":"","overlay-type":"","overlay-color":"","overlay-opacity":"","overlay-gradient":""}},"ast-content-background-meta":{"desktop":{"background-color":"var(--ast-global-color-5)","background-image":"","background-repeat":"repeat","background-position":"center center","background-size":"auto","background-attachment":"scroll","background-type":"","background-media":"","overlay-type":"","overlay-color":"","overlay-opacity":"","overlay-gradient":""},"tablet":{"background-color":"var(--ast-global-color-5)","background-image":"","background-repeat":"repeat","background-position":"center center","background-size":"auto","background-attachment":"scroll","background-type":"","background-media":"","overlay-type":"","overlay-color":"","overlay-opacity":"","overlay-gradient":""},"mobile":{"background-color":"var(--ast-global-color-5)","background-image":"","background-repeat":"repeat","background-position":"center center","background-size":"auto","background-attachment":"scroll","background-type":"","background-media":"","overlay-type":"","overlay-color":"","overlay-opacity":"","overlay-gradient":""}}},"product_brand":[],"product_cat":[3806,3561,3520,4324,4322,4320],"product_tag":[4279,4354,4278,4686,4040,5357,4722,4329,5356,4685,4215,4217],"class_list":{"0":"post-78688","1":"product","2":"type-product","3":"status-publish","4":"has-post-thumbnail","6":"product_cat-art-deco","7":"product_cat-design-nach-1945","8":"product_cat-holz","9":"product_cat-kunstobjekte","10":"product_cat-periode","11":"product_cat-verkauft","12":"product_tag-carved","13":"product_tag-figure","14":"product_tag-geschnitzt","15":"product_tag-hartholz","16":"product_tag-holz","17":"product_tag-jesuskind","18":"product_tag-madonna","19":"product_tag-maria","20":"product_tag-mondsichel","21":"product_tag-schnitzerei","22":"product_tag-verkauft","23":"product_tag-wood","24":"desktop-align-left","25":"tablet-align-left","26":"mobile-align-left","28":"first","29":"outofstock","30":"sold-individually","31":"shipping-taxable","32":"product-type-simple"},"_links":{"self":[{"href":"https:\/\/www.multimedium.eu\/index.php?rest_route=\/wp\/v2\/product\/78688","targetHints":{"allow":["GET"]}}],"collection":[{"href":"https:\/\/www.multimedium.eu\/index.php?rest_route=\/wp\/v2\/product"}],"about":[{"href":"https:\/\/www.multimedium.eu\/index.php?rest_route=\/wp\/v2\/types\/product"}],"version-history":[{"count":4,"href":"https:\/\/www.multimedium.eu\/index.php?rest_route=\/wp\/v2\/product\/78688\/revisions"}],"predecessor-version":[{"id":92623,"href":"https:\/\/www.multimedium.eu\/index.php?rest_route=\/wp\/v2\/product\/78688\/revisions\/92623"}],"wp:featuredmedia":[{"embeddable":true,"href":"https:\/\/www.multimedium.eu\/index.php?rest_route=\/wp\/v2\/media\/78695"}],"wp:attachment":[{"href":"https:\/\/www.multimedium.eu\/index.php?rest_route=%2Fwp%2Fv2%2Fmedia&parent=78688"}],"wp:term":[{"taxonomy":"product_brand","embeddable":true,"href":"https:\/\/www.multimedium.eu\/index.php?rest_route=%2Fwp%2Fv2%2Fproduct_brand&post=78688"},{"taxonomy":"product_cat","embeddable":true,"href":"https:\/\/www.multimedium.eu\/index.php?rest_route=%2Fwp%2Fv2%2Fproduct_cat&post=78688"},{"taxonomy":"product_tag","embeddable":true,"href":"https:\/\/www.multimedium.eu\/index.php?rest_route=%2Fwp%2Fv2%2Fproduct_tag&post=78688"}],"curies":[{"name":"wp","href":"https:\/\/api.w.org\/{rel}","templated":true}]}}