{"id":79270,"date":"2020-09-29T00:41:37","date_gmt":"2020-09-28T22:41:37","guid":{"rendered":"http:\/\/multimedium.eu\/?post_type=product&#038;p=79270"},"modified":"2025-03-13T09:29:11","modified_gmt":"2025-03-13T08:29:11","slug":"silber-zigaretten-etui-victorian-silver-cigarette-case-thomas-hayes-birmingham","status":"publish","type":"product","link":"https:\/\/www.multimedium.eu\/?product=silber-zigaretten-etui-victorian-silver-cigarette-case-thomas-hayes-birmingham","title":{"rendered":"Silber Zigaretten Etui victorian silver cigarette case Thomas Hayes Birmingham"},"content":{"rendered":"<p>&#8211; VERKAUFT &#8211; Noble massive victorian silver cigarette case c 1901<br \/>\nmarked T.H Thomas Hayes Birmingham<br \/>\ngilt inside<br \/>\nwith rounded corners and sides, engraved, handmade<br \/>\nbeautiful form, rare<br \/>\nmarked: T.H , anchor, b, Lion passant<\/p>\n<p>minor, remediable dent, rubber band missing<br \/>\nelse good beautyful condition<\/p>\n<p>length: 8 cm<br \/>\nwidth: 5,2 cm<br \/>\nmeasures inside: 7,5 x 4,6 cm<br \/>\ndepth : 1 cm<\/p>\n","protected":false},"excerpt":{"rendered":"<p><strong>Silber Zigaretten Etui victorian silver cigarette case Thomas Hayes Birmingham<\/strong><\/p>\n<p>Edles massives Victorianisches Silber Zigaretten-Etui um 1901<br \/>\nsigniert T.H Thomas Hayes Birmingham<br \/>\nInnenseite vergoldet<br \/>\nmit abgerundeten Ecken und Seiten, graviert bzw ziseliert, Handarbeit<br \/>\nformsch\u00f6nes St\u00fcck, sammelw\u00fcrdig, selten<br \/>\ngestempelt: T.H ,Anker, b, Lion passant<\/p>\n<p>kleine Gebrauchsspur behebbar, Innen Gummiband fehlt<br \/>\nsonst guter sch\u00f6ner Erhaltungszustand<\/p>\n<p>L\u00e4nge des Zigaretten-Etuis: 8 cm<br \/>\nBreite des Zigaretten-Etuis: 5,2 cm<br \/>\nInnenma\u00dfe: 7,5 x 4,6 cm<br \/>\nTiefe des Zigaretten-Etuis: 1 cm<\/p>\n","protected":false},"featured_media":79274,"template":"","meta":{"site-sidebar-layout":"default","site-content-layout":"default","ast-site-content-layout":"","site-content-style":"default","site-sidebar-style":"default","ast-global-header-display":"","ast-banner-title-visibility":"","ast-main-header-display":"","ast-hfb-above-header-display":"","ast-hfb-below-header-display":"","ast-hfb-mobile-header-display":"","site-post-title":"","ast-breadcrumbs-content":"","ast-featured-img":"","footer-sml-layout":"","theme-transparent-header-meta":"default","adv-header-id-meta":"","stick-header-meta":"","header-above-stick-meta":"","header-main-stick-meta":"","header-below-stick-meta":"","astra-migrate-meta-layouts":"default","ast-page-background-enabled":"default","ast-page-background-meta":{"desktop":{"background-color":"","background-image":"","background-repeat":"repeat","background-position":"center center","background-size":"auto","background-attachment":"scroll","background-type":"","background-media":"","overlay-type":"","overlay-color":"","overlay-opacity":"","overlay-gradient":""},"tablet":{"background-color":"","background-image":"","background-repeat":"repeat","background-position":"center center","background-size":"auto","background-attachment":"scroll","background-type":"","background-media":"","overlay-type":"","overlay-color":"","overlay-opacity":"","overlay-gradient":""},"mobile":{"background-color":"","background-image":"","background-repeat":"repeat","background-position":"center center","background-size":"auto","background-attachment":"scroll","background-type":"","background-media":"","overlay-type":"","overlay-color":"","overlay-opacity":"","overlay-gradient":""}},"ast-content-background-meta":{"desktop":{"background-color":"var(--ast-global-color-5)","background-image":"","background-repeat":"repeat","background-position":"center center","background-size":"auto","background-attachment":"scroll","background-type":"","background-media":"","overlay-type":"","overlay-color":"","overlay-opacity":"","overlay-gradient":""},"tablet":{"background-color":"var(--ast-global-color-5)","background-image":"","background-repeat":"repeat","background-position":"center center","background-size":"auto","background-attachment":"scroll","background-type":"","background-media":"","overlay-type":"","overlay-color":"","overlay-opacity":"","overlay-gradient":""},"mobile":{"background-color":"var(--ast-global-color-5)","background-image":"","background-repeat":"repeat","background-position":"center center","background-size":"auto","background-attachment":"scroll","background-type":"","background-media":"","overlay-type":"","overlay-color":"","overlay-opacity":"","overlay-gradient":""}}},"product_brand":[],"product_cat":[3559,4324,5078,4322,4745,4325,3620,4320],"product_tag":[3700,3795,4934,3662,5140,3698,3641,3342,5451,3660,4215,3797,5452,4821,4742],"class_list":{"0":"post-79270","1":"product","2":"type-product","3":"status-publish","4":"has-post-thumbnail","6":"product_cat-jugendstil","7":"product_cat-kunstobjekte","8":"product_cat-metall-2","9":"product_cat-periode","10":"product_cat-schatulle","11":"product_cat-silber","12":"product_cat-silber-objekte","13":"product_cat-verkauft","14":"product_tag-art-nouveau","15":"product_tag-birmingham","16":"product_tag-cigarette-case","17":"product_tag-gilt","18":"product_tag-graviert","19":"product_tag-jugendstil","20":"product_tag-silber","21":"product_tag-silver","22":"product_tag-t-h-thomas-hayes","23":"product_tag-vergoldet","24":"product_tag-verkauft","25":"product_tag-victorian","26":"product_tag-victorianisch","27":"product_tag-zigarettenetui","28":"product_tag-ziseliert","29":"desktop-align-left","30":"tablet-align-left","31":"mobile-align-left","33":"first","34":"outofstock","35":"sold-individually","36":"shipping-taxable","37":"product-type-simple"},"_links":{"self":[{"href":"https:\/\/www.multimedium.eu\/index.php?rest_route=\/wp\/v2\/product\/79270","targetHints":{"allow":["GET"]}}],"collection":[{"href":"https:\/\/www.multimedium.eu\/index.php?rest_route=\/wp\/v2\/product"}],"about":[{"href":"https:\/\/www.multimedium.eu\/index.php?rest_route=\/wp\/v2\/types\/product"}],"version-history":[{"count":5,"href":"https:\/\/www.multimedium.eu\/index.php?rest_route=\/wp\/v2\/product\/79270\/revisions"}],"predecessor-version":[{"id":87770,"href":"https:\/\/www.multimedium.eu\/index.php?rest_route=\/wp\/v2\/product\/79270\/revisions\/87770"}],"wp:featuredmedia":[{"embeddable":true,"href":"https:\/\/www.multimedium.eu\/index.php?rest_route=\/wp\/v2\/media\/79274"}],"wp:attachment":[{"href":"https:\/\/www.multimedium.eu\/index.php?rest_route=%2Fwp%2Fv2%2Fmedia&parent=79270"}],"wp:term":[{"taxonomy":"product_brand","embeddable":true,"href":"https:\/\/www.multimedium.eu\/index.php?rest_route=%2Fwp%2Fv2%2Fproduct_brand&post=79270"},{"taxonomy":"product_cat","embeddable":true,"href":"https:\/\/www.multimedium.eu\/index.php?rest_route=%2Fwp%2Fv2%2Fproduct_cat&post=79270"},{"taxonomy":"product_tag","embeddable":true,"href":"https:\/\/www.multimedium.eu\/index.php?rest_route=%2Fwp%2Fv2%2Fproduct_tag&post=79270"}],"curies":[{"name":"wp","href":"https:\/\/api.w.org\/{rel}","templated":true}]}}