{"id":79605,"date":"2020-10-03T22:05:47","date_gmt":"2020-10-03T20:05:47","guid":{"rendered":"http:\/\/multimedium.eu\/?post_type=product&#038;p=79605"},"modified":"2025-03-13T09:29:04","modified_gmt":"2025-03-13T08:29:04","slug":"jugendstil-silber-brosche-miniatur-e-malerei-art-nouveau-silver-brooch-painting","status":"publish","type":"product","link":"https:\/\/www.multimedium.eu\/?product=jugendstil-silber-brosche-miniatur-e-malerei-art-nouveau-silver-brooch-painting","title":{"rendered":"Jugendstil Silber Brosche Miniatur e Malerei art nouveau silver brooch painting"},"content":{"rendered":"<p>Beautiful decorative art nouveau silver brooch<br \/>\nwith miniature painting 20s<br \/>\nfiligree framed<br \/>\nset blue stones (paste)<br \/>\nmarked: 800<\/p>\n<p>in a good beautiful condition<\/p>\n","protected":false},"excerpt":{"rendered":"<p><strong>Jugendstil Silber Brosche Miniatur e Malerei<\/strong><\/p>\n<p>Sch\u00f6ne dekorative Jugendstil Silber-Brosche mit Miniatur-Malerei 20er Jahre<br \/>\nfiligrane Umrandung mit Kordeldraht, gefasste blaue Steine (Glasflu\u00df)<br \/>\nR\u00fcckseite innen mit \u00d6se auch als Anh\u00e4nger zu tragen<br \/>\ngestempelt 800<\/p>\n<p>R\u00fcckseite mit Alters-Patina<br \/>\nguter sch\u00f6ner Erhaltungszustand<\/p>\n<p>H\u00f6he : 3 cm<br \/>\nBreite : 2,8 cm<\/p>\n","protected":false},"featured_media":79608,"template":"","meta":{"site-sidebar-layout":"default","site-content-layout":"default","ast-site-content-layout":"","site-content-style":"default","site-sidebar-style":"default","ast-global-header-display":"","ast-banner-title-visibility":"","ast-main-header-display":"","ast-hfb-above-header-display":"","ast-hfb-below-header-display":"","ast-hfb-mobile-header-display":"","site-post-title":"","ast-breadcrumbs-content":"","ast-featured-img":"","footer-sml-layout":"","theme-transparent-header-meta":"default","adv-header-id-meta":"","stick-header-meta":"","header-above-stick-meta":"","header-main-stick-meta":"","header-below-stick-meta":"","astra-migrate-meta-layouts":"default","ast-page-background-enabled":"default","ast-page-background-meta":{"desktop":{"background-color":"","background-image":"","background-repeat":"repeat","background-position":"center center","background-size":"auto","background-attachment":"scroll","background-type":"","background-media":"","overlay-type":"","overlay-color":"","overlay-opacity":"","overlay-gradient":""},"tablet":{"background-color":"","background-image":"","background-repeat":"repeat","background-position":"center center","background-size":"auto","background-attachment":"scroll","background-type":"","background-media":"","overlay-type":"","overlay-color":"","overlay-opacity":"","overlay-gradient":""},"mobile":{"background-color":"","background-image":"","background-repeat":"repeat","background-position":"center center","background-size":"auto","background-attachment":"scroll","background-type":"","background-media":"","overlay-type":"","overlay-color":"","overlay-opacity":"","overlay-gradient":""}},"ast-content-background-meta":{"desktop":{"background-color":"var(--ast-global-color-5)","background-image":"","background-repeat":"repeat","background-position":"center center","background-size":"auto","background-attachment":"scroll","background-type":"","background-media":"","overlay-type":"","overlay-color":"","overlay-opacity":"","overlay-gradient":""},"tablet":{"background-color":"var(--ast-global-color-5)","background-image":"","background-repeat":"repeat","background-position":"center center","background-size":"auto","background-attachment":"scroll","background-type":"","background-media":"","overlay-type":"","overlay-color":"","overlay-opacity":"","overlay-gradient":""},"mobile":{"background-color":"var(--ast-global-color-5)","background-image":"","background-repeat":"repeat","background-position":"center center","background-size":"auto","background-attachment":"scroll","background-type":"","background-media":"","overlay-type":"","overlay-color":"","overlay-opacity":"","overlay-gradient":""}}},"product_brand":[],"product_cat":[4450,3580,3559,3572,5078,4322,4325,4321,4149],"product_tag":[4741,5149,3700,3643,3636,3669,3698,4056,4109,3819,5483,4115,3641,3342],"class_list":{"0":"post-79605","1":"product","2":"type-product","3":"status-publish","4":"has-post-thumbnail","6":"product_cat-anhaenger","7":"product_cat-broschen","8":"product_cat-jugendstil","9":"product_cat-juwelen","10":"product_cat-metall-2","11":"product_cat-periode","12":"product_cat-silber","13":"product_cat-steine","14":"product_cat-tuerkis","15":"product_tag-20er-jahre","16":"product_tag-20s","17":"product_tag-art-nouveau","18":"product_tag-brooch","19":"product_tag-brosche","20":"product_tag-filigran","21":"product_tag-jugendstil","22":"product_tag-kordeldraht","23":"product_tag-malerei","24":"product_tag-miniatur","25":"product_tag-miniature","26":"product_tag-painting","27":"product_tag-silber","28":"product_tag-silver","29":"desktop-align-left","30":"tablet-align-left","31":"mobile-align-left","33":"first","34":"instock","35":"sold-individually","36":"shipping-taxable","37":"purchasable","38":"product-type-simple"},"_links":{"self":[{"href":"https:\/\/www.multimedium.eu\/index.php?rest_route=\/wp\/v2\/product\/79605","targetHints":{"allow":["GET"]}}],"collection":[{"href":"https:\/\/www.multimedium.eu\/index.php?rest_route=\/wp\/v2\/product"}],"about":[{"href":"https:\/\/www.multimedium.eu\/index.php?rest_route=\/wp\/v2\/types\/product"}],"version-history":[{"count":3,"href":"https:\/\/www.multimedium.eu\/index.php?rest_route=\/wp\/v2\/product\/79605\/revisions"}],"predecessor-version":[{"id":81936,"href":"https:\/\/www.multimedium.eu\/index.php?rest_route=\/wp\/v2\/product\/79605\/revisions\/81936"}],"wp:featuredmedia":[{"embeddable":true,"href":"https:\/\/www.multimedium.eu\/index.php?rest_route=\/wp\/v2\/media\/79608"}],"wp:attachment":[{"href":"https:\/\/www.multimedium.eu\/index.php?rest_route=%2Fwp%2Fv2%2Fmedia&parent=79605"}],"wp:term":[{"taxonomy":"product_brand","embeddable":true,"href":"https:\/\/www.multimedium.eu\/index.php?rest_route=%2Fwp%2Fv2%2Fproduct_brand&post=79605"},{"taxonomy":"product_cat","embeddable":true,"href":"https:\/\/www.multimedium.eu\/index.php?rest_route=%2Fwp%2Fv2%2Fproduct_cat&post=79605"},{"taxonomy":"product_tag","embeddable":true,"href":"https:\/\/www.multimedium.eu\/index.php?rest_route=%2Fwp%2Fv2%2Fproduct_tag&post=79605"}],"curies":[{"name":"wp","href":"https:\/\/api.w.org\/{rel}","templated":true}]}}