{"id":80262,"date":"2020-10-15T23:47:14","date_gmt":"2020-10-15T21:47:14","guid":{"rendered":"http:\/\/multimedium.eu\/?post_type=product&#038;p=80262"},"modified":"2025-03-13T09:28:44","modified_gmt":"2025-03-13T08:28:44","slug":"art-deco-lapislazuli-silber-anhaenger-30er-silver-lapis-lazuli-pendant","status":"publish","type":"product","link":"https:\/\/www.multimedium.eu\/?product=art-deco-lapislazuli-silber-anhaenger-30er-silver-lapis-lazuli-pendant","title":{"rendered":"Art Deco Lapislazuli Silber Anh\u00e4nger 30er silver Lapis Lazuli pendant"},"content":{"rendered":"<p>Unusual decorative Art Deco lapis lazuli silver pendant<br \/>\nwith silver frame from the 1930s,<br \/>\nopenwork in the shape of a flower,<br \/>\nin typical art deco decoration,<br \/>\nwith a mounted lapis lazuli cabochon,<br \/>\na very unusual piece of jewellery,<br \/>\nstylish design in Fahrner quality,<br \/>\nUnstamped, checked for silver, at least 800 silver,<\/p>\n<p>in a good beautiful state of preservation<\/p>\n<p>Length including hanging loop: 6.3 cm<br \/>\nWidth : 2.6 cm<\/p>\n","protected":false},"excerpt":{"rendered":"<p>Ausgefallener dekorativer Art Deco Lapislazuli Silber Anh\u00e4nger<br \/>\nmit Silber-Fassung aus den 30er Jahren,<br \/>\ndurchbrochen gearbeitet in Form einer Blume,<br \/>\nin zeittypischer Verzierung des Art Deco,<br \/>\nmit einem gefassten Lapislazuli Cabochon,<br \/>\nein sehr ausgefallenes Schmuckst\u00fcck,<br \/>\nstilvolles Design in Fahrner Qualit\u00e4t,<br \/>\nungestempelt, auf Silber gepr\u00fcft, midestens 800er Silber,<\/p>\n<p>in einem guten sch\u00f6nen Erhaltungszustand<\/p>\n<p>L\u00e4nge incl. Aufh\u00e4nger-\u00d6se : 6,3 cm<br \/>\nBreite : 2,6 cm<\/p>\n","protected":false},"featured_media":80264,"template":"","meta":{"site-sidebar-layout":"default","site-content-layout":"default","ast-site-content-layout":"","site-content-style":"default","site-sidebar-style":"default","ast-global-header-display":"","ast-banner-title-visibility":"","ast-main-header-display":"","ast-hfb-above-header-display":"","ast-hfb-below-header-display":"","ast-hfb-mobile-header-display":"","site-post-title":"","ast-breadcrumbs-content":"","ast-featured-img":"","footer-sml-layout":"","theme-transparent-header-meta":"default","adv-header-id-meta":"","stick-header-meta":"","header-above-stick-meta":"","header-main-stick-meta":"","header-below-stick-meta":"","astra-migrate-meta-layouts":"default","ast-page-background-enabled":"default","ast-page-background-meta":{"desktop":{"background-color":"","background-image":"","background-repeat":"repeat","background-position":"center center","background-size":"auto","background-attachment":"scroll","background-type":"","background-media":"","overlay-type":"","overlay-color":"","overlay-opacity":"","overlay-gradient":""},"tablet":{"background-color":"","background-image":"","background-repeat":"repeat","background-position":"center center","background-size":"auto","background-attachment":"scroll","background-type":"","background-media":"","overlay-type":"","overlay-color":"","overlay-opacity":"","overlay-gradient":""},"mobile":{"background-color":"","background-image":"","background-repeat":"repeat","background-position":"center center","background-size":"auto","background-attachment":"scroll","background-type":"","background-media":"","overlay-type":"","overlay-color":"","overlay-opacity":"","overlay-gradient":""}},"ast-content-background-meta":{"desktop":{"background-color":"var(--ast-global-color-5)","background-image":"","background-repeat":"repeat","background-position":"center center","background-size":"auto","background-attachment":"scroll","background-type":"","background-media":"","overlay-type":"","overlay-color":"","overlay-opacity":"","overlay-gradient":""},"tablet":{"background-color":"var(--ast-global-color-5)","background-image":"","background-repeat":"repeat","background-position":"center center","background-size":"auto","background-attachment":"scroll","background-type":"","background-media":"","overlay-type":"","overlay-color":"","overlay-opacity":"","overlay-gradient":""},"mobile":{"background-color":"var(--ast-global-color-5)","background-image":"","background-repeat":"repeat","background-position":"center center","background-size":"auto","background-attachment":"scroll","background-type":"","background-media":"","overlay-type":"","overlay-color":"","overlay-opacity":"","overlay-gradient":""}}},"product_brand":[],"product_cat":[5078,4450,3806,3572,4935,4322,4325,4321],"product_tag":[4565,3647,3716,3678,4135,3717,3718,3341,3641,3342],"class_list":{"0":"post-80262","1":"product","2":"type-product","3":"status-publish","4":"has-post-thumbnail","6":"product_cat-metall-2","7":"product_cat-anhaenger","8":"product_cat-art-deco","9":"product_cat-juwelen","10":"product_cat-lapislazuli","11":"product_cat-periode","12":"product_cat-silber","13":"product_cat-steine","14":"product_tag-30er-jahre","15":"product_tag-anhaenger","16":"product_tag-art-deco","17":"product_tag-blume","18":"product_tag-cabochon","19":"product_tag-lapis-lazuli","20":"product_tag-lapislazuli","21":"product_tag-pendant","22":"product_tag-silber","23":"product_tag-silver","24":"desktop-align-left","25":"tablet-align-left","26":"mobile-align-left","28":"first","29":"instock","30":"sold-individually","31":"shipping-taxable","32":"purchasable","33":"product-type-simple"},"_links":{"self":[{"href":"https:\/\/www.multimedium.eu\/index.php?rest_route=\/wp\/v2\/product\/80262","targetHints":{"allow":["GET"]}}],"collection":[{"href":"https:\/\/www.multimedium.eu\/index.php?rest_route=\/wp\/v2\/product"}],"about":[{"href":"https:\/\/www.multimedium.eu\/index.php?rest_route=\/wp\/v2\/types\/product"}],"version-history":[{"count":3,"href":"https:\/\/www.multimedium.eu\/index.php?rest_route=\/wp\/v2\/product\/80262\/revisions"}],"predecessor-version":[{"id":85951,"href":"https:\/\/www.multimedium.eu\/index.php?rest_route=\/wp\/v2\/product\/80262\/revisions\/85951"}],"wp:featuredmedia":[{"embeddable":true,"href":"https:\/\/www.multimedium.eu\/index.php?rest_route=\/wp\/v2\/media\/80264"}],"wp:attachment":[{"href":"https:\/\/www.multimedium.eu\/index.php?rest_route=%2Fwp%2Fv2%2Fmedia&parent=80262"}],"wp:term":[{"taxonomy":"product_brand","embeddable":true,"href":"https:\/\/www.multimedium.eu\/index.php?rest_route=%2Fwp%2Fv2%2Fproduct_brand&post=80262"},{"taxonomy":"product_cat","embeddable":true,"href":"https:\/\/www.multimedium.eu\/index.php?rest_route=%2Fwp%2Fv2%2Fproduct_cat&post=80262"},{"taxonomy":"product_tag","embeddable":true,"href":"https:\/\/www.multimedium.eu\/index.php?rest_route=%2Fwp%2Fv2%2Fproduct_tag&post=80262"}],"curies":[{"name":"wp","href":"https:\/\/api.w.org\/{rel}","templated":true}]}}