{"id":81448,"date":"2021-04-01T16:49:05","date_gmt":"2021-04-01T14:49:05","guid":{"rendered":"https:\/\/www.multimedium.eu\/?post_type=product&#038;p=81448"},"modified":"2025-03-13T09:28:20","modified_gmt":"2025-03-13T08:28:20","slug":"grosse-aventurin-cloisonne-emaille-collier-kugel-gruen-halskette","status":"publish","type":"product","link":"https:\/\/www.multimedium.eu\/?product=grosse-aventurin-cloisonne-emaille-collier-kugel-gruen-halskette","title":{"rendered":"Gro\u00dfe Aventurin Cloisonne Emaille Collier Kugel Gr\u00fcn Halskette"},"content":{"rendered":"<p>Gorgeous outstanding vintage aventurine statement necklace,<br \/>\nHandcraft from the 60s with large green aventurine beads,<br \/>\nand large cloisonne enamel beads with floral ornaments,<br \/>\npink-white colored flowers with green leaves on a black enamel background,<\/p>\n<p>green aventurine is said to have the following properties:<br \/>\nRegeneration and relaxation, calm and harmony, patience and serenity<br \/>\nIn addition, it is considered a wealth stone and lucky charm,<br \/>\nstands for growth, success, fertility and renewal<br \/>\nto keep companies on track, a project on schedule<br \/>\nor to keep life under control<\/p>\n<p>newly threaded, noble in design,<br \/>\nthe way the chain is designed, it is unique,<br \/>\nCapsules and closure in 925 sterling silver<\/p>\n<p>in a good, beautiful condition,<\/p>\n<p>Length: 20&#8243; (51 cm)<br \/>\nDiameter of the beads: approx. 0,79&#8243; (2 cm)<\/p>\n","protected":false},"excerpt":{"rendered":"<p>Prachtvolle ausgefallene vintage Aventurin\u00a0 Statement Halskette,<br \/>\nHandarbeit aus den 60er Jahren mit gro\u00dfen gr\u00fcnen Aventurin Kugeln,<br \/>\nund gro\u00dfen Cloisonne Emaille Kugeln mit\u00a0 Blumenornamenten,<br \/>\nrosa- wei\u00dffarbene Bl\u00fcten mit gr\u00fcnen Bl\u00e4ttern auf schwarzen Emaille-Hintergrund,<\/p>\n<p>folgende Eigenschaften sagt man dem gr\u00fcnen Aventurin nach:<br \/>\nRegeneration und Erholung, Ruhe und Harmonie, Geduld und Gelassenheit<br \/>\nau\u00dferdem gilt er als Reichtumsstein und Gl\u00fccksbringer,<br \/>\nsteht f\u00fcr Wachstum, Erfolg, Fruchtbarkeit und Erneuerung<br \/>\num Unternehmen auf Kurs, ein Projekt im Zeitplan<br \/>\noder das Leben im Griff zu halten<\/p>\n<p>neu aufgezogen, edel in der Gestaltung,<br \/>\nso wie die Kette gestaltet ist, ist sie ein Unikat,<br \/>\nKapseln und Verschlu\u00df in 925er Sterling Silber<\/p>\n<p>in einem guten sch\u00f6nen Erhaltungszustand,<\/p>\n<p>L\u00e4nge : 51 cm<br \/>\nDurchmesser der Kugeln: ca. 2 cm<\/p>\n","protected":false},"featured_media":81452,"template":"","meta":{"site-sidebar-layout":"default","site-content-layout":"default","ast-site-content-layout":"","site-content-style":"default","site-sidebar-style":"default","ast-global-header-display":"","ast-banner-title-visibility":"","ast-main-header-display":"","ast-hfb-above-header-display":"","ast-hfb-below-header-display":"","ast-hfb-mobile-header-display":"","site-post-title":"","ast-breadcrumbs-content":"","ast-featured-img":"","footer-sml-layout":"","theme-transparent-header-meta":"default","adv-header-id-meta":"","stick-header-meta":"","header-above-stick-meta":"","header-main-stick-meta":"","header-below-stick-meta":"","astra-migrate-meta-layouts":"default","ast-page-background-enabled":"default","ast-page-background-meta":{"desktop":{"background-color":"","background-image":"","background-repeat":"repeat","background-position":"center center","background-size":"auto","background-attachment":"scroll","background-type":"","background-media":"","overlay-type":"","overlay-color":"","overlay-opacity":"","overlay-gradient":""},"tablet":{"background-color":"","background-image":"","background-repeat":"repeat","background-position":"center center","background-size":"auto","background-attachment":"scroll","background-type":"","background-media":"","overlay-type":"","overlay-color":"","overlay-opacity":"","overlay-gradient":""},"mobile":{"background-color":"","background-image":"","background-repeat":"repeat","background-position":"center center","background-size":"auto","background-attachment":"scroll","background-type":"","background-media":"","overlay-type":"","overlay-color":"","overlay-opacity":"","overlay-gradient":""}},"ast-content-background-meta":{"desktop":{"background-color":"var(--ast-global-color-5)","background-image":"","background-repeat":"repeat","background-position":"center center","background-size":"auto","background-attachment":"scroll","background-type":"","background-media":"","overlay-type":"","overlay-color":"","overlay-opacity":"","overlay-gradient":""},"tablet":{"background-color":"var(--ast-global-color-5)","background-image":"","background-repeat":"repeat","background-position":"center center","background-size":"auto","background-attachment":"scroll","background-type":"","background-media":"","overlay-type":"","overlay-color":"","overlay-opacity":"","overlay-gradient":""},"mobile":{"background-color":"var(--ast-global-color-5)","background-image":"","background-repeat":"repeat","background-position":"center center","background-size":"auto","background-attachment":"scroll","background-type":"","background-media":"","overlay-type":"","overlay-color":"","overlay-opacity":"","overlay-gradient":""}}},"product_brand":[],"product_cat":[5078,5681,3561,3572,3582,4322,4325,4321],"product_tag":[4570,4682,5577,4064,4223,4914,5242,3649,3639,3654,3785,3784,3650,3789,4013,3652,4063,3641,3342,5682],"class_list":{"0":"post-81448","1":"product","2":"type-product","3":"status-publish","4":"has-post-thumbnail","6":"product_cat-metall-2","7":"product_cat-aventurin","8":"product_cat-design-nach-1945","9":"product_cat-juwelen","10":"product_cat-ketten-colliers","11":"product_cat-periode","12":"product_cat-silber","13":"product_cat-steine","14":"product_tag-60er-jahre","15":"product_tag-60s","16":"product_tag-aventurin","17":"product_tag-black","18":"product_tag-blaetter","19":"product_tag-blueten","20":"product_tag-cloisonne","21":"product_tag-collier","22":"product_tag-emaille","23":"product_tag-enamel","24":"product_tag-green","25":"product_tag-gruen","26":"product_tag-halskette","27":"product_tag-handarbeit","28":"product_tag-handwork","29":"product_tag-necklace","30":"product_tag-schwarz","31":"product_tag-silber","32":"product_tag-silver","33":"product_tag-statement","34":"desktop-align-left","35":"tablet-align-left","36":"mobile-align-left","38":"first","39":"instock","40":"sold-individually","41":"shipping-taxable","42":"purchasable","43":"product-type-simple"},"_links":{"self":[{"href":"https:\/\/www.multimedium.eu\/index.php?rest_route=\/wp\/v2\/product\/81448","targetHints":{"allow":["GET"]}}],"collection":[{"href":"https:\/\/www.multimedium.eu\/index.php?rest_route=\/wp\/v2\/product"}],"about":[{"href":"https:\/\/www.multimedium.eu\/index.php?rest_route=\/wp\/v2\/types\/product"}],"version-history":[{"count":2,"href":"https:\/\/www.multimedium.eu\/index.php?rest_route=\/wp\/v2\/product\/81448\/revisions"}],"predecessor-version":[{"id":81462,"href":"https:\/\/www.multimedium.eu\/index.php?rest_route=\/wp\/v2\/product\/81448\/revisions\/81462"}],"wp:featuredmedia":[{"embeddable":true,"href":"https:\/\/www.multimedium.eu\/index.php?rest_route=\/wp\/v2\/media\/81452"}],"wp:attachment":[{"href":"https:\/\/www.multimedium.eu\/index.php?rest_route=%2Fwp%2Fv2%2Fmedia&parent=81448"}],"wp:term":[{"taxonomy":"product_brand","embeddable":true,"href":"https:\/\/www.multimedium.eu\/index.php?rest_route=%2Fwp%2Fv2%2Fproduct_brand&post=81448"},{"taxonomy":"product_cat","embeddable":true,"href":"https:\/\/www.multimedium.eu\/index.php?rest_route=%2Fwp%2Fv2%2Fproduct_cat&post=81448"},{"taxonomy":"product_tag","embeddable":true,"href":"https:\/\/www.multimedium.eu\/index.php?rest_route=%2Fwp%2Fv2%2Fproduct_tag&post=81448"}],"curies":[{"name":"wp","href":"https:\/\/api.w.org\/{rel}","templated":true}]}}