{"id":82212,"date":"2021-09-03T09:35:16","date_gmt":"2021-09-03T07:35:16","guid":{"rendered":"https:\/\/www.multimedium.eu\/?post_type=product&#038;p=82212"},"modified":"2025-03-13T09:28:13","modified_gmt":"2025-03-13T08:28:13","slug":"antike-biedermeier-brosche-silber-tuerkis-saatperlen-um-1860-turquoise-seed-pearls-2","status":"publish","type":"product","link":"https:\/\/www.multimedium.eu\/?product=antike-biedermeier-brosche-silber-tuerkis-saatperlen-um-1860-turquoise-seed-pearls-2","title":{"rendered":"Antike Biedermeier Brosche Silber T\u00fcrkis Saatperlen um 1860 turquoise seed pearls"},"content":{"rendered":"<p>Gorgeous decorative Victorian silver<br \/>\ngold-plated brooch with turquoise around 1860<br \/>\nrare brooch with flowers and leaves,<br \/>\nwith small and large turquoises,<br \/>\nas well as small seed pearls,<br \/>\nbeautiful rare handwork,<br \/>\nunmarked, tested for silver<\/p>\n<p>with missing parts, not directly noticeable, (was taken into account in the price)<br \/>\nelse in an age-appropriate good condition<\/p>\n<p>Brooch height: 1,57&#8243; (4 cm)<br \/>\nWidth of the brooch:\u00a0 1&#8243; (2,54 cm)<\/p>\n","protected":false},"excerpt":{"rendered":"<div class=\"woocommerce-product-details__short-description\">\n<p><strong>Antike Biedermeier Brosche Silber T\u00fcrkis Saatperlen um 1860 turquoise seed pearls<\/strong><\/p>\n<p>Sch\u00f6ne dekorative viktorianische Biedermeier Silber<br \/>\nvergoldete Brosche mit T\u00fcrkisen um 1860<br \/>\nseltene Brosche mit Bl\u00fcten und Bl\u00e4ttern,<br \/>\nmit kleinen und gr\u00f6\u00dferen T\u00fcrkisen,<br \/>\nsowie kleine, Saatperlen,<br \/>\nsch\u00f6ne seltene Handarbeit<br \/>\nungestempelt, auf Silber gepr\u00fcft<\/p>\n<p>mit Fehlstellen, nicht direkt auff\u00e4llig, wurde im Preis ber\u00fccksichtigt<br \/>\nsonst in einem altersgem\u00e4\u00dfen guten Erhaltungszustand<\/p>\n<p>H\u00f6he der Brosche: 1,57&#8243; (4 cm)<br \/>\nBreite der Brosche: 1&#8243; (2,54 cm)<\/p>\n<\/div>\n","protected":false},"featured_media":82223,"template":"","meta":{"site-sidebar-layout":"default","site-content-layout":"default","ast-site-content-layout":"","site-content-style":"default","site-sidebar-style":"default","ast-global-header-display":"","ast-banner-title-visibility":"","ast-main-header-display":"","ast-hfb-above-header-display":"","ast-hfb-below-header-display":"","ast-hfb-mobile-header-display":"","site-post-title":"","ast-breadcrumbs-content":"","ast-featured-img":"","footer-sml-layout":"","theme-transparent-header-meta":"default","adv-header-id-meta":"","stick-header-meta":"","header-above-stick-meta":"","header-main-stick-meta":"","header-below-stick-meta":"","astra-migrate-meta-layouts":"default","ast-page-background-enabled":"default","ast-page-background-meta":{"desktop":{"background-color":"","background-image":"","background-repeat":"repeat","background-position":"center center","background-size":"auto","background-attachment":"scroll","background-type":"","background-media":"","overlay-type":"","overlay-color":"","overlay-opacity":"","overlay-gradient":""},"tablet":{"background-color":"","background-image":"","background-repeat":"repeat","background-position":"center center","background-size":"auto","background-attachment":"scroll","background-type":"","background-media":"","overlay-type":"","overlay-color":"","overlay-opacity":"","overlay-gradient":""},"mobile":{"background-color":"","background-image":"","background-repeat":"repeat","background-position":"center center","background-size":"auto","background-attachment":"scroll","background-type":"","background-media":"","overlay-type":"","overlay-color":"","overlay-opacity":"","overlay-gradient":""}},"ast-content-background-meta":{"desktop":{"background-color":"var(--ast-global-color-5)","background-image":"","background-repeat":"repeat","background-position":"center center","background-size":"auto","background-attachment":"scroll","background-type":"","background-media":"","overlay-type":"","overlay-color":"","overlay-opacity":"","overlay-gradient":""},"tablet":{"background-color":"var(--ast-global-color-5)","background-image":"","background-repeat":"repeat","background-position":"center center","background-size":"auto","background-attachment":"scroll","background-type":"","background-media":"","overlay-type":"","overlay-color":"","overlay-opacity":"","overlay-gradient":""},"mobile":{"background-color":"var(--ast-global-color-5)","background-image":"","background-repeat":"repeat","background-position":"center center","background-size":"auto","background-attachment":"scroll","background-type":"","background-media":"","overlay-type":"","overlay-color":"","overlay-opacity":"","overlay-gradient":""}}},"product_brand":[],"product_cat":[4101,3580,3572,5078,4322,4754,4325,4321,4149],"product_tag":[3823,4223,5151,4914,3643,3636,4011,3641,3342,4863,3832,3677],"class_list":{"0":"post-82212","1":"product","2":"type-product","3":"status-publish","4":"has-post-thumbnail","6":"product_cat-biedermeier","7":"product_cat-broschen","8":"product_cat-juwelen","9":"product_cat-metall-2","10":"product_cat-periode","11":"product_cat-perle","12":"product_cat-silber","13":"product_cat-steine","14":"product_cat-tuerkis","15":"product_tag-biedermeier","16":"product_tag-blaetter","17":"product_tag-blumenkorb","18":"product_tag-blueten","19":"product_tag-brooch","20":"product_tag-brosche","21":"product_tag-seed-pearls","22":"product_tag-silber","23":"product_tag-silver","24":"product_tag-suesswasserperlen","25":"product_tag-tuerkis","26":"product_tag-turquoise","27":"desktop-align-left","28":"tablet-align-left","29":"mobile-align-left","31":"first","32":"instock","33":"sold-individually","34":"shipping-taxable","35":"purchasable","36":"product-type-simple"},"_links":{"self":[{"href":"https:\/\/www.multimedium.eu\/index.php?rest_route=\/wp\/v2\/product\/82212","targetHints":{"allow":["GET"]}}],"collection":[{"href":"https:\/\/www.multimedium.eu\/index.php?rest_route=\/wp\/v2\/product"}],"about":[{"href":"https:\/\/www.multimedium.eu\/index.php?rest_route=\/wp\/v2\/types\/product"}],"version-history":[{"count":4,"href":"https:\/\/www.multimedium.eu\/index.php?rest_route=\/wp\/v2\/product\/82212\/revisions"}],"predecessor-version":[{"id":82226,"href":"https:\/\/www.multimedium.eu\/index.php?rest_route=\/wp\/v2\/product\/82212\/revisions\/82226"}],"wp:featuredmedia":[{"embeddable":true,"href":"https:\/\/www.multimedium.eu\/index.php?rest_route=\/wp\/v2\/media\/82223"}],"wp:attachment":[{"href":"https:\/\/www.multimedium.eu\/index.php?rest_route=%2Fwp%2Fv2%2Fmedia&parent=82212"}],"wp:term":[{"taxonomy":"product_brand","embeddable":true,"href":"https:\/\/www.multimedium.eu\/index.php?rest_route=%2Fwp%2Fv2%2Fproduct_brand&post=82212"},{"taxonomy":"product_cat","embeddable":true,"href":"https:\/\/www.multimedium.eu\/index.php?rest_route=%2Fwp%2Fv2%2Fproduct_cat&post=82212"},{"taxonomy":"product_tag","embeddable":true,"href":"https:\/\/www.multimedium.eu\/index.php?rest_route=%2Fwp%2Fv2%2Fproduct_tag&post=82212"}],"curies":[{"name":"wp","href":"https:\/\/api.w.org\/{rel}","templated":true}]}}