{"id":84777,"date":"2022-04-18T12:12:50","date_gmt":"2022-04-18T10:12:50","guid":{"rendered":"https:\/\/www.multimedium.eu\/?post_type=product&#038;p=84777"},"modified":"2025-03-13T09:27:53","modified_gmt":"2025-03-13T08:27:53","slug":"lutz-und-weiss-jugendstil-silber-herz-medaillon-anhaenger-silver-locket","status":"publish","type":"product","link":"https:\/\/www.multimedium.eu\/?product=lutz-und-weiss-jugendstil-silber-herz-medaillon-anhaenger-silver-locket","title":{"rendered":"Lutz und Wei\u00df Jugendstil Silber Herz Medaillon Anh\u00e4nger silver locket"},"content":{"rendered":"<h6>Lutz &amp; Wei\u00df Art Nouveau silver heart locket pendant<\/h6>\n<p>Charming, large, decorative Art Nouveau silver heart locket pendant from around 1910<br \/>\nby Lutz &amp; Weiss, Pforzheim<br \/>\nin matte 800 silver, in the shape of a heart<br \/>\nwith engraved decoration of Art Nouveau,<br \/>\nwith 3 cut and set ruby \u200b\u200bcolored stones,<br \/>\nwith hinge to open,<br \/>\ninside with frames for photos,<br \/>\nMarked: 800 Mond Krone<br \/>\nand makers mark from Lutz &amp; Wei\u00df, Pforzheim<\/p>\n<p>In good, beautiful condition for its age, no damage, hardly any signs of wear<\/p>\n<p>Height (incl. firmly soldered eyelet, without eyelet for hanging): 1,26&#8243; (3,45 cm)<br \/>\nWidth: approx. 1,24&#8243; (3,14 cm)<\/p>\n","protected":false},"excerpt":{"rendered":"<h6>Lutz und Wei\u00df Jugendstil Silber Herz Medaillon Anh\u00e4nger silver locket<\/h6>\n<p>Entz\u00fcckender gro\u00dfer dekorativer Jugendstil Silber Herz Medaillon Anh\u00e4nger um 1910<br \/>\nvon Lutz &amp; Wei\u00df, Pforzheim<br \/>\nin mattierten 800er Silber, in Form eines Herzens<br \/>\nmit gravierter Verzierung des Jugendstil,<br \/>\nmit 3 geschliffenen und gefassten rubinfarbenen Steinen,<br \/>\nmit Scharnier zum \u00d6ffnen,<br \/>\ninnen mit R\u00e4hmchen f\u00fcr Photos,<br \/>\ngestempelt: 800 Mond Krone<br \/>\nund Firmenpunze von Lutz &amp; Wei\u00df, Pforzheim<\/p>\n<p>f\u00fcr das Alter in einem guten sch\u00f6nen Erhaltungszustand, keine Besch\u00e4digung, kaum Tragespuren<\/p>\n<p>H\u00f6he (incl. fest verl\u00f6teter \u00d6se, ohne Aufh\u00e4nger-\u00d6se): 1,26&#8243; (3,45 cm)<br \/>\nBreite: ca. 1,24&#8243; (3,14 cm)<\/p>\n","protected":false},"featured_media":84779,"template":"","meta":{"site-sidebar-layout":"default","site-content-layout":"default","ast-site-content-layout":"","site-content-style":"default","site-sidebar-style":"default","ast-global-header-display":"","ast-banner-title-visibility":"","ast-main-header-display":"","ast-hfb-above-header-display":"","ast-hfb-below-header-display":"","ast-hfb-mobile-header-display":"","site-post-title":"","ast-breadcrumbs-content":"","ast-featured-img":"","footer-sml-layout":"","theme-transparent-header-meta":"default","adv-header-id-meta":"","stick-header-meta":"","header-above-stick-meta":"","header-main-stick-meta":"","header-below-stick-meta":"","astra-migrate-meta-layouts":"default","ast-page-background-enabled":"default","ast-page-background-meta":{"desktop":{"background-color":"","background-image":"","background-repeat":"repeat","background-position":"center center","background-size":"auto","background-attachment":"scroll","background-type":"","background-media":"","overlay-type":"","overlay-color":"","overlay-opacity":"","overlay-gradient":""},"tablet":{"background-color":"","background-image":"","background-repeat":"repeat","background-position":"center center","background-size":"auto","background-attachment":"scroll","background-type":"","background-media":"","overlay-type":"","overlay-color":"","overlay-opacity":"","overlay-gradient":""},"mobile":{"background-color":"","background-image":"","background-repeat":"repeat","background-position":"center center","background-size":"auto","background-attachment":"scroll","background-type":"","background-media":"","overlay-type":"","overlay-color":"","overlay-opacity":"","overlay-gradient":""}},"ast-content-background-meta":{"desktop":{"background-color":"var(--ast-global-color-5)","background-image":"","background-repeat":"repeat","background-position":"center center","background-size":"auto","background-attachment":"scroll","background-type":"","background-media":"","overlay-type":"","overlay-color":"","overlay-opacity":"","overlay-gradient":""},"tablet":{"background-color":"var(--ast-global-color-5)","background-image":"","background-repeat":"repeat","background-position":"center center","background-size":"auto","background-attachment":"scroll","background-type":"","background-media":"","overlay-type":"","overlay-color":"","overlay-opacity":"","overlay-gradient":""},"mobile":{"background-color":"var(--ast-global-color-5)","background-image":"","background-repeat":"repeat","background-position":"center center","background-size":"auto","background-attachment":"scroll","background-type":"","background-media":"","overlay-type":"","overlay-color":"","overlay-opacity":"","overlay-gradient":""}}},"product_brand":[],"product_cat":[5078,4450,5075,3559,3572,4322,4325,4321],"product_tag":[3647,3700,3914,3913,3698,4123,5775,3707,3341,3907,3641,3342],"class_list":{"0":"post-84777","1":"product","2":"type-product","3":"status-publish","4":"has-post-thumbnail","6":"product_cat-metall-2","7":"product_cat-anhaenger","8":"product_cat-glas-materialien","9":"product_cat-jugendstil","10":"product_cat-juwelen","11":"product_cat-periode","12":"product_cat-silber","13":"product_cat-steine","14":"product_tag-anhaenger","15":"product_tag-art-nouveau","16":"product_tag-heart","17":"product_tag-herz","18":"product_tag-jugendstil","19":"product_tag-locket","20":"product_tag-lutz-weiss","21":"product_tag-medaillon","22":"product_tag-pendant","23":"product_tag-rot","24":"product_tag-silber","25":"product_tag-silver","26":"desktop-align-left","27":"tablet-align-left","28":"mobile-align-left","30":"first","31":"instock","32":"virtual","33":"sold-individually","34":"purchasable","35":"product-type-simple"},"_links":{"self":[{"href":"https:\/\/www.multimedium.eu\/index.php?rest_route=\/wp\/v2\/product\/84777","targetHints":{"allow":["GET"]}}],"collection":[{"href":"https:\/\/www.multimedium.eu\/index.php?rest_route=\/wp\/v2\/product"}],"about":[{"href":"https:\/\/www.multimedium.eu\/index.php?rest_route=\/wp\/v2\/types\/product"}],"version-history":[{"count":3,"href":"https:\/\/www.multimedium.eu\/index.php?rest_route=\/wp\/v2\/product\/84777\/revisions"}],"predecessor-version":[{"id":84785,"href":"https:\/\/www.multimedium.eu\/index.php?rest_route=\/wp\/v2\/product\/84777\/revisions\/84785"}],"wp:featuredmedia":[{"embeddable":true,"href":"https:\/\/www.multimedium.eu\/index.php?rest_route=\/wp\/v2\/media\/84779"}],"wp:attachment":[{"href":"https:\/\/www.multimedium.eu\/index.php?rest_route=%2Fwp%2Fv2%2Fmedia&parent=84777"}],"wp:term":[{"taxonomy":"product_brand","embeddable":true,"href":"https:\/\/www.multimedium.eu\/index.php?rest_route=%2Fwp%2Fv2%2Fproduct_brand&post=84777"},{"taxonomy":"product_cat","embeddable":true,"href":"https:\/\/www.multimedium.eu\/index.php?rest_route=%2Fwp%2Fv2%2Fproduct_cat&post=84777"},{"taxonomy":"product_tag","embeddable":true,"href":"https:\/\/www.multimedium.eu\/index.php?rest_route=%2Fwp%2Fv2%2Fproduct_tag&post=84777"}],"curies":[{"name":"wp","href":"https:\/\/api.w.org\/{rel}","templated":true}]}}