{"id":85242,"date":"2022-06-30T08:36:57","date_gmt":"2022-06-30T06:36:57","guid":{"rendered":"https:\/\/www.multimedium.eu\/?post_type=product&#038;p=85242"},"modified":"2025-03-13T09:27:45","modified_gmt":"2025-03-13T08:27:45","slug":"vintage-modernist-cherry-bakelit-kunststoff-silber-halskette-necklace","status":"publish","type":"product","link":"https:\/\/www.multimedium.eu\/?product=vintage-modernist-cherry-bakelit-kunststoff-silber-halskette-necklace","title":{"rendered":"Vintage Modernist Cherry Bakelit Kunststoff Silber Halskette necklace"},"content":{"rendered":"<h6>-SOLD-<br \/>\nVintage Modernist Cherry Bakelite Plastic Silver Necklace necklace<\/h6>\n<p>Outstanding gorgeous Art Deco cherry bakelite necklace,<br \/>\nnewly designed in vintage style,<br \/>\ncherry-colored drum-shaped Bakelite links from the 30s, round surface,<br \/>\ntapering at the bottom in a beveled shape,<br \/>\nwith large lens-shaped hollow silver discs as an eye-catcher,<br \/>\nmade by hand, in an asymmetrical arrangement,<br \/>\nbeautiful interesting shape, mounted on steel wire rope,<br \/>\nwith hook clasp in 925 silver<br \/>\nset with a garnet cabochon,<br \/>\nthe clasp is easy to unhook, but holds so well,<br \/>\ntherefore, another closure can also be inserted without further ado,<\/p>\n<p>in good beautiful condition, cleaned<br \/>\nbeautiful statement piece,<\/p>\n<p>Necklace length inside: 36 cm (outside: 49 cm)<br \/>\n(worked very close-fitting for a petite person with a slender neck,<br \/>\nor you have to insert an extension.)<br \/>\nDimensions of the largest bakelite link (L x Dm): approx. 2.7 x 2 cm<br \/>\nTotal Weight: 150.4g<\/p>\n","protected":false},"excerpt":{"rendered":"<h6>-VERKAUFT-<br \/>\nVintage Modernist Cherry Bakelit Kunststoff Silber Halskette necklace<\/h6>\n<p>Ausgefallene prachtvolle Art Deco Cherry Bakelit Halskette,<br \/>\nneu designed im vintage Stil,<br \/>\ncherryfarbene tommelf\u00f6rmige Bakelitglieder aus den 30er Jahren, Oberfl\u00e4che rund,<br \/>\nan den Unterseiten zulaufend in abgeschr\u00e4gter Form,<br \/>\nmit gro\u00dfen linsenf\u00f6rmigen hohl verb\u00f6deten Silberscheiben als Blickfang,<br \/>\nin Handarbeit gefertigt, in asymetischer Anordnung,<br \/>\nsch\u00f6ne interessante Form, auf Stahldrahtseil aufgezogen,<br \/>\nmit Haken-Verschlu\u00df in 925er Silber<br \/>\ngefasst mit einem Granat Cabochon,<br \/>\nder Verschlu\u00df ist leicht auszuhaken, h\u00e4lt aber so einwandfrei,<br \/>\nvon daher kann auch ohne weiteres auch ein anderen Verschlu\u00df eingef\u00fcgt werden,<\/p>\n<p>in einem guten sch\u00f6nen Erhaltungszustand, gereinigt<br \/>\nsch\u00f6nes Statement-Teil,<\/p>\n<p>L\u00e4nge der Halskette innen: 36 cm (aussen: 49 cm)<br \/>\n(sehr halsnah gearbeitet f\u00fcr eine zierliche Person mit schlanken Hals,<br \/>\noder man mu\u00df sich eine Verl\u00e4ngerung einf\u00fcgen.)<br \/>\nMa\u00dfe des gr\u00f6\u00dften Bakelitgliedes (L x Dm): ca. 2,7 x 2 cm<br \/>\nGesamtgewicht: 150,4 g<\/p>\n","protected":false},"featured_media":85246,"template":"","meta":{"site-sidebar-layout":"default","site-content-layout":"default","ast-site-content-layout":"","site-content-style":"default","site-sidebar-style":"default","ast-global-header-display":"","ast-banner-title-visibility":"","ast-main-header-display":"","ast-hfb-above-header-display":"","ast-hfb-below-header-display":"","ast-hfb-mobile-header-display":"","site-post-title":"","ast-breadcrumbs-content":"","ast-featured-img":"","footer-sml-layout":"","theme-transparent-header-meta":"default","adv-header-id-meta":"","stick-header-meta":"","header-above-stick-meta":"","header-main-stick-meta":"","header-below-stick-meta":"","astra-migrate-meta-layouts":"default","ast-page-background-enabled":"default","ast-page-background-meta":{"desktop":{"background-color":"","background-image":"","background-repeat":"repeat","background-position":"center center","background-size":"auto","background-attachment":"scroll","background-type":"","background-media":"","overlay-type":"","overlay-color":"","overlay-opacity":"","overlay-gradient":""},"tablet":{"background-color":"","background-image":"","background-repeat":"repeat","background-position":"center center","background-size":"auto","background-attachment":"scroll","background-type":"","background-media":"","overlay-type":"","overlay-color":"","overlay-opacity":"","overlay-gradient":""},"mobile":{"background-color":"","background-image":"","background-repeat":"repeat","background-position":"center center","background-size":"auto","background-attachment":"scroll","background-type":"","background-media":"","overlay-type":"","overlay-color":"","overlay-opacity":"","overlay-gradient":""}},"ast-content-background-meta":{"desktop":{"background-color":"var(--ast-global-color-5)","background-image":"","background-repeat":"repeat","background-position":"center center","background-size":"auto","background-attachment":"scroll","background-type":"","background-media":"","overlay-type":"","overlay-color":"","overlay-opacity":"","overlay-gradient":""},"tablet":{"background-color":"var(--ast-global-color-5)","background-image":"","background-repeat":"repeat","background-position":"center center","background-size":"auto","background-attachment":"scroll","background-type":"","background-media":"","overlay-type":"","overlay-color":"","overlay-opacity":"","overlay-gradient":""},"mobile":{"background-color":"var(--ast-global-color-5)","background-image":"","background-repeat":"repeat","background-position":"center center","background-size":"auto","background-attachment":"scroll","background-type":"","background-media":"","overlay-type":"","overlay-color":"","overlay-opacity":"","overlay-gradient":""}}},"product_brand":[],"product_cat":[5078,4759,3561,3572,3582,4365,4322,4325,4321,4320],"product_tag":[4215],"class_list":{"0":"post-85242","1":"product","2":"type-product","3":"status-publish","4":"has-post-thumbnail","6":"product_cat-metall-2","7":"product_cat-bakelit","8":"product_cat-design-nach-1945","9":"product_cat-juwelen","10":"product_cat-ketten-colliers","11":"product_cat-modernist","12":"product_cat-periode","13":"product_cat-silber","14":"product_cat-steine","15":"product_cat-verkauft","16":"product_tag-verkauft","17":"desktop-align-left","18":"tablet-align-left","19":"mobile-align-left","21":"first","22":"outofstock","23":"sold-individually","24":"shipping-taxable","25":"product-type-simple"},"_links":{"self":[{"href":"https:\/\/www.multimedium.eu\/index.php?rest_route=\/wp\/v2\/product\/85242","targetHints":{"allow":["GET"]}}],"collection":[{"href":"https:\/\/www.multimedium.eu\/index.php?rest_route=\/wp\/v2\/product"}],"about":[{"href":"https:\/\/www.multimedium.eu\/index.php?rest_route=\/wp\/v2\/types\/product"}],"version-history":[{"count":6,"href":"https:\/\/www.multimedium.eu\/index.php?rest_route=\/wp\/v2\/product\/85242\/revisions"}],"predecessor-version":[{"id":87817,"href":"https:\/\/www.multimedium.eu\/index.php?rest_route=\/wp\/v2\/product\/85242\/revisions\/87817"}],"wp:featuredmedia":[{"embeddable":true,"href":"https:\/\/www.multimedium.eu\/index.php?rest_route=\/wp\/v2\/media\/85246"}],"wp:attachment":[{"href":"https:\/\/www.multimedium.eu\/index.php?rest_route=%2Fwp%2Fv2%2Fmedia&parent=85242"}],"wp:term":[{"taxonomy":"product_brand","embeddable":true,"href":"https:\/\/www.multimedium.eu\/index.php?rest_route=%2Fwp%2Fv2%2Fproduct_brand&post=85242"},{"taxonomy":"product_cat","embeddable":true,"href":"https:\/\/www.multimedium.eu\/index.php?rest_route=%2Fwp%2Fv2%2Fproduct_cat&post=85242"},{"taxonomy":"product_tag","embeddable":true,"href":"https:\/\/www.multimedium.eu\/index.php?rest_route=%2Fwp%2Fv2%2Fproduct_tag&post=85242"}],"curies":[{"name":"wp","href":"https:\/\/api.w.org\/{rel}","templated":true}]}}

<h6>-VERKAUFT-<br />
Vintage Modernist Cherry Bakelit Kunststoff Silber Halskette necklace</h6>
<p>Ausgefallene prachtvolle Art Deco Cherry Bakelit Halskette,<br />
neu designed im vintage Stil,<br />
cherryfarbene tommelförmige Bakelitglieder aus den 30er Jahren, Oberfläche rund,<br />
an den Unterseiten zulaufend in abgeschrägter Form,<br />
mit großen linsenförmigen hohl verbödeten Silberscheiben als Blickfang,<br />
in Handarbeit gefertigt, in asymetischer Anordnung,<br />
schöne interessante Form, auf Stahldrahtseil aufgezogen,<br />
mit Haken-Verschluß in 925er Silber<br />
gefasst mit einem Granat Cabochon,<br />
der Verschluß ist leicht auszuhaken, hält aber so einwandfrei,<br />
von daher kann auch ohne weiteres auch ein anderen Verschluß eingefügt werden,</p>
<p>in einem guten schönen Erhaltungszustand, gereinigt<br />
schönes Statement-Teil,</p>
<p>Länge der Halskette innen: 36 cm (aussen: 49 cm)<br />
(sehr halsnah gearbeitet für eine zierliche Person mit schlanken Hals,<br />
oder man muß sich eine Verlängerung einfügen.)<br />
Maße des größten Bakelitgliedes (L x Dm): ca. 2,7 x 2 cm<br />
Gesamtgewicht: 150,4 g</p>
