{"id":85971,"date":"2023-01-20T14:09:37","date_gmt":"2023-01-20T13:09:37","guid":{"rendered":"https:\/\/www.multimedium.eu\/?post_type=product&#038;p=85971"},"modified":"2025-03-13T09:27:38","modified_gmt":"2025-03-13T08:27:38","slug":"historismus-neorenaissance-silber-collier-halskette-filigran-gilt-garnet-pearl-filigree","status":"publish","type":"product","link":"https:\/\/www.multimedium.eu\/?product=historismus-neorenaissance-silber-collier-halskette-filigran-gilt-garnet-pearl-filigree","title":{"rendered":"Historismus Neorenaissance Silber Collier Halskette filigran gilt garnet pearl filigree"},"content":{"rendered":"<div id=\"tab-description\" class=\"woocommerce-Tabs-panel woocommerce-Tabs-panel--description panel entry-content wc-tab\" role=\"tabpanel\" aria-labelledby=\"tab-title-description\">\n<p>Historism Neo renaissance silver necklace gilt Garnet Pearl filigree c. 1870 \/ 80<\/p>\n<p>Silver (proved, min. 800), Hand work, Middle Parts in Silver gilt,<\/p>\n<p>partially filigree work , pendant gilt on the back side<\/p>\n<p>with red garnets and also with partially tender purple colored garnets<\/p>\n<p>and little sweet water pearls,<\/p>\n<p>one sweet water pearl broken,<\/p>\n<p>else good beautiful condition<\/p>\n<p>Length of the chain: 17,5\u2033 (44,5 cm) Width of the chain: 0,7\u2033 (1,8 cm)<\/p>\n<p>Length of the pendant: 3,26\u2033 (8,3 cm) Width of the pendant: 1,34\u2033 (3,4 cm<\/p>\n<\/div>\n","protected":false},"excerpt":{"rendered":"<h6>Historismus Neorenaissance Silber Collier Halskette filigran gilt garnet pearl filigree<\/h6>\n<div id=\"tab-description\" class=\"woocommerce-Tabs-panel woocommerce-Tabs-panel--description panel entry-content wc-tab\" role=\"tabpanel\" aria-labelledby=\"tab-title-description\">\n<p>Wundersch\u00f6ne, sehr seltene Historismus Neo-Renaissance Silber Halskette,<br \/>\nvergoldet Granat, Perlen, filigran, Schw\u00e4bisch Gm\u00fcnd c. 1870 \/ 80,\u00a0 wohl Hermann Bauer<br \/>\nSilber (gepr\u00fcft, min. 800), Handarbeit, Mittelteile in Silber vergoldet,<br \/>\nteilweise filigran gearbeitet, Anh\u00e4nger r\u00fcckseitig vergoldet<br \/>\nmit roten Granaten und auch mit teilweise zart lilafarbenen Granaten<br \/>\nund kleine S\u00fc\u00dfwasserperlen, eine S\u00fc\u00dfwasserperle gebrochen,<br \/>\nsonst in einem guten sch\u00f6nen Erhaltungszustand<\/p>\n<p>L\u00e4nge der Kette: 44,5 cm<br \/>\nBreite der Kette: 1,8 cm<\/p>\n<p>L\u00e4nge des Anh\u00e4ngers: 8,3 cm<br \/>\nBreite des Anh\u00e4ngers: 3,4 cm<\/p>\n<p>vergl. \u00e4hnliche St\u00fccke in der Literatur:<br \/>\nSchmuckst\u00fccke der Neorenaissance \u2013 Daniela Biffar, Hatje Verlag<\/p>\n<\/div>\n","protected":false},"featured_media":85977,"template":"","meta":{"site-sidebar-layout":"default","site-content-layout":"default","ast-site-content-layout":"default","site-content-style":"default","site-sidebar-style":"default","ast-global-header-display":"","ast-banner-title-visibility":"","ast-main-header-display":"","ast-hfb-above-header-display":"","ast-hfb-below-header-display":"","ast-hfb-mobile-header-display":"","site-post-title":"","ast-breadcrumbs-content":"","ast-featured-img":"","footer-sml-layout":"","theme-transparent-header-meta":"default","adv-header-id-meta":"","stick-header-meta":"","header-above-stick-meta":"","header-main-stick-meta":"","header-below-stick-meta":"","astra-migrate-meta-layouts":"set","ast-page-background-enabled":"default","ast-page-background-meta":{"desktop":{"background-color":"","background-image":"","background-repeat":"repeat","background-position":"center center","background-size":"auto","background-attachment":"scroll","background-type":"","background-media":"","overlay-type":"","overlay-color":"","overlay-opacity":"","overlay-gradient":""},"tablet":{"background-color":"","background-image":"","background-repeat":"repeat","background-position":"center center","background-size":"auto","background-attachment":"scroll","background-type":"","background-media":"","overlay-type":"","overlay-color":"","overlay-opacity":"","overlay-gradient":""},"mobile":{"background-color":"","background-image":"","background-repeat":"repeat","background-position":"center center","background-size":"auto","background-attachment":"scroll","background-type":"","background-media":"","overlay-type":"","overlay-color":"","overlay-opacity":"","overlay-gradient":""}},"ast-content-background-meta":{"desktop":{"background-color":"var(--ast-global-color-5)","background-image":"","background-repeat":"repeat","background-position":"center center","background-size":"auto","background-attachment":"scroll","background-type":"","background-media":"","overlay-type":"","overlay-color":"","overlay-opacity":"","overlay-gradient":""},"tablet":{"background-color":"var(--ast-global-color-5)","background-image":"","background-repeat":"repeat","background-position":"center center","background-size":"auto","background-attachment":"scroll","background-type":"","background-media":"","overlay-type":"","overlay-color":"","overlay-opacity":"","overlay-gradient":""},"mobile":{"background-color":"var(--ast-global-color-5)","background-image":"","background-repeat":"repeat","background-position":"center center","background-size":"auto","background-attachment":"scroll","background-type":"","background-media":"","overlay-type":"","overlay-color":"","overlay-opacity":"","overlay-gradient":""}}},"product_brand":[],"product_cat":[4325,4450,3573,4121,3572,3582,5078,4058,4322,3576,4321],"product_tag":[4022,3647,8865,8866,3700,3649,3669,3670,3725,8862,3724,8840,8841,3979,3650,3789,3980,8863,8864,3652,4059,3341,5838,4080,3641,3342,4065],"class_list":{"0":"post-85971","1":"product","2":"type-product","3":"status-publish","4":"has-post-thumbnail","6":"product_cat-silber","7":"product_cat-anhaenger","8":"product_cat-granat","9":"product_cat-historismus","10":"product_cat-juwelen","11":"product_cat-ketten-colliers","12":"product_cat-metall-2","13":"product_cat-neorenaissance","14":"product_cat-periode","15":"product_cat-perlen","16":"product_cat-steine","17":"product_tag-almandin","18":"product_tag-anhaenger","19":"product_tag-antikes-granat-collier","20":"product_tag-antique-garnet-necklace","21":"product_tag-art-nouveau","22":"product_tag-collier","23":"product_tag-filigran","24":"product_tag-filigree","25":"product_tag-garnet","26":"product_tag-garnet-necklace","27":"product_tag-granat","28":"product_tag-granat-collier","29":"product_tag-granat-halskette","30":"product_tag-gruenderzeit","31":"product_tag-halskette","32":"product_tag-handarbeit","33":"product_tag-historismus","34":"product_tag-historismus-collier","35":"product_tag-historismus-granat-collier","36":"product_tag-necklace","37":"product_tag-neorenaissance","38":"product_tag-pendant","39":"product_tag-perlen","40":"product_tag-schwaebisch-gmuend","41":"product_tag-silber","42":"product_tag-silver","43":"product_tag-tombak","44":"desktop-align-left","45":"tablet-align-left","46":"mobile-align-left","48":"first","49":"instock","50":"sold-individually","51":"shipping-taxable","52":"purchasable","53":"product-type-simple"},"_links":{"self":[{"href":"https:\/\/www.multimedium.eu\/index.php?rest_route=\/wp\/v2\/product\/85971","targetHints":{"allow":["GET"]}}],"collection":[{"href":"https:\/\/www.multimedium.eu\/index.php?rest_route=\/wp\/v2\/product"}],"about":[{"href":"https:\/\/www.multimedium.eu\/index.php?rest_route=\/wp\/v2\/types\/product"}],"version-history":[{"count":4,"href":"https:\/\/www.multimedium.eu\/index.php?rest_route=\/wp\/v2\/product\/85971\/revisions"}],"predecessor-version":[{"id":88042,"href":"https:\/\/www.multimedium.eu\/index.php?rest_route=\/wp\/v2\/product\/85971\/revisions\/88042"}],"wp:featuredmedia":[{"embeddable":true,"href":"https:\/\/www.multimedium.eu\/index.php?rest_route=\/wp\/v2\/media\/85977"}],"wp:attachment":[{"href":"https:\/\/www.multimedium.eu\/index.php?rest_route=%2Fwp%2Fv2%2Fmedia&parent=85971"}],"wp:term":[{"taxonomy":"product_brand","embeddable":true,"href":"https:\/\/www.multimedium.eu\/index.php?rest_route=%2Fwp%2Fv2%2Fproduct_brand&post=85971"},{"taxonomy":"product_cat","embeddable":true,"href":"https:\/\/www.multimedium.eu\/index.php?rest_route=%2Fwp%2Fv2%2Fproduct_cat&post=85971"},{"taxonomy":"product_tag","embeddable":true,"href":"https:\/\/www.multimedium.eu\/index.php?rest_route=%2Fwp%2Fv2%2Fproduct_tag&post=85971"}],"curies":[{"name":"wp","href":"https:\/\/api.w.org\/{rel}","templated":true}]}}