{"id":87693,"date":"2023-03-08T15:05:58","date_gmt":"2023-03-08T14:05:58","guid":{"rendered":"https:\/\/www.multimedium.eu\/?post_type=product&#038;p=87693"},"modified":"2025-03-13T09:27:32","modified_gmt":"2025-03-13T08:27:32","slug":"antikes-filigranes-jugendstil-silber-amethyst-collier-um-1910","status":"publish","type":"product","link":"https:\/\/www.multimedium.eu\/?product=antikes-filigranes-jugendstil-silber-amethyst-collier-um-1910","title":{"rendered":"Antikes filigranes Jugendstil Silber Amethyst Collier um 1910"},"content":{"rendered":"<h6>Antique filigree art nouveau silver amethyst necklace around 1910<\/h6>\n<p>Fine filigree open worked in 800 silver<br \/>\nwith 3 set and cut amethysts,<br \/>\ncenter piece with 2 pendants attached to two chains,<br \/>\nSilversmith handwork soldered with spiral wire and silver spheres,<br \/>\nwith bayonet lock,<br \/>\nUnmarked, tested for at least 800 silver<\/p>\n<p>Height of the center piece including pendants: 6.3 cm<br \/>\nCenter piece width: 3.2 cm<br \/>\nChain length: 47.5 cm<br \/>\nWeight: 9.66g<\/p>\n","protected":false},"excerpt":{"rendered":"<h6>Antikes filigranes Jugendstil Silber Amethyst Collier um 1910<\/h6>\n<p>Feine Filigranarbeit durchbrochen gearbeitet in 800er Silber<br \/>\nmit 3 gefassten und geschliffenen Amethysten,<br \/>\nMittelst\u00fcck mit 2 Anh\u00e4ngern an zwei Kettchen befestigt,<br \/>\nSilberschmiede Handarbeit mit Spiraldraht und Silberk\u00fcgelchen bel\u00f6tet,<br \/>\nmit Bajonett Verschlu\u00df<br \/>\nungestempelt, auf mindestens 800er Silber gepr\u00fcft<\/p>\n<p>H\u00f6he des Mittelst\u00fccks incl. Anh\u00e4nger: 6,3 cm<br \/>\nBreite des Mittelst\u00fccks: 3,2 cm<br \/>\nL\u00e4nge der Kette:\u00a0 47,5 cm<br \/>\nGewicht: 9,66 g<\/p>\n","protected":false},"featured_media":87694,"template":"","meta":{"site-sidebar-layout":"default","site-content-layout":"default","ast-site-content-layout":"","site-content-style":"default","site-sidebar-style":"default","ast-global-header-display":"","ast-banner-title-visibility":"","ast-main-header-display":"","ast-hfb-above-header-display":"","ast-hfb-below-header-display":"","ast-hfb-mobile-header-display":"","site-post-title":"","ast-breadcrumbs-content":"","ast-featured-img":"","footer-sml-layout":"","theme-transparent-header-meta":"default","adv-header-id-meta":"","stick-header-meta":"default","header-above-stick-meta":"","header-main-stick-meta":"","header-below-stick-meta":"","astra-migrate-meta-layouts":"default","ast-page-background-enabled":"default","ast-page-background-meta":{"desktop":{"background-color":"","background-image":"","background-repeat":"repeat","background-position":"center center","background-size":"auto","background-attachment":"scroll","background-type":"","background-media":"","overlay-type":"","overlay-color":"","overlay-opacity":"","overlay-gradient":""},"tablet":{"background-color":"","background-image":"","background-repeat":"repeat","background-position":"center center","background-size":"auto","background-attachment":"scroll","background-type":"","background-media":"","overlay-type":"","overlay-color":"","overlay-opacity":"","overlay-gradient":""},"mobile":{"background-color":"","background-image":"","background-repeat":"repeat","background-position":"center center","background-size":"auto","background-attachment":"scroll","background-type":"","background-media":"","overlay-type":"","overlay-color":"","overlay-opacity":"","overlay-gradient":""}},"ast-content-background-meta":{"desktop":{"background-color":"var(--ast-global-color-5)","background-image":"","background-repeat":"repeat","background-position":"center center","background-size":"auto","background-attachment":"scroll","background-type":"","background-media":"","overlay-type":"","overlay-color":"","overlay-opacity":"","overlay-gradient":""},"tablet":{"background-color":"var(--ast-global-color-5)","background-image":"","background-repeat":"repeat","background-position":"center center","background-size":"auto","background-attachment":"scroll","background-type":"","background-media":"","overlay-type":"","overlay-color":"","overlay-opacity":"","overlay-gradient":""},"mobile":{"background-color":"var(--ast-global-color-5)","background-image":"","background-repeat":"repeat","background-position":"center center","background-size":"auto","background-attachment":"scroll","background-type":"","background-media":"","overlay-type":"","overlay-color":"","overlay-opacity":"","overlay-gradient":""}}},"product_brand":[],"product_cat":[4761,3559,3572,3582,5078,4322,4325,4321],"product_tag":[3651,3716,3649,3669,3670,3698,3652,3641,3342],"class_list":{"0":"post-87693","1":"product","2":"type-product","3":"status-publish","4":"has-post-thumbnail","6":"product_cat-amethyst","7":"product_cat-jugendstil","8":"product_cat-juwelen","9":"product_cat-ketten-colliers","10":"product_cat-metall-2","11":"product_cat-periode","12":"product_cat-silber","13":"product_cat-steine","14":"product_tag-amethyst","15":"product_tag-art-deco","16":"product_tag-collier","17":"product_tag-filigran","18":"product_tag-filigree","19":"product_tag-jugendstil","20":"product_tag-necklace","21":"product_tag-silber","22":"product_tag-silver","23":"desktop-align-left","24":"tablet-align-left","25":"mobile-align-left","27":"first","28":"instock","29":"sold-individually","30":"shipping-taxable","31":"purchasable","32":"product-type-simple"},"_links":{"self":[{"href":"https:\/\/www.multimedium.eu\/index.php?rest_route=\/wp\/v2\/product\/87693","targetHints":{"allow":["GET"]}}],"collection":[{"href":"https:\/\/www.multimedium.eu\/index.php?rest_route=\/wp\/v2\/product"}],"about":[{"href":"https:\/\/www.multimedium.eu\/index.php?rest_route=\/wp\/v2\/types\/product"}],"version-history":[{"count":4,"href":"https:\/\/www.multimedium.eu\/index.php?rest_route=\/wp\/v2\/product\/87693\/revisions"}],"predecessor-version":[{"id":87708,"href":"https:\/\/www.multimedium.eu\/index.php?rest_route=\/wp\/v2\/product\/87693\/revisions\/87708"}],"wp:featuredmedia":[{"embeddable":true,"href":"https:\/\/www.multimedium.eu\/index.php?rest_route=\/wp\/v2\/media\/87694"}],"wp:attachment":[{"href":"https:\/\/www.multimedium.eu\/index.php?rest_route=%2Fwp%2Fv2%2Fmedia&parent=87693"}],"wp:term":[{"taxonomy":"product_brand","embeddable":true,"href":"https:\/\/www.multimedium.eu\/index.php?rest_route=%2Fwp%2Fv2%2Fproduct_brand&post=87693"},{"taxonomy":"product_cat","embeddable":true,"href":"https:\/\/www.multimedium.eu\/index.php?rest_route=%2Fwp%2Fv2%2Fproduct_cat&post=87693"},{"taxonomy":"product_tag","embeddable":true,"href":"https:\/\/www.multimedium.eu\/index.php?rest_route=%2Fwp%2Fv2%2Fproduct_tag&post=87693"}],"curies":[{"name":"wp","href":"https:\/\/api.w.org\/{rel}","templated":true}]}}