{"id":89564,"date":"2024-05-13T13:14:16","date_gmt":"2024-05-13T11:14:16","guid":{"rendered":"https:\/\/www.multimedium.eu\/?post_type=product&#038;p=89564"},"modified":"2025-03-13T09:27:03","modified_gmt":"2025-03-13T08:27:03","slug":"wilhelm-leyser-attrib-modernist-matt-emaille-armband-60er-jahre-vintage-enamel-bracelet","status":"publish","type":"product","link":"https:\/\/www.multimedium.eu\/?product=wilhelm-leyser-attrib-modernist-matt-emaille-armband-60er-jahre-vintage-enamel-bracelet","title":{"rendered":"Wilhelm Leyser (attrib.) Modernist Matt Emaille Armband 60er Jahre vintage enamel bracelet"},"content":{"rendered":"<h6>Wilhelm Leyser (attrib.) Modernist Matt Enamel Bracelet 60s vintage enamel bracelet<\/h6>\n<p>Exceptionally large decorative rare original from the 60s<br \/>\nMatt enamel bracelet by Wilhelm Leyser (attrib.),<br \/>\n6 links with geometric shapes,<br \/>\nenamelled on copper,<br \/>\nin the colors: background brown (iridescent)<br \/>\nBlue (iridescent) and green (opaque), beige (opaque)<br \/>\nwith stable brass connections,<br \/>\nwith sliding lock<\/p>\n<p>in good condition<\/p>\n<p>Bracelet length: 18 cm<br \/>\nWidth of the bracelet (height of a jewelry element): approx. 4.2<br \/>\nWidth of a decorative element: 2.4 cm<\/p>\n","protected":false},"excerpt":{"rendered":"<h6><strong>Wilhelm Leyser (attrib.) Modernist Matt Emaille Armband 60er Jahre vintage enamel bracelet<\/strong><\/h6>\n<p>Au\u00dfergew\u00f6hnlich gro\u00dfes dekoratives seltenes Original 60er Jahre<br \/>\nMatt-Emaille Armband von Wilhelm Leyser (attrib.),<br \/>\n6 Glieder mit geometrischen Formen,<br \/>\nauf Kupfer emailliert,<br \/>\nin den Farben: Untergrund Braun (irisierend)<br \/>\nBlau (irisierend) und gr\u00fcn (opak), beige (opak)<br \/>\nmit stabilen Messing-Verbindungen,<br \/>\nmit Schiebverschlu\u00df<\/p>\n<p>in einem guten Erhaltungszustand<\/p>\n<p>L\u00e4nge des Armbands: 18 cm<br \/>\nBreite des Armbands (H\u00f6he eines Schmuckelements): ca. 4,2<br \/>\nBreite eines Schmuckelements: 2,4 cm<\/p>\n<p>&nbsp;<\/p>\n","protected":false},"featured_media":89575,"template":"","meta":{"site-sidebar-layout":"default","site-content-layout":"default","ast-site-content-layout":"default","site-content-style":"default","site-sidebar-style":"default","ast-global-header-display":"","ast-banner-title-visibility":"","ast-main-header-display":"","ast-hfb-above-header-display":"","ast-hfb-below-header-display":"","ast-hfb-mobile-header-display":"","site-post-title":"","ast-breadcrumbs-content":"","ast-featured-img":"","footer-sml-layout":"","theme-transparent-header-meta":"default","adv-header-id-meta":"","stick-header-meta":"","header-above-stick-meta":"","header-main-stick-meta":"","header-below-stick-meta":"","astra-migrate-meta-layouts":"set","ast-page-background-enabled":"default","ast-page-background-meta":{"desktop":{"background-color":"","background-image":"","background-repeat":"repeat","background-position":"center center","background-size":"auto","background-attachment":"scroll","background-type":"","background-media":"","overlay-type":"","overlay-color":"","overlay-opacity":"","overlay-gradient":""},"tablet":{"background-color":"","background-image":"","background-repeat":"repeat","background-position":"center center","background-size":"auto","background-attachment":"scroll","background-type":"","background-media":"","overlay-type":"","overlay-color":"","overlay-opacity":"","overlay-gradient":""},"mobile":{"background-color":"","background-image":"","background-repeat":"repeat","background-position":"center center","background-size":"auto","background-attachment":"scroll","background-type":"","background-media":"","overlay-type":"","overlay-color":"","overlay-opacity":"","overlay-gradient":""}},"ast-content-background-meta":{"desktop":{"background-color":"var(--ast-global-color-5)","background-image":"","background-repeat":"repeat","background-position":"center center","background-size":"auto","background-attachment":"scroll","background-type":"","background-media":"","overlay-type":"","overlay-color":"","overlay-opacity":"","overlay-gradient":""},"tablet":{"background-color":"var(--ast-global-color-5)","background-image":"","background-repeat":"repeat","background-position":"center center","background-size":"auto","background-attachment":"scroll","background-type":"","background-media":"","overlay-type":"","overlay-color":"","overlay-opacity":"","overlay-gradient":""},"mobile":{"background-color":"var(--ast-global-color-5)","background-image":"","background-repeat":"repeat","background-position":"center center","background-size":"auto","background-attachment":"scroll","background-type":"","background-media":"","overlay-type":"","overlay-color":"","overlay-opacity":"","overlay-gradient":""}}},"product_brand":[],"product_cat":[4322,3581,3561,3598,3572,4365],"product_tag":[3661,3663,3639,5712,3654,5711,9102],"class_list":{"0":"post-89564","1":"product","2":"type-product","3":"status-publish","4":"has-post-thumbnail","6":"product_cat-periode","7":"product_cat-armbaender-armreif","8":"product_cat-design-nach-1945","9":"product_cat-emaille","10":"product_cat-juwelen","11":"product_cat-modernist","12":"product_tag-armband","13":"product_tag-bracelet","14":"product_tag-emaille","15":"product_tag-emailliert","16":"product_tag-enamel","17":"product_tag-mattemaille","18":"product_tag-wilhelm-leyser-attrib","19":"desktop-align-left","20":"tablet-align-left","21":"mobile-align-left","23":"first","24":"instock","25":"sold-individually","26":"shipping-taxable","27":"purchasable","28":"product-type-simple"},"_links":{"self":[{"href":"https:\/\/www.multimedium.eu\/index.php?rest_route=\/wp\/v2\/product\/89564","targetHints":{"allow":["GET"]}}],"collection":[{"href":"https:\/\/www.multimedium.eu\/index.php?rest_route=\/wp\/v2\/product"}],"about":[{"href":"https:\/\/www.multimedium.eu\/index.php?rest_route=\/wp\/v2\/types\/product"}],"version-history":[{"count":1,"href":"https:\/\/www.multimedium.eu\/index.php?rest_route=\/wp\/v2\/product\/89564\/revisions"}],"predecessor-version":[{"id":89583,"href":"https:\/\/www.multimedium.eu\/index.php?rest_route=\/wp\/v2\/product\/89564\/revisions\/89583"}],"wp:featuredmedia":[{"embeddable":true,"href":"https:\/\/www.multimedium.eu\/index.php?rest_route=\/wp\/v2\/media\/89575"}],"wp:attachment":[{"href":"https:\/\/www.multimedium.eu\/index.php?rest_route=%2Fwp%2Fv2%2Fmedia&parent=89564"}],"wp:term":[{"taxonomy":"product_brand","embeddable":true,"href":"https:\/\/www.multimedium.eu\/index.php?rest_route=%2Fwp%2Fv2%2Fproduct_brand&post=89564"},{"taxonomy":"product_cat","embeddable":true,"href":"https:\/\/www.multimedium.eu\/index.php?rest_route=%2Fwp%2Fv2%2Fproduct_cat&post=89564"},{"taxonomy":"product_tag","embeddable":true,"href":"https:\/\/www.multimedium.eu\/index.php?rest_route=%2Fwp%2Fv2%2Fproduct_tag&post=89564"}],"curies":[{"name":"wp","href":"https:\/\/api.w.org\/{rel}","templated":true}]}}