{"id":89584,"date":"2024-05-14T12:55:32","date_gmt":"2024-05-14T10:55:32","guid":{"rendered":"https:\/\/www.multimedium.eu\/?post_type=product&#038;p=89584"},"modified":"2025-03-13T09:27:03","modified_gmt":"2025-03-13T08:27:03","slug":"theodor-fahrner-art-deco-silber-kreuz-anhaenger-markasit-silver-cross","status":"publish","type":"product","link":"https:\/\/www.multimedium.eu\/?product=theodor-fahrner-art-deco-silber-kreuz-anhaenger-markasit-silver-cross","title":{"rendered":"Theodor Fahrner Art Deco Silber Kreuz Anh\u00e4nger Markasit silver cross"},"content":{"rendered":"<h6>Theodor Fahrner Art Deco Silver Cross Pendant Marcasite silver cross<\/h6>\n<p>Beautiful decorative Art Deco silver cross pendant<br \/>\nby Theodor Fahrner, Pforzheim,<br \/>\nin 925 sterling silver, with real pearl and numerous marcasites,<br \/>\nstamped: TF 925, original Fahrner<\/p>\n<p>in a good, beautiful condition<\/p>\n<p>Height of the cross including hanging eyelet: approx. 5.35 cm<br \/>\nCross width: 2.8 cm<\/p>\n","protected":false},"excerpt":{"rendered":"<h6>Theodor Fahrner Art Deco Silber Kreuz Anh\u00e4nger Markasit silver cross<\/h6>\n<p>Sch\u00f6ner dekorativer Art D\u00e9co Silber Kreuz Anh\u00e4nger<br \/>\nvon Theodor Fahrner, Pforzheim,<br \/>\nin 925er Sterling Silber, mit echter Perle und zahlreichen Markasiten,<br \/>\ngestempelt: TF 925 , Original Fahrner<\/p>\n<p>in einem guten sch\u00f6nen Erhaltungszustand<\/p>\n<p>H\u00f6he des Kreuzes incl. Aufh\u00e4nger-\u00d6se: ca. 5,35 cm<br \/>\nBreite des Kreuzes: 2,8 cm<\/p>\n","protected":false},"featured_media":89587,"template":"","meta":{"site-sidebar-layout":"default","site-content-layout":"default","ast-site-content-layout":"default","site-content-style":"default","site-sidebar-style":"default","ast-global-header-display":"","ast-banner-title-visibility":"","ast-main-header-display":"","ast-hfb-above-header-display":"","ast-hfb-below-header-display":"","ast-hfb-mobile-header-display":"","site-post-title":"","ast-breadcrumbs-content":"","ast-featured-img":"","footer-sml-layout":"","theme-transparent-header-meta":"default","adv-header-id-meta":"","stick-header-meta":"default","header-above-stick-meta":"","header-main-stick-meta":"","header-below-stick-meta":"","astra-migrate-meta-layouts":"set","ast-page-background-enabled":"default","ast-page-background-meta":{"desktop":{"background-color":"","background-image":"","background-repeat":"repeat","background-position":"center center","background-size":"auto","background-attachment":"scroll","background-type":"","background-media":"","overlay-type":"","overlay-color":"","overlay-opacity":"","overlay-gradient":""},"tablet":{"background-color":"","background-image":"","background-repeat":"repeat","background-position":"center center","background-size":"auto","background-attachment":"scroll","background-type":"","background-media":"","overlay-type":"","overlay-color":"","overlay-opacity":"","overlay-gradient":""},"mobile":{"background-color":"","background-image":"","background-repeat":"repeat","background-position":"center center","background-size":"auto","background-attachment":"scroll","background-type":"","background-media":"","overlay-type":"","overlay-color":"","overlay-opacity":"","overlay-gradient":""}},"ast-content-background-meta":{"desktop":{"background-color":"var(--ast-global-color-5)","background-image":"","background-repeat":"repeat","background-position":"center center","background-size":"auto","background-attachment":"scroll","background-type":"","background-media":"","overlay-type":"","overlay-color":"","overlay-opacity":"","overlay-gradient":""},"tablet":{"background-color":"var(--ast-global-color-5)","background-image":"","background-repeat":"repeat","background-position":"center center","background-size":"auto","background-attachment":"scroll","background-type":"","background-media":"","overlay-type":"","overlay-color":"","overlay-opacity":"","overlay-gradient":""},"mobile":{"background-color":"var(--ast-global-color-5)","background-image":"","background-repeat":"repeat","background-position":"center center","background-size":"auto","background-attachment":"scroll","background-type":"","background-media":"","overlay-type":"","overlay-color":"","overlay-opacity":"","overlay-gradient":""}}},"product_brand":[],"product_cat":[4450,3806,4832,4750,4754,4325],"product_tag":[3647,3675,9103,9106,9105,3674,3664,3658,4895,3668,3341,3667,3882,3641,3342,3640,3648,9104],"class_list":{"0":"post-89584","1":"product","2":"type-product","3":"status-publish","4":"has-post-thumbnail","6":"product_cat-anhaenger","7":"product_cat-art-deco","8":"product_cat-kreuz","9":"product_cat-markasite","10":"product_cat-perle","11":"product_cat-silber","12":"product_tag-anhaenger","13":"product_tag-cross","14":"product_tag-fahrner-kreuz","15":"product_tag-fahrner-silber-anhaenger","16":"product_tag-fahrner-silber-kreuz","17":"product_tag-kreuz","18":"product_tag-marcasites","19":"product_tag-markasiten","20":"product_tag-original-fahrner","21":"product_tag-pearl","22":"product_tag-pendant","23":"product_tag-perle","24":"product_tag-pforzheim","25":"product_tag-silber","26":"product_tag-silver","27":"product_tag-sterling","28":"product_tag-theodor-fahrner","29":"product_tag-theodor-fahrner-silber-kreuz-anhaenger","30":"desktop-align-left","31":"tablet-align-left","32":"mobile-align-left","34":"first","35":"instock","36":"sold-individually","37":"shipping-taxable","38":"purchasable","39":"product-type-simple"},"_links":{"self":[{"href":"https:\/\/www.multimedium.eu\/index.php?rest_route=\/wp\/v2\/product\/89584","targetHints":{"allow":["GET"]}}],"collection":[{"href":"https:\/\/www.multimedium.eu\/index.php?rest_route=\/wp\/v2\/product"}],"about":[{"href":"https:\/\/www.multimedium.eu\/index.php?rest_route=\/wp\/v2\/types\/product"}],"version-history":[{"count":5,"href":"https:\/\/www.multimedium.eu\/index.php?rest_route=\/wp\/v2\/product\/89584\/revisions"}],"predecessor-version":[{"id":90341,"href":"https:\/\/www.multimedium.eu\/index.php?rest_route=\/wp\/v2\/product\/89584\/revisions\/90341"}],"wp:featuredmedia":[{"embeddable":true,"href":"https:\/\/www.multimedium.eu\/index.php?rest_route=\/wp\/v2\/media\/89587"}],"wp:attachment":[{"href":"https:\/\/www.multimedium.eu\/index.php?rest_route=%2Fwp%2Fv2%2Fmedia&parent=89584"}],"wp:term":[{"taxonomy":"product_brand","embeddable":true,"href":"https:\/\/www.multimedium.eu\/index.php?rest_route=%2Fwp%2Fv2%2Fproduct_brand&post=89584"},{"taxonomy":"product_cat","embeddable":true,"href":"https:\/\/www.multimedium.eu\/index.php?rest_route=%2Fwp%2Fv2%2Fproduct_cat&post=89584"},{"taxonomy":"product_tag","embeddable":true,"href":"https:\/\/www.multimedium.eu\/index.php?rest_route=%2Fwp%2Fv2%2Fproduct_tag&post=89584"}],"curies":[{"name":"wp","href":"https:\/\/api.w.org\/{rel}","templated":true}]}}