{"id":89871,"date":"2024-08-13T11:15:49","date_gmt":"2024-08-13T09:15:49","guid":{"rendered":"https:\/\/www.multimedium.eu\/?post_type=product&#038;p=89871"},"modified":"2025-03-13T09:26:59","modified_gmt":"2025-03-13T08:26:59","slug":"jugendstil-silber-collier-1900-1920-handarbeit-filigran-tracht-halskette-unikat","status":"publish","type":"product","link":"https:\/\/www.multimedium.eu\/?product=jugendstil-silber-collier-1900-1920-handarbeit-filigran-tracht-halskette-unikat","title":{"rendered":"Jugendstil Silber Collier 1900 1920 Handarbeit filigran Tracht Halskette Unikat"},"content":{"rendered":"<h6>Art Nouveau silver necklace 1900 1920 handmade filigree traditional costume necklace unique<\/h6>\n<p>Art Nouveau silver necklace 1900 1920<br \/>\nHandmade filigree traditional costume necklace unique<\/p>\n<p>Very beautiful decorative Art Nouveau silver necklace<br \/>\naround 1900 &#8211; 1920, silver tested, delicate, elaborate handwork<br \/>\nIntermediate pieces connected with eyelets,<br \/>\nThis was probably made one-off as a necklace,<br \/>\nCan also be worn as traditional costume jewelry<\/p>\n<p>good, beautiful condition<\/p>\n<p>Length of the necklace: 41 cm, (small length for a slim neck)<br \/>\nor with extension chains, on both sides of the closure<br \/>\nWork in 2 chains each,<br \/>\nCenterpiece dimensions: 6.46 x 5.4 cm<\/p>\n","protected":false},"excerpt":{"rendered":"<h6>Jugendstil Silber Collier 1900 1920 Handarbeit filigran Tracht Halskette Unikat<\/h6>\n<p>Jugendstil Silber Collier 1900 1920<br \/>\nHandarbeit filigran Tracht Halskette Unikat<\/p>\n<p>Sehr sch\u00f6nes dekoratives Jugendstil Silber Collier<br \/>\num 1900 &#8211; 1920, Silber gepr\u00fcft, filigrane aufwendige Handarbeit<br \/>\nZwischenst\u00fccke verbunden mit \u00d6sen,<br \/>\nvermutlich war dies eine Einzelanfertigung als Halsschmuck,<br \/>\nauch als Trachtenschmuck zu tragen<\/p>\n<p>guter sch\u00f6ner Erhaltungszustand<\/p>\n<p>L\u00e4nge des Colliers: 41 cm, (kleine L\u00e4nge f\u00fcr einen schlanken Hals)<br \/>\noder mit Verl\u00e4ngerungskettchen, an beiden Seiten des Verschlu\u00dfes<br \/>\njeweils 2 Kettchen einarbeiten lassen,<br \/>\nMa\u00dfe des Mittelst\u00fccks: 6,46 x 5,4 cm<\/p>\n","protected":false},"featured_media":89872,"template":"","meta":{"site-sidebar-layout":"default","site-content-layout":"","ast-site-content-layout":"default","site-content-style":"default","site-sidebar-style":"default","ast-global-header-display":"","ast-banner-title-visibility":"","ast-main-header-display":"","ast-hfb-above-header-display":"","ast-hfb-below-header-display":"","ast-hfb-mobile-header-display":"","site-post-title":"","ast-breadcrumbs-content":"","ast-featured-img":"","footer-sml-layout":"","theme-transparent-header-meta":"default","adv-header-id-meta":"","stick-header-meta":"","header-above-stick-meta":"","header-main-stick-meta":"","header-below-stick-meta":"","astra-migrate-meta-layouts":"set","ast-page-background-enabled":"default","ast-page-background-meta":{"desktop":{"background-color":"","background-image":"","background-repeat":"repeat","background-position":"center center","background-size":"auto","background-attachment":"scroll","background-type":"","background-media":"","overlay-type":"","overlay-color":"","overlay-opacity":"","overlay-gradient":""},"tablet":{"background-color":"","background-image":"","background-repeat":"repeat","background-position":"center center","background-size":"auto","background-attachment":"scroll","background-type":"","background-media":"","overlay-type":"","overlay-color":"","overlay-opacity":"","overlay-gradient":""},"mobile":{"background-color":"","background-image":"","background-repeat":"repeat","background-position":"center center","background-size":"auto","background-attachment":"scroll","background-type":"","background-media":"","overlay-type":"","overlay-color":"","overlay-opacity":"","overlay-gradient":""}},"ast-content-background-meta":{"desktop":{"background-color":"var(--ast-global-color-5)","background-image":"","background-repeat":"repeat","background-position":"center center","background-size":"auto","background-attachment":"scroll","background-type":"","background-media":"","overlay-type":"","overlay-color":"","overlay-opacity":"","overlay-gradient":""},"tablet":{"background-color":"var(--ast-global-color-5)","background-image":"","background-repeat":"repeat","background-position":"center center","background-size":"auto","background-attachment":"scroll","background-type":"","background-media":"","overlay-type":"","overlay-color":"","overlay-opacity":"","overlay-gradient":""},"mobile":{"background-color":"var(--ast-global-color-5)","background-image":"","background-repeat":"repeat","background-position":"center center","background-size":"auto","background-attachment":"scroll","background-type":"","background-media":"","overlay-type":"","overlay-color":"","overlay-opacity":"","overlay-gradient":""}}},"product_brand":[],"product_cat":[4325,4121,3559,3582,5645],"product_tag":[5715,9163,3700,9130,9164,3649,9162,3669,3670,3650,3789,4013,3698,3652,3641,3342,5050,4936,9161],"class_list":{"0":"post-89871","1":"product","2":"type-product","3":"status-publish","4":"has-post-thumbnail","6":"product_cat-silber","7":"product_cat-historismus","8":"product_cat-jugendstil","9":"product_cat-ketten-colliers","10":"product_cat-ohne-steine","11":"product_tag-5715","12":"product_tag-9163","13":"product_tag-art-nouveau","14":"product_tag-c-1900","15":"product_tag-c-1920","16":"product_tag-collier","17":"product_tag-einzelstueck","18":"product_tag-filigran","19":"product_tag-filigree","20":"product_tag-halskette","21":"product_tag-handarbeit","22":"product_tag-handwork","23":"product_tag-jugendstil","24":"product_tag-necklace","25":"product_tag-silber","26":"product_tag-silver","27":"product_tag-tracht","28":"product_tag-trachten","29":"product_tag-unikat","30":"desktop-align-left","31":"tablet-align-left","32":"mobile-align-left","34":"first","35":"instock","36":"sold-individually","37":"shipping-taxable","38":"purchasable","39":"product-type-simple"},"_links":{"self":[{"href":"https:\/\/www.multimedium.eu\/index.php?rest_route=\/wp\/v2\/product\/89871","targetHints":{"allow":["GET"]}}],"collection":[{"href":"https:\/\/www.multimedium.eu\/index.php?rest_route=\/wp\/v2\/product"}],"about":[{"href":"https:\/\/www.multimedium.eu\/index.php?rest_route=\/wp\/v2\/types\/product"}],"version-history":[{"count":1,"href":"https:\/\/www.multimedium.eu\/index.php?rest_route=\/wp\/v2\/product\/89871\/revisions"}],"predecessor-version":[{"id":89877,"href":"https:\/\/www.multimedium.eu\/index.php?rest_route=\/wp\/v2\/product\/89871\/revisions\/89877"}],"wp:featuredmedia":[{"embeddable":true,"href":"https:\/\/www.multimedium.eu\/index.php?rest_route=\/wp\/v2\/media\/89872"}],"wp:attachment":[{"href":"https:\/\/www.multimedium.eu\/index.php?rest_route=%2Fwp%2Fv2%2Fmedia&parent=89871"}],"wp:term":[{"taxonomy":"product_brand","embeddable":true,"href":"https:\/\/www.multimedium.eu\/index.php?rest_route=%2Fwp%2Fv2%2Fproduct_brand&post=89871"},{"taxonomy":"product_cat","embeddable":true,"href":"https:\/\/www.multimedium.eu\/index.php?rest_route=%2Fwp%2Fv2%2Fproduct_cat&post=89871"},{"taxonomy":"product_tag","embeddable":true,"href":"https:\/\/www.multimedium.eu\/index.php?rest_route=%2Fwp%2Fv2%2Fproduct_tag&post=89871"}],"curies":[{"name":"wp","href":"https:\/\/api.w.org\/{rel}","templated":true}]}}