{"id":89999,"date":"2024-08-18T14:50:18","date_gmt":"2024-08-18T12:50:18","guid":{"rendered":"https:\/\/www.multimedium.eu\/?post_type=product&#038;p=89999"},"modified":"2025-03-13T09:32:24","modified_gmt":"2025-03-13T08:32:24","slug":"art-deco-emaille-silber-anhaenger-fahrner-stil","status":"publish","type":"product","link":"https:\/\/www.multimedium.eu\/?product=art-deco-emaille-silber-anhaenger-fahrner-stil","title":{"rendered":"Art Deco Emaille Silber Anh\u00e4nger Fahrner Stil"},"content":{"rendered":"<h6><strong>Art Deco Emaille Silber Anh\u00e4nger Fahrner Stil<\/strong><\/h6>\n<p>Gorgeous rare Original Art Deco Silver Enamel Necklace from 1930<br \/>\nFahrner inspired, marks are missing<br \/>\nHandmade in silver, gilt,<br \/>\nMark on the spring ring clasp: 800, lock loop complemented later<br \/>\nWith two coral cabochons in half cylinder shape,<br \/>\nOpaque enamel in creme-white, black, light blue and purple<br \/>\n4 chain elements enameled in opaque black enamel<\/p>\n<p>Gilding on the backside of the pendant almost gone<br \/>\nElse generally in good condition<\/p>\n<p>Length of the chain: 16,7&#8243; (42.5 cm)<br \/>\nHeight of the pedant with integrated loop: 1,9&#8243; (4.8 cm)<br \/>\nWidth of the pendant: 0,8&#8243; (2 cm)<br \/>\nLength of the middle part (large chain elements): 3,15&#8243; (8cm)<\/p>\n","protected":false},"excerpt":{"rendered":"<h6><strong>Art Deco Emaille Silber Anh\u00e4nger Fahrner Stil<\/strong><\/h6>\n<p><span style=\"font-size: large;\">Prachtvoller seltener original Art Deco Silber vergoldetes Emaille Collier um 1930<br \/>\nFahrner inspiriert, Punzen nicht vorhanden,<br \/>\nHandarbeit in Silber vergoldet,<br \/>\nam Federring gestempelt: 800, Verschlu\u00df\u00f6se sp\u00e4ter erg\u00e4nzt,<br \/>\nmit 2 Koralle Cobochons in Halbzylinderform,<br \/>\nopakes Emaille in Creme-Wei\u00df, Schwarz, Hellblau, und Lila,<br \/>\n4 Kettenelemente emailliert in opaken schwarzen Emaille,<\/span><\/p>\n<p>Vergoldung auf der R\u00fcckseite des Anh\u00e4ngers fast verschwunden,<br \/>\nsonst in einem guten Erhaltungszustand<\/p>\n<p>L\u00e4nge der Kette: 42,5 cm<br \/>\nH\u00f6he des Anh\u00e4ngers mit integrierter \u00d6se: 4,8 cm<br \/>\nBreite des Anh\u00e4ngers: 2 cm<br \/>\nL\u00e4nge des Mittelteils (gro\u00dfe Ketten Elemente): 9 8 cm<\/p>\n","protected":false},"featured_media":71575,"template":"","meta":{"site-sidebar-layout":"default","site-content-layout":"default","ast-site-content-layout":"default","site-content-style":"default","site-sidebar-style":"default","ast-global-header-display":"","ast-banner-title-visibility":"","ast-main-header-display":"","ast-hfb-above-header-display":"","ast-hfb-below-header-display":"","ast-hfb-mobile-header-display":"","site-post-title":"","ast-breadcrumbs-content":"","ast-featured-img":"","footer-sml-layout":"","theme-transparent-header-meta":"default","adv-header-id-meta":"","stick-header-meta":"","header-above-stick-meta":"","header-main-stick-meta":"","header-below-stick-meta":"","astra-migrate-meta-layouts":"set","ast-page-background-enabled":"default","ast-page-background-meta":{"desktop":{"background-color":"","background-image":"","background-repeat":"repeat","background-position":"center center","background-size":"auto","background-attachment":"scroll","background-type":"","background-media":"","overlay-type":"","overlay-color":"","overlay-opacity":"","overlay-gradient":""},"tablet":{"background-color":"","background-image":"","background-repeat":"repeat","background-position":"center center","background-size":"auto","background-attachment":"scroll","background-type":"","background-media":"","overlay-type":"","overlay-color":"","overlay-opacity":"","overlay-gradient":""},"mobile":{"background-color":"","background-image":"","background-repeat":"repeat","background-position":"center center","background-size":"auto","background-attachment":"scroll","background-type":"","background-media":"","overlay-type":"","overlay-color":"","overlay-opacity":"","overlay-gradient":""}},"ast-content-background-meta":{"desktop":{"background-color":"var(--ast-global-color-5)","background-image":"","background-repeat":"repeat","background-position":"center center","background-size":"auto","background-attachment":"scroll","background-type":"","background-media":"","overlay-type":"","overlay-color":"","overlay-opacity":"","overlay-gradient":""},"tablet":{"background-color":"var(--ast-global-color-5)","background-image":"","background-repeat":"repeat","background-position":"center center","background-size":"auto","background-attachment":"scroll","background-type":"","background-media":"","overlay-type":"","overlay-color":"","overlay-opacity":"","overlay-gradient":""},"mobile":{"background-color":"var(--ast-global-color-5)","background-image":"","background-repeat":"repeat","background-position":"center center","background-size":"auto","background-attachment":"scroll","background-type":"","background-media":"","overlay-type":"","overlay-color":"","overlay-opacity":"","overlay-gradient":""}}},"product_brand":[],"product_cat":[3598,3572],"product_tag":[3647,3639,3654,3341,3641,3342,3640,3648],"class_list":{"0":"post-89999","1":"product","2":"type-product","3":"status-publish","4":"has-post-thumbnail","6":"product_cat-emaille","7":"product_cat-juwelen","8":"product_tag-anhaenger","9":"product_tag-emaille","10":"product_tag-enamel","11":"product_tag-pendant","12":"product_tag-silber","13":"product_tag-silver","14":"product_tag-sterling","15":"product_tag-theodor-fahrner","16":"desktop-align-left","17":"tablet-align-left","18":"mobile-align-left","20":"first","21":"instock","22":"featured","23":"sold-individually","24":"shipping-taxable","25":"purchasable","26":"product-type-simple"},"_links":{"self":[{"href":"https:\/\/www.multimedium.eu\/index.php?rest_route=\/wp\/v2\/product\/89999","targetHints":{"allow":["GET"]}}],"collection":[{"href":"https:\/\/www.multimedium.eu\/index.php?rest_route=\/wp\/v2\/product"}],"about":[{"href":"https:\/\/www.multimedium.eu\/index.php?rest_route=\/wp\/v2\/types\/product"}],"version-history":[{"count":1,"href":"https:\/\/www.multimedium.eu\/index.php?rest_route=\/wp\/v2\/product\/89999\/revisions"}],"predecessor-version":[{"id":90000,"href":"https:\/\/www.multimedium.eu\/index.php?rest_route=\/wp\/v2\/product\/89999\/revisions\/90000"}],"wp:featuredmedia":[{"embeddable":true,"href":"https:\/\/www.multimedium.eu\/index.php?rest_route=\/wp\/v2\/media\/71575"}],"wp:attachment":[{"href":"https:\/\/www.multimedium.eu\/index.php?rest_route=%2Fwp%2Fv2%2Fmedia&parent=89999"}],"wp:term":[{"taxonomy":"product_brand","embeddable":true,"href":"https:\/\/www.multimedium.eu\/index.php?rest_route=%2Fwp%2Fv2%2Fproduct_brand&post=89999"},{"taxonomy":"product_cat","embeddable":true,"href":"https:\/\/www.multimedium.eu\/index.php?rest_route=%2Fwp%2Fv2%2Fproduct_cat&post=89999"},{"taxonomy":"product_tag","embeddable":true,"href":"https:\/\/www.multimedium.eu\/index.php?rest_route=%2Fwp%2Fv2%2Fproduct_tag&post=89999"}],"curies":[{"name":"wp","href":"https:\/\/api.w.org\/{rel}","templated":true}]}}