{"id":90018,"date":"2024-08-19T15:53:06","date_gmt":"2024-08-19T13:53:06","guid":{"rendered":"https:\/\/www.multimedium.eu\/?post_type=product&#038;p=90018"},"modified":"2025-03-13T09:31:23","modified_gmt":"2025-03-13T08:31:23","slug":"aureliano-toso-dino-martens-murano-glas-vase-silberfolie-rot","status":"publish","type":"product","link":"https:\/\/www.multimedium.eu\/?product=aureliano-toso-dino-martens-murano-glas-vase-silberfolie-rot","title":{"rendered":"AVeM Bizantino Murano Glas Vase Silberfolie rot"},"content":{"rendered":"<h6>AVeM Bizantino Murano glass vase silver foil red<\/h6>\n<p>Beautiful decorative AVeM Murano Bizantino glass vase around 1955,<br \/>\nred glass with silver foil applied,<br \/>\nAbove this there is a colorless carrier layer with rolled glass rods,<br \/>\nMouth tweaked several times,<\/p>\n<p>in a good, beautiful condition<\/p>\n<p>Diameter of the vase: approx. 8.5 cm<br \/>\nHeight of the vase: approx. 10 cm<\/p>\n","protected":false},"excerpt":{"rendered":"<h6>AVeM Bizantino Murano Glas Vase Silberfolie rot<\/h6>\n<p>Sch\u00f6nes dekoratives AVeM Bizantino Murano Glas V\u00e4schen um 1955,<br \/>\nrotes Glas mit aufgelegter Silberfolie,<br \/>\ndar\u00fcber farblose Tr\u00e4gerschicht mit eingewalzten Glasst\u00e4ben,<br \/>\nM\u00fcndung mehrfach gezwickt,<\/p>\n<p>in einem guten sch\u00f6nen Erhaltungszustand<\/p>\n<p>Durchmesser des V\u00e4schens: ca. 8,5 cm<br \/>\nH\u00f6he des V\u00e4schens: ca. 10 cm<\/p>\n","protected":false},"featured_media":74057,"template":"","meta":{"site-sidebar-layout":"default","site-content-layout":"default","ast-site-content-layout":"default","site-content-style":"default","site-sidebar-style":"default","ast-global-header-display":"","ast-banner-title-visibility":"","ast-main-header-display":"","ast-hfb-above-header-display":"","ast-hfb-below-header-display":"","ast-hfb-mobile-header-display":"","site-post-title":"","ast-breadcrumbs-content":"","ast-featured-img":"","footer-sml-layout":"","theme-transparent-header-meta":"default","adv-header-id-meta":"","stick-header-meta":"","header-above-stick-meta":"","header-main-stick-meta":"","header-below-stick-meta":"","astra-migrate-meta-layouts":"set","ast-page-background-enabled":"default","ast-page-background-meta":{"desktop":{"background-color":"","background-image":"","background-repeat":"repeat","background-position":"center center","background-size":"auto","background-attachment":"scroll","background-type":"","background-media":"","overlay-type":"","overlay-color":"","overlay-opacity":"","overlay-gradient":""},"tablet":{"background-color":"","background-image":"","background-repeat":"repeat","background-position":"center center","background-size":"auto","background-attachment":"scroll","background-type":"","background-media":"","overlay-type":"","overlay-color":"","overlay-opacity":"","overlay-gradient":""},"mobile":{"background-color":"","background-image":"","background-repeat":"repeat","background-position":"center center","background-size":"auto","background-attachment":"scroll","background-type":"","background-media":"","overlay-type":"","overlay-color":"","overlay-opacity":"","overlay-gradient":""}},"ast-content-background-meta":{"desktop":{"background-color":"var(--ast-global-color-5)","background-image":"","background-repeat":"repeat","background-position":"center center","background-size":"auto","background-attachment":"scroll","background-type":"","background-media":"","overlay-type":"","overlay-color":"","overlay-opacity":"","overlay-gradient":""},"tablet":{"background-color":"var(--ast-global-color-5)","background-image":"","background-repeat":"repeat","background-position":"center center","background-size":"auto","background-attachment":"scroll","background-type":"","background-media":"","overlay-type":"","overlay-color":"","overlay-opacity":"","overlay-gradient":""},"mobile":{"background-color":"var(--ast-global-color-5)","background-image":"","background-repeat":"repeat","background-position":"center center","background-size":"auto","background-attachment":"scroll","background-type":"","background-media":"","overlay-type":"","overlay-color":"","overlay-opacity":"","overlay-gradient":""}}},"product_brand":[],"product_cat":[3561,3531,4324,4322],"product_tag":[5774,9300,3760,3761,4543,4536,4043,3907,4542,4220],"class_list":{"0":"post-90018","1":"product","2":"type-product","3":"status-publish","4":"has-post-thumbnail","6":"product_cat-design-nach-1945","7":"product_cat-glas","8":"product_cat-kunstobjekte","9":"product_cat-periode","10":"product_tag-avem","11":"product_tag-bizantino","12":"product_tag-glas","13":"product_tag-glass","14":"product_tag-glasstaebe","15":"product_tag-murano","16":"product_tag-red","17":"product_tag-rot","18":"product_tag-silberfolie","19":"product_tag-vase","20":"desktop-align-left","21":"tablet-align-left","22":"mobile-align-left","24":"first","25":"instock","26":"sold-individually","27":"shipping-taxable","28":"purchasable","29":"product-type-simple"},"_links":{"self":[{"href":"https:\/\/www.multimedium.eu\/index.php?rest_route=\/wp\/v2\/product\/90018","targetHints":{"allow":["GET"]}}],"collection":[{"href":"https:\/\/www.multimedium.eu\/index.php?rest_route=\/wp\/v2\/product"}],"about":[{"href":"https:\/\/www.multimedium.eu\/index.php?rest_route=\/wp\/v2\/types\/product"}],"version-history":[{"count":3,"href":"https:\/\/www.multimedium.eu\/index.php?rest_route=\/wp\/v2\/product\/90018\/revisions"}],"predecessor-version":[{"id":91313,"href":"https:\/\/www.multimedium.eu\/index.php?rest_route=\/wp\/v2\/product\/90018\/revisions\/91313"}],"wp:featuredmedia":[{"embeddable":true,"href":"https:\/\/www.multimedium.eu\/index.php?rest_route=\/wp\/v2\/media\/74057"}],"wp:attachment":[{"href":"https:\/\/www.multimedium.eu\/index.php?rest_route=%2Fwp%2Fv2%2Fmedia&parent=90018"}],"wp:term":[{"taxonomy":"product_brand","embeddable":true,"href":"https:\/\/www.multimedium.eu\/index.php?rest_route=%2Fwp%2Fv2%2Fproduct_brand&post=90018"},{"taxonomy":"product_cat","embeddable":true,"href":"https:\/\/www.multimedium.eu\/index.php?rest_route=%2Fwp%2Fv2%2Fproduct_cat&post=90018"},{"taxonomy":"product_tag","embeddable":true,"href":"https:\/\/www.multimedium.eu\/index.php?rest_route=%2Fwp%2Fv2%2Fproduct_tag&post=90018"}],"curies":[{"name":"wp","href":"https:\/\/api.w.org\/{rel}","templated":true}]}}