{"id":90021,"date":"2024-08-19T16:05:58","date_gmt":"2024-08-19T14:05:58","guid":{"rendered":"https:\/\/www.multimedium.eu\/?post_type=product&#038;p=90021"},"modified":"2025-03-13T09:26:59","modified_gmt":"2025-03-13T08:26:59","slug":"aureliano-toso-dino-martens-murano-glas-vase-silberfolie-blau-avem","status":"publish","type":"product","link":"https:\/\/www.multimedium.eu\/?product=aureliano-toso-dino-martens-murano-glas-vase-silberfolie-blau-avem","title":{"rendered":"AVeM Bizantino Murano Glas Vase Silberfolie blau"},"content":{"rendered":"<h6>AVeM Bizantino Murano glass vase silver foil blue<\/h6>\n<p><strong>&#8211; SOLD &#8211;<\/strong><\/p>\n<p>Beautiful decorative AVeM Bizantino Murano vase, around 1955,<br \/>\nblue glass with silver foil applied,<br \/>\nAbove this there is a colorless carrier layer with rolled glass rods,<br \/>\nin an interesting, very beautiful color scheme,<br \/>\nMouth tweaked several times,<\/p>\n<p>in a good, beautiful condition<\/p>\n<p>Height of the vase: approx. 16.5 cm<br \/>\nVase diameter: approx. 12 cm<\/p>\n","protected":false},"excerpt":{"rendered":"<h6>AVeM Bizantino Murano Glas Vase Silberfolie blau<br \/>\n&#8211; VERKAUFT &#8211;<\/h6>\n<p>Sch\u00f6ne dekorative AVeM Bizantino Murano Glas Vase um 1955,<br \/>\nblaues Glas mit aufgelegter Silberfolie,<br \/>\ndar\u00fcber farblose Tr\u00e4gerschicht mit eingewalzten Glasst\u00e4ben,<br \/>\nin interessanter sehr sch\u00f6ner Farbgebung,<br \/>\nM\u00fcndung mehrfach gezwickt,<\/p>\n<p>in einem guten sch\u00f6nen Erhaltungszustand<\/p>\n<p>H\u00f6he der Vase: ca. 16,5 cm<br \/>\nDurchmesser der Vase: ca. 12 cm<\/p>\n","protected":false},"featured_media":90024,"template":"","meta":{"site-sidebar-layout":"default","site-content-layout":"","ast-site-content-layout":"default","site-content-style":"default","site-sidebar-style":"default","ast-global-header-display":"","ast-banner-title-visibility":"","ast-main-header-display":"","ast-hfb-above-header-display":"","ast-hfb-below-header-display":"","ast-hfb-mobile-header-display":"","site-post-title":"","ast-breadcrumbs-content":"","ast-featured-img":"","footer-sml-layout":"","theme-transparent-header-meta":"default","adv-header-id-meta":"","stick-header-meta":"","header-above-stick-meta":"","header-main-stick-meta":"","header-below-stick-meta":"","astra-migrate-meta-layouts":"set","ast-page-background-enabled":"default","ast-page-background-meta":{"desktop":{"background-color":"","background-image":"","background-repeat":"repeat","background-position":"center center","background-size":"auto","background-attachment":"scroll","background-type":"","background-media":"","overlay-type":"","overlay-color":"","overlay-opacity":"","overlay-gradient":""},"tablet":{"background-color":"","background-image":"","background-repeat":"repeat","background-position":"center center","background-size":"auto","background-attachment":"scroll","background-type":"","background-media":"","overlay-type":"","overlay-color":"","overlay-opacity":"","overlay-gradient":""},"mobile":{"background-color":"","background-image":"","background-repeat":"repeat","background-position":"center center","background-size":"auto","background-attachment":"scroll","background-type":"","background-media":"","overlay-type":"","overlay-color":"","overlay-opacity":"","overlay-gradient":""}},"ast-content-background-meta":{"desktop":{"background-color":"var(--ast-global-color-5)","background-image":"","background-repeat":"repeat","background-position":"center center","background-size":"auto","background-attachment":"scroll","background-type":"","background-media":"","overlay-type":"","overlay-color":"","overlay-opacity":"","overlay-gradient":""},"tablet":{"background-color":"var(--ast-global-color-5)","background-image":"","background-repeat":"repeat","background-position":"center center","background-size":"auto","background-attachment":"scroll","background-type":"","background-media":"","overlay-type":"","overlay-color":"","overlay-opacity":"","overlay-gradient":""},"mobile":{"background-color":"var(--ast-global-color-5)","background-image":"","background-repeat":"repeat","background-position":"center center","background-size":"auto","background-attachment":"scroll","background-type":"","background-media":"","overlay-type":"","overlay-color":"","overlay-opacity":"","overlay-gradient":""}}},"product_brand":[],"product_cat":[3531,3561,4320],"product_tag":[9166,5774,9300,3638,3760,9003,4536,9008,4542,4220,4215],"class_list":{"0":"post-90021","1":"product","2":"type-product","3":"status-publish","4":"has-post-thumbnail","6":"product_cat-glas","7":"product_cat-design-nach-1945","8":"product_cat-verkauft","9":"product_tag-9166","10":"product_tag-avem","11":"product_tag-bizantino","12":"product_tag-blau","13":"product_tag-glas","14":"product_tag-glas-vase","15":"product_tag-murano","16":"product_tag-murano-glas-vase","17":"product_tag-silberfolie","18":"product_tag-vase","19":"product_tag-verkauft","20":"desktop-align-left","21":"tablet-align-left","22":"mobile-align-left","24":"first","25":"outofstock","26":"sold-individually","27":"shipping-taxable","28":"product-type-simple"},"_links":{"self":[{"href":"https:\/\/www.multimedium.eu\/index.php?rest_route=\/wp\/v2\/product\/90021","targetHints":{"allow":["GET"]}}],"collection":[{"href":"https:\/\/www.multimedium.eu\/index.php?rest_route=\/wp\/v2\/product"}],"about":[{"href":"https:\/\/www.multimedium.eu\/index.php?rest_route=\/wp\/v2\/types\/product"}],"version-history":[{"count":6,"href":"https:\/\/www.multimedium.eu\/index.php?rest_route=\/wp\/v2\/product\/90021\/revisions"}],"predecessor-version":[{"id":91317,"href":"https:\/\/www.multimedium.eu\/index.php?rest_route=\/wp\/v2\/product\/90021\/revisions\/91317"}],"wp:featuredmedia":[{"embeddable":true,"href":"https:\/\/www.multimedium.eu\/index.php?rest_route=\/wp\/v2\/media\/90024"}],"wp:attachment":[{"href":"https:\/\/www.multimedium.eu\/index.php?rest_route=%2Fwp%2Fv2%2Fmedia&parent=90021"}],"wp:term":[{"taxonomy":"product_brand","embeddable":true,"href":"https:\/\/www.multimedium.eu\/index.php?rest_route=%2Fwp%2Fv2%2Fproduct_brand&post=90021"},{"taxonomy":"product_cat","embeddable":true,"href":"https:\/\/www.multimedium.eu\/index.php?rest_route=%2Fwp%2Fv2%2Fproduct_cat&post=90021"},{"taxonomy":"product_tag","embeddable":true,"href":"https:\/\/www.multimedium.eu\/index.php?rest_route=%2Fwp%2Fv2%2Fproduct_tag&post=90021"}],"curies":[{"name":"wp","href":"https:\/\/api.w.org\/{rel}","templated":true}]}}