{"id":90288,"date":"2024-08-25T14:43:28","date_gmt":"2024-08-25T12:43:28","guid":{"rendered":"https:\/\/www.multimedium.eu\/?post_type=product&#038;p=90288"},"modified":"2025-03-13T09:26:51","modified_gmt":"2025-03-13T08:26:51","slug":"jugendstil-emaille-brosche-blume-wohl-hermann-haeussler-theodor-fahrner","status":"publish","type":"product","link":"https:\/\/www.multimedium.eu\/?product=jugendstil-emaille-brosche-blume-wohl-hermann-haeussler-theodor-fahrner","title":{"rendered":"Jugendstil Emaille Brosche Blume wohl Hermann H\u00e4u\u00dfler Theodor Fahrner"},"content":{"rendered":"<h6>Art Nouveau enamel brooch flower probably Hermann H\u00e4u\u00dfler Theodor Fahrner<\/h6>\n<p>Very beautiful decorative unusual Art Nouveau brooch,<br \/>\ngilded in metal, with enamel around 1910,<br \/>\nin attractive pastel colors on copper plate,<br \/>\nwith gilded decorative edges, motif with flowers,<br \/>\nprobably by Hermann H\u00e4u\u00dfler for Theodor Fahrner,<\/p>\n<p>age-appropriate in a good used condition,<\/p>\n<p>Diameter: 3.5cm<\/p>\n","protected":false},"excerpt":{"rendered":"<h6>Jugendstil Emaille Brosche Blume wohl Hermann H\u00e4u\u00dfler Theodor Fahrner<\/h6>\n<p>Sehr sch\u00f6ne dekorative ausgefallene Jugendstil Brosche,<br \/>\nin Metall vergoldet, mit Emaille um 1910,<br \/>\nin ansprechenden Pastell-Farben auf Kupferplatte,<br \/>\nmit vergoldeten Zierr\u00e4ndern, Motiv mit Blumen,<br \/>\nwohl von Hermann H\u00e4u\u00dfler f\u00fcr Theodor Fahrner,<\/p>\n<p>altersgem\u00e4\u00df in einem guten gebrauchten Erhaltungszustand,<\/p>\n<p>Durchmesser : 3,5 cm<\/p>\n","protected":false},"featured_media":90290,"template":"","meta":{"site-sidebar-layout":"default","site-content-layout":"","ast-site-content-layout":"default","site-content-style":"default","site-sidebar-style":"default","ast-global-header-display":"","ast-banner-title-visibility":"","ast-main-header-display":"","ast-hfb-above-header-display":"","ast-hfb-below-header-display":"","ast-hfb-mobile-header-display":"","site-post-title":"","ast-breadcrumbs-content":"","ast-featured-img":"","footer-sml-layout":"","theme-transparent-header-meta":"default","adv-header-id-meta":"","stick-header-meta":"","header-above-stick-meta":"","header-main-stick-meta":"","header-below-stick-meta":"","astra-migrate-meta-layouts":"set","ast-page-background-enabled":"default","ast-page-background-meta":{"desktop":{"background-color":"","background-image":"","background-repeat":"repeat","background-position":"center center","background-size":"auto","background-attachment":"scroll","background-type":"","background-media":"","overlay-type":"","overlay-color":"","overlay-opacity":"","overlay-gradient":""},"tablet":{"background-color":"","background-image":"","background-repeat":"repeat","background-position":"center center","background-size":"auto","background-attachment":"scroll","background-type":"","background-media":"","overlay-type":"","overlay-color":"","overlay-opacity":"","overlay-gradient":""},"mobile":{"background-color":"","background-image":"","background-repeat":"repeat","background-position":"center center","background-size":"auto","background-attachment":"scroll","background-type":"","background-media":"","overlay-type":"","overlay-color":"","overlay-opacity":"","overlay-gradient":""}},"ast-content-background-meta":{"desktop":{"background-color":"var(--ast-global-color-5)","background-image":"","background-repeat":"repeat","background-position":"center center","background-size":"auto","background-attachment":"scroll","background-type":"","background-media":"","overlay-type":"","overlay-color":"","overlay-opacity":"","overlay-gradient":""},"tablet":{"background-color":"var(--ast-global-color-5)","background-image":"","background-repeat":"repeat","background-position":"center center","background-size":"auto","background-attachment":"scroll","background-type":"","background-media":"","overlay-type":"","overlay-color":"","overlay-opacity":"","overlay-gradient":""},"mobile":{"background-color":"var(--ast-global-color-5)","background-image":"","background-repeat":"repeat","background-position":"center center","background-size":"auto","background-attachment":"scroll","background-type":"","background-media":"","overlay-type":"","overlay-color":"","overlay-opacity":"","overlay-gradient":""}}},"product_brand":[],"product_cat":[3559,3580,3598,5645],"product_tag":[5801,3700,3678,3643,3636,9170,3639,3679,3662,3733,3698,3929,3810,3648,3660],"class_list":{"0":"post-90288","1":"product","2":"type-product","3":"status-publish","4":"has-post-thumbnail","6":"product_cat-jugendstil","7":"product_cat-broschen","8":"product_cat-emaille","9":"product_cat-ohne-steine","10":"product_tag-5801","11":"product_tag-art-nouveau","12":"product_tag-blume","13":"product_tag-brooch","14":"product_tag-brosche","15":"product_tag-c-1910","16":"product_tag-emaille","17":"product_tag-flower","18":"product_tag-gilt","19":"product_tag-hermann-haeussler","20":"product_tag-jugendstil","21":"product_tag-metal","22":"product_tag-metall","23":"product_tag-theodor-fahrner","24":"product_tag-vergoldet","25":"desktop-align-left","26":"tablet-align-left","27":"mobile-align-left","29":"first","30":"instock","31":"sold-individually","32":"shipping-taxable","33":"purchasable","34":"product-type-simple"},"_links":{"self":[{"href":"https:\/\/www.multimedium.eu\/index.php?rest_route=\/wp\/v2\/product\/90288","targetHints":{"allow":["GET"]}}],"collection":[{"href":"https:\/\/www.multimedium.eu\/index.php?rest_route=\/wp\/v2\/product"}],"about":[{"href":"https:\/\/www.multimedium.eu\/index.php?rest_route=\/wp\/v2\/types\/product"}],"version-history":[{"count":1,"href":"https:\/\/www.multimedium.eu\/index.php?rest_route=\/wp\/v2\/product\/90288\/revisions"}],"predecessor-version":[{"id":90292,"href":"https:\/\/www.multimedium.eu\/index.php?rest_route=\/wp\/v2\/product\/90288\/revisions\/90292"}],"wp:featuredmedia":[{"embeddable":true,"href":"https:\/\/www.multimedium.eu\/index.php?rest_route=\/wp\/v2\/media\/90290"}],"wp:attachment":[{"href":"https:\/\/www.multimedium.eu\/index.php?rest_route=%2Fwp%2Fv2%2Fmedia&parent=90288"}],"wp:term":[{"taxonomy":"product_brand","embeddable":true,"href":"https:\/\/www.multimedium.eu\/index.php?rest_route=%2Fwp%2Fv2%2Fproduct_brand&post=90288"},{"taxonomy":"product_cat","embeddable":true,"href":"https:\/\/www.multimedium.eu\/index.php?rest_route=%2Fwp%2Fv2%2Fproduct_cat&post=90288"},{"taxonomy":"product_tag","embeddable":true,"href":"https:\/\/www.multimedium.eu\/index.php?rest_route=%2Fwp%2Fv2%2Fproduct_tag&post=90288"}],"curies":[{"name":"wp","href":"https:\/\/api.w.org\/{rel}","templated":true}]}}