{"id":91132,"date":"2025-01-07T23:15:42","date_gmt":"2025-01-07T22:15:42","guid":{"rendered":"https:\/\/www.multimedium.eu\/?post_type=product&#038;p=91132"},"modified":"2025-03-13T09:28:47","modified_gmt":"2025-03-13T08:28:47","slug":"bleikristall-deckeldose-graeflich-schaffgotsche-josephinenhuette-goldziselelierung","status":"publish","type":"product","link":"https:\/\/www.multimedium.eu\/?product=bleikristall-deckeldose-graeflich-schaffgotsche-josephinenhuette-goldziselelierung","title":{"rendered":"Bleikristall Deckeldose Gr\u00e4flich Schaffgotsche Josephinenh\u00fctte Goldziselelierung"},"content":{"rendered":"<h6>Lead crystal lidded box, Count Schaffgotsche Josephinenh\u00fctte, gold chasing<\/h6>\n<p>Beautiful decorative splendor lead crystal lidded box,<br \/>\nCount Schaffgotsche Josephinenh\u00fctte, 1930s glass, faceted cut,<br \/>\nwith gold leaf and gold chasing,<br \/>\nsmoothly cut and polished,<\/p>\n<p>gold painting in good condition,<br \/>\nslight gold rim abrasion on the mouth of the bowl (where the lid rests),<br \/>\notherwise in good, very nice condition<\/p>\n<p>Total height of the lidded box: approx. 12.5 cm<br \/>\nDiameter of the lidded box: 8 cm<br \/>\nCircumference: 32 cm<\/p>\n","protected":false},"excerpt":{"rendered":"<h6><strong>Bleikristall Deckeldose Gr\u00e4flich Schaffgotsche Josephinenh\u00fctte Goldziselelierung<\/strong><\/h6>\n<p>Sch\u00f6ne dekorative Prunk Bleikristall Deckeldose,<br \/>\nGr\u00e4flich Schaffgotsche Josephinenh\u00fctte<br \/>\n30er Jahre Glas facettiert geschliffen,<br \/>\nmit goldener Blatt- und Goldziselelierung,<br \/>\nStand glatt geschliffen und poliert,<\/p>\n<p>guter Erhaltungszustand der Goldbemalung,<br \/>\nleichter Goldrandabberieb am M\u00fcndungsrand der Schale (wo der Deckel aufliegt),<br \/>\nsonst guter sehr sch\u00f6ner Erhaltungszustand<\/p>\n<p>Gesamt-H\u00f6he der Deckel-Dose: ca. 12,5 cm<br \/>\nDurchmesser der Deckel-Dose: 8 cm<br \/>\nUmfang: 32 cm<\/p>\n","protected":false},"featured_media":80160,"template":"","meta":{"site-sidebar-layout":"default","site-content-layout":"default","ast-site-content-layout":"default","site-content-style":"default","site-sidebar-style":"default","ast-global-header-display":"","ast-banner-title-visibility":"","ast-main-header-display":"","ast-hfb-above-header-display":"","ast-hfb-below-header-display":"","ast-hfb-mobile-header-display":"","site-post-title":"","ast-breadcrumbs-content":"","ast-featured-img":"","footer-sml-layout":"","theme-transparent-header-meta":"default","adv-header-id-meta":"","stick-header-meta":"","header-above-stick-meta":"","header-main-stick-meta":"","header-below-stick-meta":"","astra-migrate-meta-layouts":"set","ast-page-background-enabled":"default","ast-page-background-meta":{"desktop":{"background-color":"","background-image":"","background-repeat":"repeat","background-position":"center center","background-size":"auto","background-attachment":"scroll","background-type":"","background-media":"","overlay-type":"","overlay-color":"","overlay-opacity":"","overlay-gradient":""},"tablet":{"background-color":"","background-image":"","background-repeat":"repeat","background-position":"center center","background-size":"auto","background-attachment":"scroll","background-type":"","background-media":"","overlay-type":"","overlay-color":"","overlay-opacity":"","overlay-gradient":""},"mobile":{"background-color":"","background-image":"","background-repeat":"repeat","background-position":"center center","background-size":"auto","background-attachment":"scroll","background-type":"","background-media":"","overlay-type":"","overlay-color":"","overlay-opacity":"","overlay-gradient":""}},"ast-content-background-meta":{"desktop":{"background-color":"var(--ast-global-color-5)","background-image":"","background-repeat":"repeat","background-position":"center center","background-size":"auto","background-attachment":"scroll","background-type":"","background-media":"","overlay-type":"","overlay-color":"","overlay-opacity":"","overlay-gradient":""},"tablet":{"background-color":"var(--ast-global-color-5)","background-image":"","background-repeat":"repeat","background-position":"center center","background-size":"auto","background-attachment":"scroll","background-type":"","background-media":"","overlay-type":"","overlay-color":"","overlay-opacity":"","overlay-gradient":""},"mobile":{"background-color":"var(--ast-global-color-5)","background-image":"","background-repeat":"repeat","background-position":"center center","background-size":"auto","background-attachment":"scroll","background-type":"","background-media":"","overlay-type":"","overlay-color":"","overlay-opacity":"","overlay-gradient":""}}},"product_brand":[],"product_cat":[3806,3531,4324,4322],"product_tag":[4565,5529,4652,4548,5223,3760,4611,5530],"class_list":{"0":"post-91132","1":"product","2":"type-product","3":"status-publish","4":"has-post-thumbnail","6":"product_cat-art-deco","7":"product_cat-glas","8":"product_cat-kunstobjekte","9":"product_cat-periode","10":"product_tag-30er-jahre","11":"product_tag-bleikristall","12":"product_tag-deckeldose","13":"product_tag-facettiert","14":"product_tag-geschliffen","15":"product_tag-glas","16":"product_tag-goldbemalung","17":"product_tag-graeflich-schaffgotschsche-josephinenhuette","18":"desktop-align-left","19":"tablet-align-left","20":"mobile-align-left","22":"first","23":"instock","24":"sold-individually","25":"shipping-taxable","26":"purchasable","27":"product-type-simple"},"_links":{"self":[{"href":"https:\/\/www.multimedium.eu\/index.php?rest_route=\/wp\/v2\/product\/91132","targetHints":{"allow":["GET"]}}],"collection":[{"href":"https:\/\/www.multimedium.eu\/index.php?rest_route=\/wp\/v2\/product"}],"about":[{"href":"https:\/\/www.multimedium.eu\/index.php?rest_route=\/wp\/v2\/types\/product"}],"version-history":[{"count":1,"href":"https:\/\/www.multimedium.eu\/index.php?rest_route=\/wp\/v2\/product\/91132\/revisions"}],"predecessor-version":[{"id":91133,"href":"https:\/\/www.multimedium.eu\/index.php?rest_route=\/wp\/v2\/product\/91132\/revisions\/91133"}],"wp:featuredmedia":[{"embeddable":true,"href":"https:\/\/www.multimedium.eu\/index.php?rest_route=\/wp\/v2\/media\/80160"}],"wp:attachment":[{"href":"https:\/\/www.multimedium.eu\/index.php?rest_route=%2Fwp%2Fv2%2Fmedia&parent=91132"}],"wp:term":[{"taxonomy":"product_brand","embeddable":true,"href":"https:\/\/www.multimedium.eu\/index.php?rest_route=%2Fwp%2Fv2%2Fproduct_brand&post=91132"},{"taxonomy":"product_cat","embeddable":true,"href":"https:\/\/www.multimedium.eu\/index.php?rest_route=%2Fwp%2Fv2%2Fproduct_cat&post=91132"},{"taxonomy":"product_tag","embeddable":true,"href":"https:\/\/www.multimedium.eu\/index.php?rest_route=%2Fwp%2Fv2%2Fproduct_tag&post=91132"}],"curies":[{"name":"wp","href":"https:\/\/api.w.org\/{rel}","templated":true}]}}