{"id":92104,"date":"2025-07-13T17:50:29","date_gmt":"2025-07-13T15:50:29","guid":{"rendered":"https:\/\/www.multimedium.eu\/?post_type=product&#038;p=92104"},"modified":"2025-07-13T17:50:30","modified_gmt":"2025-07-13T15:50:30","slug":"antike-viktorianische-rosa-milchglas-nachttisch-oellampe-emaille-malerei-licht","status":"publish","type":"product","link":"https:\/\/www.multimedium.eu\/?product=antike-viktorianische-rosa-milchglas-nachttisch-oellampe-emaille-malerei-licht","title":{"rendered":"Antike viktorianische rosa Milchglas Nachttisch \u00d6llampe Emaille Malerei Licht"},"content":{"rendered":"<h6>Antique Victorian Pink Milk Glass bedside table Oil Lamp Enamel Painting Light<\/h6>\n<p>-SOLD-<\/p>\n<p>Charming little Historism Bedside Table Lamp c. 1850<br \/>\nwith rose colored enamel painted lampshade made of milk glass<br \/>\npartly open worked brass mounts<br \/>\ninside of which the glass insert serves as a container for the oil,<br \/>\nwhich is also beautiful formed and painted with enamel,<br \/>\nthe oil lamp is age related in good condition,<br \/>\ncolor changes to brown on the upper edge of the rose colored pedestal,<br \/>\nbecause of the heat,<br \/>\nvery rare in this size and design<br \/>\nRarity, very difficult to get in this condition, very collectible<br \/>\nHeight inclusive glass cylinder: 40 cm<br \/>\nHeight to the edge of the rose colored lampshade: 27 cm<br \/>\nDiameter of the rose colored lampshade: 10.5 cm<br \/>\nDiameter of the rose colored pedestal: 8 cm<\/p>\n","protected":false},"excerpt":{"rendered":"<h6>Antike viktorianische rosa Milchglas Nachttisch \u00d6llampe Emaille Malerei Licht<\/h6>\n<p>-VERKAUFT-<\/p>\n<p>Bezaubernde kleine Historismus-Nachttischlampe, um 1850<br \/>\nmit rosa emailliertem Lampenschirm aus Milchglas<br \/>\nteilweise durchbrochen gearbeitete Messingfassungen<br \/>\ndarin dient der Glaseinsatz als \u00d6lbeh\u00e4lter,<br \/>\nder ebenfalls wundersch\u00f6n geformt und emailliert ist.<br \/>\nDie \u00d6llampe ist altersbedingt in gutem Zustand.<br \/>\nDie Farbe des rosafarbenen Sockels verf\u00e4rbt sich durch Hitzeeinwirkung braun am oberen Rand.<br \/>\nSehr selten in dieser Gr\u00f6\u00dfe und Ausf\u00fchrung.<br \/>\nRarit\u00e4t, in diesem Zustand sehr schwer zu bekommen, sehr sammelw\u00fcrdig.<br \/>\nH\u00f6he inklusive Glaszylinder: 40 cm<br \/>\nH\u00f6he bis zum Rand des rosafarbenen Lampenschirms: 27 cm<br \/>\nDurchmesser des rosafarbenen Lampenschirms: 10,5 cm<br \/>\nDurchmesser des rosafarbenen Sockels: 8 cm<\/p>\n","protected":false},"featured_media":92108,"template":"","meta":{"site-sidebar-layout":"default","site-content-layout":"","ast-site-content-layout":"default","site-content-style":"default","site-sidebar-style":"default","ast-global-header-display":"","ast-banner-title-visibility":"","ast-main-header-display":"","ast-hfb-above-header-display":"","ast-hfb-below-header-display":"","ast-hfb-mobile-header-display":"","site-post-title":"","ast-breadcrumbs-content":"","ast-featured-img":"","footer-sml-layout":"","theme-transparent-header-meta":"default","adv-header-id-meta":"","stick-header-meta":"","header-above-stick-meta":"","header-main-stick-meta":"","header-below-stick-meta":"","astra-migrate-meta-layouts":"set","ast-page-background-enabled":"default","ast-page-background-meta":{"desktop":{"background-color":"","background-image":"","background-repeat":"repeat","background-position":"center center","background-size":"auto","background-attachment":"scroll","background-type":"","background-media":"","overlay-type":"","overlay-color":"","overlay-opacity":"","overlay-gradient":""},"tablet":{"background-color":"","background-image":"","background-repeat":"repeat","background-position":"center center","background-size":"auto","background-attachment":"scroll","background-type":"","background-media":"","overlay-type":"","overlay-color":"","overlay-opacity":"","overlay-gradient":""},"mobile":{"background-color":"","background-image":"","background-repeat":"repeat","background-position":"center center","background-size":"auto","background-attachment":"scroll","background-type":"","background-media":"","overlay-type":"","overlay-color":"","overlay-opacity":"","overlay-gradient":""}},"ast-content-background-meta":{"desktop":{"background-color":"var(--ast-global-color-5)","background-image":"","background-repeat":"repeat","background-position":"center center","background-size":"auto","background-attachment":"scroll","background-type":"","background-media":"","overlay-type":"","overlay-color":"","overlay-opacity":"","overlay-gradient":""},"tablet":{"background-color":"var(--ast-global-color-5)","background-image":"","background-repeat":"repeat","background-position":"center center","background-size":"auto","background-attachment":"scroll","background-type":"","background-media":"","overlay-type":"","overlay-color":"","overlay-opacity":"","overlay-gradient":""},"mobile":{"background-color":"var(--ast-global-color-5)","background-image":"","background-repeat":"repeat","background-position":"center center","background-size":"auto","background-attachment":"scroll","background-type":"","background-media":"","overlay-type":"","overlay-color":"","overlay-opacity":"","overlay-gradient":""}}},"product_brand":[],"product_cat":[4324,3559,5750,4320,5776],"product_tag":[4215],"class_list":{"0":"post-92104","1":"product","2":"type-product","3":"status-publish","4":"has-post-thumbnail","6":"product_cat-kunstobjekte","7":"product_cat-jugendstil","8":"product_cat-lampen","9":"product_cat-verkauft","10":"product_cat-victorian","11":"product_tag-verkauft","12":"desktop-align-left","13":"tablet-align-left","14":"mobile-align-left","16":"first","17":"outofstock","18":"shipping-taxable","19":"product-type-simple"},"_links":{"self":[{"href":"https:\/\/www.multimedium.eu\/index.php?rest_route=\/wp\/v2\/product\/92104","targetHints":{"allow":["GET"]}}],"collection":[{"href":"https:\/\/www.multimedium.eu\/index.php?rest_route=\/wp\/v2\/product"}],"about":[{"href":"https:\/\/www.multimedium.eu\/index.php?rest_route=\/wp\/v2\/types\/product"}],"version-history":[{"count":2,"href":"https:\/\/www.multimedium.eu\/index.php?rest_route=\/wp\/v2\/product\/92104\/revisions"}],"predecessor-version":[{"id":92113,"href":"https:\/\/www.multimedium.eu\/index.php?rest_route=\/wp\/v2\/product\/92104\/revisions\/92113"}],"wp:featuredmedia":[{"embeddable":true,"href":"https:\/\/www.multimedium.eu\/index.php?rest_route=\/wp\/v2\/media\/92108"}],"wp:attachment":[{"href":"https:\/\/www.multimedium.eu\/index.php?rest_route=%2Fwp%2Fv2%2Fmedia&parent=92104"}],"wp:term":[{"taxonomy":"product_brand","embeddable":true,"href":"https:\/\/www.multimedium.eu\/index.php?rest_route=%2Fwp%2Fv2%2Fproduct_brand&post=92104"},{"taxonomy":"product_cat","embeddable":true,"href":"https:\/\/www.multimedium.eu\/index.php?rest_route=%2Fwp%2Fv2%2Fproduct_cat&post=92104"},{"taxonomy":"product_tag","embeddable":true,"href":"https:\/\/www.multimedium.eu\/index.php?rest_route=%2Fwp%2Fv2%2Fproduct_tag&post=92104"}],"curies":[{"name":"wp","href":"https:\/\/api.w.org\/{rel}","templated":true}]}}