{"id":92590,"date":"2025-12-22T20:37:41","date_gmt":"2025-12-22T19:37:41","guid":{"rendered":"https:\/\/www.multimedium.eu\/?post_type=product&#038;p=92590"},"modified":"2025-12-25T15:25:18","modified_gmt":"2025-12-25T14:25:18","slug":"92590","status":"publish","type":"product","link":"https:\/\/www.multimedium.eu\/?product=92590","title":{"rendered":"Jugendstil Anh\u00e4nger Gablonz Paste um 1900 gr\u00fcn blau violett"},"content":{"rendered":"<h6>Beautiful decorative Art Nouveau pendant from Gablonz ,<\/h6>\n<p>Metal plated c. 1900<br \/>\npaste stones in blue and green (underlaid with mother-of-pearl) and purple<br \/>\nwith a fashion jewelry-pearl<\/p>\n<p>good beautiful condition<\/p>\n<p>Length of the pendant incl. loop: 1,96&#8243; (5 cm)<br \/>\nWidth of the pendant: 1,89&#8243; (4,8 cm)<\/p>\n","protected":false},"excerpt":{"rendered":"<h6>Jugendstil Anh\u00e4nger Gablonz Paste um 1900 gr\u00fcn blau violett<\/h6>\n<p>Metall versilbert, um 1900<br \/>\nPaste Steine \u200b\u200bin Blau, Gr\u00fcn (mit Perlmutt unterlegt) und Lila<br \/>\nmit einer Schmuckperle<\/p>\n<p>in einem sehr guten Erhaltungszustand<\/p>\n<p>L\u00e4nge des Anh\u00e4ngers inkl. \u00d6se: 5 cm<br \/>\nBreite des Anh\u00e4ngers: 4,8 cm<\/p>\n","protected":false},"featured_media":92601,"template":"","meta":{"site-sidebar-layout":"default","site-content-layout":"","ast-site-content-layout":"default","site-content-style":"default","site-sidebar-style":"default","ast-global-header-display":"","ast-banner-title-visibility":"","ast-main-header-display":"","ast-hfb-above-header-display":"","ast-hfb-below-header-display":"","ast-hfb-mobile-header-display":"","site-post-title":"","ast-breadcrumbs-content":"","ast-featured-img":"","footer-sml-layout":"","theme-transparent-header-meta":"default","adv-header-id-meta":"","stick-header-meta":"","header-above-stick-meta":"","header-main-stick-meta":"","header-below-stick-meta":"","astra-migrate-meta-layouts":"set","ast-page-background-enabled":"default","ast-page-background-meta":{"desktop":{"background-color":"","background-image":"","background-repeat":"repeat","background-position":"center center","background-size":"auto","background-attachment":"scroll","background-type":"","background-media":"","overlay-type":"","overlay-color":"","overlay-opacity":"","overlay-gradient":""},"tablet":{"background-color":"","background-image":"","background-repeat":"repeat","background-position":"center center","background-size":"auto","background-attachment":"scroll","background-type":"","background-media":"","overlay-type":"","overlay-color":"","overlay-opacity":"","overlay-gradient":""},"mobile":{"background-color":"","background-image":"","background-repeat":"repeat","background-position":"center center","background-size":"auto","background-attachment":"scroll","background-type":"","background-media":"","overlay-type":"","overlay-color":"","overlay-opacity":"","overlay-gradient":""}},"ast-content-background-meta":{"desktop":{"background-color":"var(--ast-global-color-5)","background-image":"","background-repeat":"repeat","background-position":"center center","background-size":"auto","background-attachment":"scroll","background-type":"","background-media":"","overlay-type":"","overlay-color":"","overlay-opacity":"","overlay-gradient":""},"tablet":{"background-color":"var(--ast-global-color-5)","background-image":"","background-repeat":"repeat","background-position":"center center","background-size":"auto","background-attachment":"scroll","background-type":"","background-media":"","overlay-type":"","overlay-color":"","overlay-opacity":"","overlay-gradient":""},"mobile":{"background-color":"var(--ast-global-color-5)","background-image":"","background-repeat":"repeat","background-position":"center center","background-size":"auto","background-attachment":"scroll","background-type":"","background-media":"","overlay-type":"","overlay-color":"","overlay-opacity":"","overlay-gradient":""}}},"product_brand":[],"product_cat":[3559,4450,5075,4320],"product_tag":[4215],"class_list":{"0":"post-92590","1":"product","2":"type-product","3":"status-publish","4":"has-post-thumbnail","6":"product_cat-jugendstil","7":"product_cat-anhaenger","8":"product_cat-glas-materialien","9":"product_cat-verkauft","10":"product_tag-verkauft","11":"desktop-align-left","12":"tablet-align-left","13":"mobile-align-left","15":"first","16":"outofstock","17":"shipping-taxable","18":"product-type-simple"},"_links":{"self":[{"href":"https:\/\/www.multimedium.eu\/index.php?rest_route=\/wp\/v2\/product\/92590","targetHints":{"allow":["GET"]}}],"collection":[{"href":"https:\/\/www.multimedium.eu\/index.php?rest_route=\/wp\/v2\/product"}],"about":[{"href":"https:\/\/www.multimedium.eu\/index.php?rest_route=\/wp\/v2\/types\/product"}],"version-history":[{"count":3,"href":"https:\/\/www.multimedium.eu\/index.php?rest_route=\/wp\/v2\/product\/92590\/revisions"}],"predecessor-version":[{"id":92600,"href":"https:\/\/www.multimedium.eu\/index.php?rest_route=\/wp\/v2\/product\/92590\/revisions\/92600"}],"wp:featuredmedia":[{"embeddable":true,"href":"https:\/\/www.multimedium.eu\/index.php?rest_route=\/wp\/v2\/media\/92601"}],"wp:attachment":[{"href":"https:\/\/www.multimedium.eu\/index.php?rest_route=%2Fwp%2Fv2%2Fmedia&parent=92590"}],"wp:term":[{"taxonomy":"product_brand","embeddable":true,"href":"https:\/\/www.multimedium.eu\/index.php?rest_route=%2Fwp%2Fv2%2Fproduct_brand&post=92590"},{"taxonomy":"product_cat","embeddable":true,"href":"https:\/\/www.multimedium.eu\/index.php?rest_route=%2Fwp%2Fv2%2Fproduct_cat&post=92590"},{"taxonomy":"product_tag","embeddable":true,"href":"https:\/\/www.multimedium.eu\/index.php?rest_route=%2Fwp%2Fv2%2Fproduct_tag&post=92590"}],"curies":[{"name":"wp","href":"https:\/\/api.w.org\/{rel}","templated":true}]}}