{"id":92931,"date":"2026-03-27T17:48:31","date_gmt":"2026-03-27T16:48:31","guid":{"rendered":"https:\/\/www.multimedium.eu\/?post_type=product&#038;p=92931"},"modified":"2026-03-27T18:00:06","modified_gmt":"2026-03-27T17:00:06","slug":"edler-nerzmantel-damen-braun-gr-m-40-mink-fur-coat-top-zustand-villenhaushalt","status":"publish","type":"product","link":"https:\/\/www.multimedium.eu\/?product=edler-nerzmantel-damen-braun-gr-m-40-mink-fur-coat-top-zustand-villenhaushalt","title":{"rendered":"Edler Nerzmantel Damen Braun Gr. M (40) Mink Fur Coat Top Zustand &#8211; Villenhaushalt"},"content":{"rendered":"<h6>Elegant Women&#8217;s Mink Coat, Brown, Size M (40) &#8211; Excellent Condition &#8211; From a Villa<\/h6>\n<p>Elegant women&#8217;s mink coat in timeless dark brown<\/p>\n<p>This is an exclusive, high-quality mink fur coat from a well-maintained villa.<\/p>\n<p>The coat impresses with its elegant cut and the deep brown, glossy color of the fur.<\/p>\n<p>Worn only a few times, in very good and well-maintained condition. The fur is soft and lustrous.<\/p>\n<p>The coat is completely odorless and comes from a non-smoking home.<\/p>\n<p>Features two practical side pockets and three classic fur-trimmed hook closures.<\/p>\n<p>The lining is clean and well-maintained. There is a tiny hole in the lining (see detailed photo), which does not affect the<br \/>\nfunction or appearance of the coat in any way.<\/p>\n<p>Size Information:<\/p>\n<p>Size: Approximately M or 40 (no label inside).<\/p>\n<p>Measurements: Please refer to the measuring tape photos in the gallery for the exact length of the coat.<\/p>\n","protected":false},"excerpt":{"rendered":"<h6>Edler Nerzmantel Damen Braun Gr. M (40) Mink Fur Coat Top Zustand \u2013 Villenhaus<\/h6>\n<p><strong>Eleganter Damen-Nerzmantel in zeitlosem Dunkelbraun<\/strong><\/p>\n<p data-path-to-node=\"10\">Es handelt sich hier um einen exklusiven, hochwertigen Nerzpelzmantel aus einem gepflegten Villen-Haushalt.<br \/>\nDer Mantel besticht durch seine elegante Form und die tiefbraune, gl\u00e4nzende Farbe des Fells.<\/p>\n<p data-path-to-node=\"12,0,0\">Wenig getragen, in einem sehr guten und gepflegten Erhaltungszustand. Das Fell ist weich und gl\u00e4nzend.<\/p>\n<p data-path-to-node=\"12,1,0\">Der Mantel ist absolut geruchsneutral und stammt aus einem Nichtraucherhaushalt.<\/p>\n<p data-path-to-node=\"12,2,0\">Ausgestattet mit zwei praktischen Seitentaschen und drei klassischen Pelz-Verschlusshaken.<\/p>\n<p data-path-to-node=\"12,3,0\">Innenfutter sauber und gepflegt. Ein winziges Loch im Futter ist vorhanden (siehe Detailfoto), was die<br \/>\nFunktion oder Optik von au\u00dfen jedoch in keiner Weise beeintr\u00e4chtigt.<\/p>\n<p data-path-to-node=\"13\">Gr\u00f6\u00dfenangaben:<\/p>\n<p data-path-to-node=\"14,0,0\">Gr\u00f6\u00dfe: Gesch\u00e4tzt M bzw. 40 (kein Etikett im Inneren vorhanden).<\/p>\n<p data-path-to-node=\"14,1,0\">Ma\u00dfe: Die genaue L\u00e4nge des Mantels entnehmen Sie bitte den Ma\u00dfband-Fotos in der Galerie.<\/p>\n<p data-path-to-node=\"16,0\">\n","protected":false},"featured_media":92925,"template":"","meta":{"site-sidebar-layout":"default","site-content-layout":"","ast-site-content-layout":"default","site-content-style":"default","site-sidebar-style":"default","ast-global-header-display":"","ast-banner-title-visibility":"","ast-main-header-display":"","ast-hfb-above-header-display":"","ast-hfb-below-header-display":"","ast-hfb-mobile-header-display":"","site-post-title":"","ast-breadcrumbs-content":"","ast-featured-img":"","footer-sml-layout":"","theme-transparent-header-meta":"default","adv-header-id-meta":"","stick-header-meta":"","header-above-stick-meta":"","header-main-stick-meta":"","header-below-stick-meta":"","astra-migrate-meta-layouts":"set","ast-page-background-enabled":"default","ast-page-background-meta":{"desktop":{"background-color":"","background-image":"","background-repeat":"repeat","background-position":"center center","background-size":"auto","background-attachment":"scroll","background-type":"","background-media":"","overlay-type":"","overlay-color":"","overlay-opacity":"","overlay-gradient":""},"tablet":{"background-color":"","background-image":"","background-repeat":"repeat","background-position":"center center","background-size":"auto","background-attachment":"scroll","background-type":"","background-media":"","overlay-type":"","overlay-color":"","overlay-opacity":"","overlay-gradient":""},"mobile":{"background-color":"","background-image":"","background-repeat":"repeat","background-position":"center center","background-size":"auto","background-attachment":"scroll","background-type":"","background-media":"","overlay-type":"","overlay-color":"","overlay-opacity":"","overlay-gradient":""}},"ast-content-background-meta":{"desktop":{"background-color":"var(--ast-global-color-5)","background-image":"","background-repeat":"repeat","background-position":"center center","background-size":"auto","background-attachment":"scroll","background-type":"","background-media":"","overlay-type":"","overlay-color":"","overlay-opacity":"","overlay-gradient":""},"tablet":{"background-color":"var(--ast-global-color-5)","background-image":"","background-repeat":"repeat","background-position":"center center","background-size":"auto","background-attachment":"scroll","background-type":"","background-media":"","overlay-type":"","overlay-color":"","overlay-opacity":"","overlay-gradient":""},"mobile":{"background-color":"var(--ast-global-color-5)","background-image":"","background-repeat":"repeat","background-position":"center center","background-size":"auto","background-attachment":"scroll","background-type":"","background-media":"","overlay-type":"","overlay-color":"","overlay-opacity":"","overlay-gradient":""}}},"product_brand":[],"product_cat":[3525,3561,4322],"product_tag":[5649,8973,8972,8971,8976,8969,8975,8974,8970],"class_list":{"0":"post-92931","1":"product","2":"type-product","3":"status-publish","4":"has-post-thumbnail","6":"product_cat-taschen-und-pelze","7":"product_cat-design-nach-1945","8":"product_cat-periode","9":"product_tag-braun","10":"product_tag-brown","11":"product_tag-fur-women-coat","12":"product_tag-mink","13":"product_tag-mink-fur-coat","14":"product_tag-nerz","15":"product_tag-nerz-pelzmantel","16":"product_tag-nerzmentel","17":"product_tag-pelzmantel","18":"desktop-align-left","19":"tablet-align-left","20":"mobile-align-left","22":"first","23":"instock","24":"sold-individually","25":"shipping-taxable","26":"purchasable","27":"product-type-simple"},"_links":{"self":[{"href":"https:\/\/www.multimedium.eu\/index.php?rest_route=\/wp\/v2\/product\/92931","targetHints":{"allow":["GET"]}}],"collection":[{"href":"https:\/\/www.multimedium.eu\/index.php?rest_route=\/wp\/v2\/product"}],"about":[{"href":"https:\/\/www.multimedium.eu\/index.php?rest_route=\/wp\/v2\/types\/product"}],"version-history":[{"count":1,"href":"https:\/\/www.multimedium.eu\/index.php?rest_route=\/wp\/v2\/product\/92931\/revisions"}],"predecessor-version":[{"id":92932,"href":"https:\/\/www.multimedium.eu\/index.php?rest_route=\/wp\/v2\/product\/92931\/revisions\/92932"}],"wp:featuredmedia":[{"embeddable":true,"href":"https:\/\/www.multimedium.eu\/index.php?rest_route=\/wp\/v2\/media\/92925"}],"wp:attachment":[{"href":"https:\/\/www.multimedium.eu\/index.php?rest_route=%2Fwp%2Fv2%2Fmedia&parent=92931"}],"wp:term":[{"taxonomy":"product_brand","embeddable":true,"href":"https:\/\/www.multimedium.eu\/index.php?rest_route=%2Fwp%2Fv2%2Fproduct_brand&post=92931"},{"taxonomy":"product_cat","embeddable":true,"href":"https:\/\/www.multimedium.eu\/index.php?rest_route=%2Fwp%2Fv2%2Fproduct_cat&post=92931"},{"taxonomy":"product_tag","embeddable":true,"href":"https:\/\/www.multimedium.eu\/index.php?rest_route=%2Fwp%2Fv2%2Fproduct_tag&post=92931"}],"curies":[{"name":"wp","href":"https:\/\/api.w.org\/{rel}","templated":true}]}}

<h6>Edler Nerzmantel Damen Braun Gr. M (40) Mink Fur Coat Top Zustand – Villenhaus</h6>
<p><strong>Eleganter Damen-Nerzmantel in zeitlosem Dunkelbraun</strong></p>
<p data-path-to-node="10">Es handelt sich hier um einen exklusiven, hochwertigen Nerzpelzmantel aus einem gepflegten Villen-Haushalt.<br />
Der Mantel besticht durch seine elegante Form und die tiefbraune, glänzende Farbe des Fells.</p>
<p data-path-to-node="12,0,0">Wenig getragen, in einem sehr guten und gepflegten Erhaltungszustand. Das Fell ist weich und glänzend.</p>
<p data-path-to-node="12,1,0">Der Mantel ist absolut geruchsneutral und stammt aus einem Nichtraucherhaushalt.</p>
<p data-path-to-node="12,2,0">Ausgestattet mit zwei praktischen Seitentaschen und drei klassischen Pelz-Verschlusshaken.</p>
<p data-path-to-node="12,3,0">Innenfutter sauber und gepflegt. Ein winziges Loch im Futter ist vorhanden (siehe Detailfoto), was die<br />
Funktion oder Optik von außen jedoch in keiner Weise beeinträchtigt.</p>
<p data-path-to-node="13">Größenangaben:</p>
<p data-path-to-node="14,0,0">Größe: Geschätzt M bzw. 40 (kein Etikett im Inneren vorhanden).</p>
<p data-path-to-node="14,1,0">Maße: Die genaue Länge des Mantels entnehmen Sie bitte den Maßband-Fotos in der Galerie.</p>
<p data-path-to-node="16,0">
