{"id":93055,"date":"2026-05-14T14:04:03","date_gmt":"2026-05-14T12:04:03","guid":{"rendered":"https:\/\/www.multimedium.eu\/?post_type=product&#038;p=93055"},"modified":"2026-05-14T14:15:17","modified_gmt":"2026-05-14T12:15:17","slug":"seltene-silber-jubilaeumsbrosche-fuerstenhaus-thurn-und-taxis-silberhochzeit-1915","status":"publish","type":"product","link":"https:\/\/www.multimedium.eu\/?product=seltene-silber-jubilaeumsbrosche-fuerstenhaus-thurn-und-taxis-silberhochzeit-1915","title":{"rendered":"Seltene Silber Jubil\u00e4umsbrosche F\u00fcrstenhaus Thurn und Taxis Silberhochzeit 1915"},"content":{"rendered":"<h6>Rare Silver Anniversary Brooch \u2013 House of Thurn und Taxis \u2013 Silver Wedding Anniversary, 1915<\/h6>\n<p>This extraordinary brooch is a significant historical memento from the House of Thurn and Taxis.<br \/>\nThe engraving on the ribbon documents the 25th wedding anniversary (Silver Wedding)<br \/>\nof Prince Albert of Thurn and Taxis and Archduchess Margarethe Klementine of Austria.<\/p>\n<p>Wedding Date: July 15, 1890.<\/p>\n<p>Anniversary Date: July 15, 1915.<\/p>\n<p>Initials: The intertwined monogram &#8222;MA&#8220; stands for Margarethe and Albert.<\/p>\n<p>The brooch is rich in heraldic symbols that underscore the couple&#8217;s high rank:<\/p>\n<p>Surmounting the monogram is the intricately crafted crown of the Princely House.<\/p>\n<p>A particular highlight is the Maltese Cross, which is enthroned above the crown.<br \/>\nThis signifies Prince Albert&#8217;s position as Honorary Bailiff of the Sovereign Order of Malta.<\/p>\n<p>The naturalistic sprig combines myrtle (a symbol of marital fidelity) and laurel<br \/>\n(a symbol of honor and constancy).<\/p>\n<p>Material: .800 Silver (stamped &#8222;800&#8220; on the reverse).<\/p>\n<p>Craftsmanship: High-quality jewelry Art Nouveau work, circa 1915.<\/p>\n<p>Condition: Original condition commensurate with age, displaying a beautiful patina;<br \/>\nthe pin mechanism on the reverse is fully functional.<\/p>\n<p>Dimensions:<br \/>\nBrooch Length: 8.15 cm<br \/>\nBrooch Height: 2.4 cm<\/p>\n<p>This brooch is not merely an exquisite piece of jewelry, but a historical document of<br \/>\nthe noble history of Regensburg. It represents a rare opportunity\u2014particularly for<br \/>\ncollectors of aristocratic historical artifacts, memorabilia of the House of Thurn and<br \/>\nTaxis, or aficionados of antique commemorative jewelry.<\/p>\n","protected":false},"excerpt":{"rendered":"<h6 class=\"x-item-title__mainTitle\"><span class=\"ux-textspans ux-textspans--BOLD\">Seltene Silber Jubil\u00e4umsbrosc<wbr \/>he F\u00fcrstenhaus Thurn und Taxis Silberhochzeit 1915<\/span><\/h6>\n<p data-path-to-node=\"4\">Bei dieser au\u00dfergew\u00f6hnlichen Brosche handelt es sich um ein bedeutendes historisches Erinnerungsst\u00fcck aus dem Hause <b data-path-to-node=\"4\" data-index-in-node=\"116\">Thurn und Taxis<\/b>. Die Gravur auf der Schleife dokumentiert das 25-j\u00e4hrige Ehejubil\u00e4um (Silberhochzeit) von <b data-path-to-node=\"4\" data-index-in-node=\"222\">F\u00fcrst Albert von Thurn und Taxis<\/b> und <b data-path-to-node=\"4\" data-index-in-node=\"259\">Erzherzogin Margarethe Klementine von \u00d6sterreich<\/b>.<\/p>\n<p data-path-to-node=\"5,0,0\"><span data-path-to-node=\"5,0,0\" data-index-in-node=\"0\">Hochzeitsdatum<\/span>: 15. Juli 1890.<br \/>\n<span data-path-to-node=\"5,1,0\" data-index-in-node=\"0\">Jubil\u00e4umsdatum<\/span>: 15. Juli 1915.<br \/>\n<span data-path-to-node=\"5,2,0\" data-index-in-node=\"0\">Initialen<\/span>: Das verschlungene Monogramm <b data-path-to-node=\"5,2,0\" data-index-in-node=\"39\">&#8222;MA&#8220;<\/b> steht f\u00fcr Margarethe und Albert.<br \/>\nDie Brosche ist reich an heraldischen Symbolen, die den hohen Rang des Paares unterstreichen:<br \/>\n\u00dcber dem Monogramm befindet sich die detailliert ausgearbeitete Krone des F\u00fcrstenhauses.<\/p>\n<p data-path-to-node=\"8,1,0\">Ein besonderes Highlight ist das \u00fcber der Krone thronende Malteserkreuz. Dieses weist auf die Position von F\u00fcrst Albert als <b data-path-to-node=\"8,1,0\" data-index-in-node=\"139\">Ehren-Bailli des Souver\u00e4nen Malteserordens<\/b> hin.<\/p>\n<p data-path-to-node=\"8,2,0\">Der naturalistische Zweig kombiniert <b data-path-to-node=\"8,2,0\" data-index-in-node=\"53\">Myrte<\/b> (Symbol f\u00fcr eheliche Treue) und <b data-path-to-node=\"8,2,0\" data-index-in-node=\"91\">Lorbeer<\/b> (Symbol f\u00fcr Ehre und Best\u00e4ndigkeit).<\/p>\n<p data-path-to-node=\"10,0,0\"><span data-path-to-node=\"10,0,0\" data-index-in-node=\"0\">Material<\/span>: 800er Silber (gestempelt mit &#8222;800&#8220; auf der R\u00fcckseite).<br \/>\n<span data-path-to-node=\"10,1,0\" data-index-in-node=\"0\">Fertigung<\/span>: Hochwertige Juwelierarbeit des Jugendstil um 1915.<br \/>\n<span data-path-to-node=\"10,2,0\" data-index-in-node=\"0\">Zustand<\/span>: Originaler, altersgem\u00e4\u00dfer Zustand mit sch\u00f6ner Patina;<br \/>\ndie Nadelmontierung auf der R\u00fcckseite ist voll funktionsf\u00e4hig.<\/p>\n<p data-path-to-node=\"10,3,0\"><span data-path-to-node=\"10,3,0\" data-index-in-node=\"0\">Ma\u00dfe<\/span>:<br \/>\n<span style=\"font-size: large;\">L\u00e4nge der Brosche: 8,15 cm<br \/>\nH\u00f6he der Brosche: 2,4 cm<\/span><\/p>\n<p data-path-to-node=\"12\">Diese Brosche ist nicht nur ein exquisites Schmuckst\u00fcck, sondern ein zeithistorisches Dokument der Regensburger Adelsgeschichte. Besonders f\u00fcr Sammler von <b data-path-to-node=\"12\" data-index-in-node=\"155\">Adelshistorica<\/b>, Memorabilien des Hauses <b data-path-to-node=\"12\" data-index-in-node=\"195\">Thurn und Taxis<\/b> oder Liebhaber von antikem <b data-path-to-node=\"12\" data-index-in-node=\"238\">Erinnerungsschmuck<\/b> stellt dieses St\u00fcck eine seltene Gelegenheit dar.<\/p>\n<p>&nbsp;<\/p>\n","protected":false},"featured_media":93053,"template":"","meta":{"site-sidebar-layout":"default","site-content-layout":"default","ast-site-content-layout":"default","site-content-style":"default","site-sidebar-style":"default","ast-global-header-display":"","ast-banner-title-visibility":"","ast-main-header-display":"","ast-hfb-above-header-display":"","ast-hfb-below-header-display":"","ast-hfb-mobile-header-display":"","site-post-title":"","ast-breadcrumbs-content":"","ast-featured-img":"","footer-sml-layout":"","theme-transparent-header-meta":"default","adv-header-id-meta":"","stick-header-meta":"","header-above-stick-meta":"","header-main-stick-meta":"","header-below-stick-meta":"","astra-migrate-meta-layouts":"set","ast-page-background-enabled":"default","ast-page-background-meta":{"desktop":{"background-color":"","background-image":"","background-repeat":"repeat","background-position":"center center","background-size":"auto","background-attachment":"scroll","background-type":"","background-media":"","overlay-type":"","overlay-color":"","overlay-opacity":"","overlay-gradient":""},"tablet":{"background-color":"","background-image":"","background-repeat":"repeat","background-position":"center center","background-size":"auto","background-attachment":"scroll","background-type":"","background-media":"","overlay-type":"","overlay-color":"","overlay-opacity":"","overlay-gradient":""},"mobile":{"background-color":"","background-image":"","background-repeat":"repeat","background-position":"center center","background-size":"auto","background-attachment":"scroll","background-type":"","background-media":"","overlay-type":"","overlay-color":"","overlay-opacity":"","overlay-gradient":""}},"ast-content-background-meta":{"desktop":{"background-color":"var(--ast-global-color-5)","background-image":"","background-repeat":"repeat","background-position":"center center","background-size":"auto","background-attachment":"scroll","background-type":"","background-media":"","overlay-type":"","overlay-color":"","overlay-opacity":"","overlay-gradient":""},"tablet":{"background-color":"var(--ast-global-color-5)","background-image":"","background-repeat":"repeat","background-position":"center center","background-size":"auto","background-attachment":"scroll","background-type":"","background-media":"","overlay-type":"","overlay-color":"","overlay-opacity":"","overlay-gradient":""},"mobile":{"background-color":"var(--ast-global-color-5)","background-image":"","background-repeat":"repeat","background-position":"center center","background-size":"auto","background-attachment":"scroll","background-type":"","background-media":"","overlay-type":"","overlay-color":"","overlay-opacity":"","overlay-gradient":""}}},"product_brand":[],"product_cat":[3580,3559,3572,5078,4322,4325],"product_tag":[9182,9353,3700,5335,5338,4223,4914,3636,3649,9352,5336,3698,4143,3641,9351,3342,9350,5337],"class_list":{"0":"post-93055","1":"product","2":"type-product","3":"status-publish","4":"has-post-thumbnail","6":"product_cat-broschen","7":"product_cat-jugendstil","8":"product_cat-juwelen","9":"product_cat-metall-2","10":"product_cat-periode","11":"product_cat-silber","12":"product_tag-9182","13":"product_tag-9353","14":"product_tag-art-nouveau","15":"product_tag-auszeichnung","16":"product_tag-baender","17":"product_tag-blaetter","18":"product_tag-blueten","19":"product_tag-brosche","20":"product_tag-collier","21":"product_tag-fuerstenhaus","22":"product_tag-gedenk","23":"product_tag-jugendstil","24":"product_tag-schleife","25":"product_tag-silber","26":"product_tag-silberhochzeit","27":"product_tag-silver","28":"product_tag-thurn-und-taxis","29":"product_tag-zweig","30":"desktop-align-left","31":"tablet-align-left","32":"mobile-align-left","34":"first","35":"instock","36":"sold-individually","37":"shipping-taxable","38":"purchasable","39":"product-type-simple"},"_links":{"self":[{"href":"https:\/\/www.multimedium.eu\/index.php?rest_route=\/wp\/v2\/product\/93055","targetHints":{"allow":["GET"]}}],"collection":[{"href":"https:\/\/www.multimedium.eu\/index.php?rest_route=\/wp\/v2\/product"}],"about":[{"href":"https:\/\/www.multimedium.eu\/index.php?rest_route=\/wp\/v2\/types\/product"}],"version-history":[{"count":5,"href":"https:\/\/www.multimedium.eu\/index.php?rest_route=\/wp\/v2\/product\/93055\/revisions"}],"predecessor-version":[{"id":93060,"href":"https:\/\/www.multimedium.eu\/index.php?rest_route=\/wp\/v2\/product\/93055\/revisions\/93060"}],"wp:featuredmedia":[{"embeddable":true,"href":"https:\/\/www.multimedium.eu\/index.php?rest_route=\/wp\/v2\/media\/93053"}],"wp:attachment":[{"href":"https:\/\/www.multimedium.eu\/index.php?rest_route=%2Fwp%2Fv2%2Fmedia&parent=93055"}],"wp:term":[{"taxonomy":"product_brand","embeddable":true,"href":"https:\/\/www.multimedium.eu\/index.php?rest_route=%2Fwp%2Fv2%2Fproduct_brand&post=93055"},{"taxonomy":"product_cat","embeddable":true,"href":"https:\/\/www.multimedium.eu\/index.php?rest_route=%2Fwp%2Fv2%2Fproduct_cat&post=93055"},{"taxonomy":"product_tag","embeddable":true,"href":"https:\/\/www.multimedium.eu\/index.php?rest_route=%2Fwp%2Fv2%2Fproduct_tag&post=93055"}],"curies":[{"name":"wp","href":"https:\/\/api.w.org\/{rel}","templated":true}]}}